{"id":5547,"date":"2025-03-07T12:43:11","date_gmt":"2025-03-07T11:43:11","guid":{"rendered":"https:\/\/www.rochefortpacifique.org\/edition2025\/?page_id=5547"},"modified":"2025-03-28T13:43:00","modified_gmt":"2025-03-28T12:43:00","slug":"infos-pratiques-festival-rochefort-pacifique","status":"publish","type":"page","link":"https:\/\/www.rochefortpacifique.org\/edition2025\/infos-pratiques-festival-rochefort-pacifique\/","title":{"rendered":"Infos pratiques &#8211; Festival Rochefort Pacifique"},"content":{"rendered":"\n<header class=\"wp-block-uagb-container uagb-block-8347f88f alignfull uagb-is-root-container\"><div class=\"uagb-container-inner-blocks-wrap\">\n<div class=\"wp-block-uagb-container uagb-block-c9fe4809 alignfull uagb-is-root-container\"><div class=\"uagb-container-inner-blocks-wrap\">\n<p class=\"estilo_title has-text-color has-link-color wp-elements-e016eb6e4e148f681eabebbea6e855ad\" style=\"color:#193452;font-size:32px;font-style:normal;font-weight:300;text-transform:uppercase\"><strong><strong>Festival Rochefort Pacifique<\/strong><\/strong><\/p>\n\n\n\n<div data-aos= \"fade-up\" data-aos-duration=\"400\" data-aos-delay=\"0\" data-aos-easing=\"ease\" data-aos-once=\"true\" class=\"wp-block-uagb-advanced-heading uagb-block-b3968097 rp-h2\"><h1 class=\"uagb-heading-text\">Informations pratiques<\/h1><\/div>\n\n\n\n<p class=\"estilo_title has-white-color has-text-color has-link-color wp-elements-0ec4316a168cb45f01306907ff5a16c1\" style=\"font-size:32px;font-style:normal;font-weight:300;text-transform:uppercase\"><strong>du 10 au 12 avril 2025<\/strong><\/p>\n<\/div><\/div>\n<\/div><\/header>\n\n\n\n<div class=\"wp-block-uagb-container uagb-block-3ddc0f7f alignfull uagb-is-root-container\"><div class=\"uagb-container-inner-blocks-wrap\">\n<div style=\"height:5rem\" aria-hidden=\"true\" class=\"wp-block-spacer\"><\/div>\n\n\n\n<div class=\"wp-block-uagb-container uagb-block-0a1c86db alignfull uagb-is-root-container\"><div class=\"uagb-container-inner-blocks-wrap\">\n<h3 class=\"wp-block-heading has-text-align-center has-white-color has-text-color has-link-color wp-elements-069441c28cc42268fd5f159a89ae986a\">ENTR\u00c9E : PARTICIPATION : 5 \u20ac PAR JOURN\u00c9E<br>GRATUITE POUR LES SCOLAIRES, \u00c9TUDIANTS,<br>MEMBRES DES CENTRES SOCIAUX ET ADH\u00c9RENT.E.S<br>(ADH\u00c9SION ANNUELLE : 10 \u20ac)<\/h3>\n<\/div><\/div>\n\n\n\n<div style=\"height:5rem\" aria-hidden=\"true\" class=\"wp-block-spacer\"><\/div>\n\n\n\n<div class=\"wp-block-uagb-container uagb-block-63cf6d94 alignfull uagb-is-root-container\"><div class=\"uagb-container-inner-blocks-wrap\">\n<div class=\"wp-block-uagb-container uagb-block-813d15e1\">\n<h3 class=\"wp-block-heading has-text-align-center has-text-color has-link-color wp-elements-6d070a01437df20fdf469158bf14616a\" style=\"color:#00979c\">CIN\u00c9MA APOLLO CIN\u00c9 8<br>1 Cours Roy Bry, 17300 Rochefort.<br><br>Il est recommand\u00e9 de se pr\u00e9senter<br>30 mn avant la s\u00e9ance de chaque d\u00e9but de matin\u00e9e \/ apr\u00e8s-midi \/ soir\u00e9e<br>pour paiement et mise \u00e0 jour de votre adh\u00e9sion.<\/h3>\n\n\n\n<h3 class=\"wp-block-heading has-text-align-center has-text-color has-link-color wp-elements-d8a2cf8dafae4084b09c62424816cf68\" style=\"color:#00979c\">L\u2019ESPACE LIBRAIRIE<br>Espace de vente de livres et de d\u00e9dicaces au Cin\u00e9ma Apollo Cin\u00e9 8.<br><br>DANS LA LIMITE DES PLACES DISPONIBLES<br>POUR CHAQUE S\u00c9ANCE ET ATELIER<\/h3>\n<\/div>\n<\/div><\/div>\n\n\n\n<div style=\"height:5rem\" aria-hidden=\"true\" class=\"wp-block-spacer\"><\/div>\n\n\n\n<div class=\"wp-block-uagb-image uagb-block-262c4b00 wp-block-uagb-image--layout-default wp-block-uagb-image--effect-static wp-block-uagb-image--align-none\"><figure class=\"wp-block-uagb-image__figure\"><img decoding=\"async\" srcset=\"https:\/\/www.rochefortpacifique.org\/edition2025\/wp-content\/uploads\/sites\/3\/2025\/03\/rochefort_pacifique_map_2025.jpg ,https:\/\/www.rochefortpacifique.org\/edition2025\/wp-content\/uploads\/sites\/3\/2025\/03\/rochefort_pacifique_map_2025.jpg 780w, https:\/\/www.rochefortpacifique.org\/edition2025\/wp-content\/uploads\/sites\/3\/2025\/03\/rochefort_pacifique_map_2025.jpg 360w\" sizes=\"auto, (max-width: 480px) 150px\" src=\"https:\/\/www.rochefortpacifique.org\/edition2025\/wp-content\/uploads\/sites\/3\/2025\/03\/rochefort_pacifique_map_2025.jpg\" alt=\"\" class=\"uag-image-6176\" width=\"1920\" height=\"2127\" title=\"rochefort_pacifique_map_2025\" loading=\"lazy\" role=\"img\"\/><\/figure><\/div>\n\n\n\n<div style=\"height:5rem\" aria-hidden=\"true\" class=\"wp-block-spacer\"><\/div>\n\n\n\n<div class=\"wp-block-uagb-container uagb-block-047a2266 alignfull uagb-is-root-container\"><div class=\"uagb-container-inner-blocks-wrap\">\n<h3 class=\"wp-block-heading has-text-align-center has-text-color has-link-color wp-elements-bd2100d22a908dc5bf1ef3f6d3cdcffc\" style=\"color:#00979c\">INFORMATIONS &amp; CONTACTS<br>t\u00e9l : 06 85 07 85 78<br>rochefortpacifique@gmail.com<br>Retrouvez le programme d\u00e9taill\u00e9 sur :<br>www.rochefortpacifique.org\/edition2025<\/h3>\n\n\n\n<div class=\"wp-block-uagb-container uagb-layout-flex uagb-block-be44c613\">      \n\t\t\t<div class=\"uagb-icon-wrapper uagb-block-d0691b6c      \"\n\t\t\tstyle=\"\" >\n\t\t\t\t\t\t\t\t\t<span class=\"uagb-svg-wrapper\" \n\t\t\t\t\t aria-label=\"facebook-square\"\t\t\t\t\ttabindex=\"0\">\t\t\n\t\t\t\t\t\t\t\t\t\t<svg xmlns=\"https:\/\/www.w3.org\/2000\/svg\" viewBox= \"0 0 448 512\" role=\"graphics-symbol\" aria-hidden=\"false\" aria-label=\"\"><path d=\"M400 32H48A48 48 0 0 0 0 80v352a48 48 0 0 0 48 48h137.3V327.7h-63V256h63v-54.64c0-62.15 37-96.48 93.67-96.48 27.14 0 55.52 4.84 55.52 4.84v61h-31.27c-30.81 0-40.42 19.12-40.42 38.73V256h68.78l-11 71.69h-57.78V480H400a48 48 0 0 0 48-48V80a48 48 0 0 0 -48-48z\"><\/path><\/svg>\n\t\t\t\t\t\t\t\t\t<\/span>\n\t\t\t\t\t\t\t<\/div>\n\t\t\t\n\n      \n\t\t\t<div class=\"uagb-icon-wrapper uagb-block-699d08de      \"\n\t\t\tstyle=\"\" >\n\t\t\t\t\t\t\t\t\t<span class=\"uagb-svg-wrapper\" \n\t\t\t\t\t aria-label=\"instagram\"\t\t\t\t\ttabindex=\"0\">\t\t\n\t\t\t\t\t\t\t\t\t\t<svg xmlns=\"https:\/\/www.w3.org\/2000\/svg\" viewBox= \"0 0 448 512\" role=\"graphics-symbol\" aria-hidden=\"false\" aria-label=\"\"><path d=\"M224.1 141c-63.6 0-114.9 51.3-114.9 114.9s51.3 114.9 114.9 114.9S339 319.5 339 255.9 287.7 141 224.1 141zm0 189.6c-41.1 0-74.7-33.5-74.7-74.7s33.5-74.7 74.7-74.7 74.7 33.5 74.7 74.7-33.6 74.7-74.7 74.7zm146.4-194.3c0 14.9-12 26.8-26.8 26.8-14.9 0-26.8-12-26.8-26.8s12-26.8 26.8-26.8 26.8 12 26.8 26.8zm76.1 27.2c-1.7-35.9-9.9-67.7-36.2-93.9-26.2-26.2-58-34.4-93.9-36.2-37-2.1-147.9-2.1-184.9 0-35.8 1.7-67.6 9.9-93.9 36.1s-34.4 58-36.2 93.9c-2.1 37-2.1 147.9 0 184.9 1.7 35.9 9.9 67.7 36.2 93.9s58 34.4 93.9 36.2c37 2.1 147.9 2.1 184.9 0 35.9-1.7 67.7-9.9 93.9-36.2 26.2-26.2 34.4-58 36.2-93.9 2.1-37 2.1-147.8 0-184.8zM398.8 388c-7.8 19.6-22.9 34.7-42.6 42.6-29.5 11.7-99.5 9-132.1 9s-102.7 2.6-132.1-9c-19.6-7.8-34.7-22.9-42.6-42.6-11.7-29.5-9-99.5-9-132.1s-2.6-102.7 9-132.1c7.8-19.6 22.9-34.7 42.6-42.6 29.5-11.7 99.5-9 132.1-9s102.7-2.6 132.1 9c19.6 7.8 34.7 22.9 42.6 42.6 11.7 29.5 9 99.5 9 132.1s2.7 102.7-9 132.1z\"><\/path><\/svg>\n\t\t\t\t\t\t\t\t\t<\/span>\n\t\t\t\t\t\t\t<\/div>\n\t\t\t\n\n\n<h3 class=\"wp-block-heading has-text-align-center has-text-color has-link-color wp-elements-997c554beea242a02d77c8118ea98f62\" style=\"color:#00979c\">@rochefortpacifique<\/h3>\n<\/div>\n<\/div><\/div>\n<\/div><\/div>\n","protected":false},"excerpt":{"rendered":"<p>Festival Rochefort Pacifique Informations pratiques du 10 au 12 avril 2025 ENTR\u00c9E : PARTICIPATION : 5 \u20ac PAR JOURN\u00c9EGRATUITE POUR LES SCOLAIRES, \u00c9TUDIANTS,MEMBRES DES CENTRES SOCIAUX ET ADH\u00c9RENT.E.S(ADH\u00c9SION ANNUELLE : 10 \u20ac) CIN\u00c9MA APOLLO CIN\u00c9 81 Cours Roy Bry, 17300 Rochefort. Il est recommand\u00e9 de se pr\u00e9senter30 mn avant la s\u00e9ance de chaque d\u00e9but de [&hellip;]<\/p>\n","protected":false},"author":12,"featured_media":6438,"parent":0,"menu_order":5,"comment_status":"closed","ping_status":"closed","template":"page-full.php","meta":{"_acf_changed":false,"inline_featured_image":false,"_uag_custom_page_level_css":"","footnotes":""},"class_list":["post-5547","page","type-page","status-publish","has-post-thumbnail","hentry"],"acf":[],"uagb_featured_image_src":{"full":["https:\/\/www.rochefortpacifique.org\/edition2025\/wp-content\/uploads\/sites\/3\/2025\/03\/festival-rochefort-pacifique_du-10au12avril2025_visuel_programmation2025.jpg",1920,1080,false],"thumbnail":["https:\/\/www.rochefortpacifique.org\/edition2025\/wp-content\/uploads\/sites\/3\/2025\/03\/festival-rochefort-pacifique_du-10au12avril2025_visuel_programmation2025-150x150.jpg",150,150,true],"medium":["https:\/\/www.rochefortpacifique.org\/edition2025\/wp-content\/uploads\/sites\/3\/2025\/03\/festival-rochefort-pacifique_du-10au12avril2025_visuel_programmation2025-300x169.jpg",300,169,true],"medium_large":["https:\/\/www.rochefortpacifique.org\/edition2025\/wp-content\/uploads\/sites\/3\/2025\/03\/festival-rochefort-pacifique_du-10au12avril2025_visuel_programmation2025-768x432.jpg",768,432,true],"large":["https:\/\/www.rochefortpacifique.org\/edition2025\/wp-content\/uploads\/sites\/3\/2025\/03\/festival-rochefort-pacifique_du-10au12avril2025_visuel_programmation2025-1024x576.jpg",800,450,true],"1536x1536":["https:\/\/www.rochefortpacifique.org\/edition2025\/wp-content\/uploads\/sites\/3\/2025\/03\/festival-rochefort-pacifique_du-10au12avril2025_visuel_programmation2025-1536x864.jpg",1536,864,true],"2048x2048":["https:\/\/www.rochefortpacifique.org\/edition2025\/wp-content\/uploads\/sites\/3\/2025\/03\/festival-rochefort-pacifique_du-10au12avril2025_visuel_programmation2025.jpg",1920,1080,false]},"uagb_author_info":{"display_name":"Julien Taureau","author_link":"https:\/\/www.rochefortpacifique.org\/edition2025\/author\/julient\/"},"uagb_comment_info":0,"uagb_excerpt":"Festival Rochefort Pacifique Informations pratiques du 10 au 12 avril 2025 ENTR\u00c9E : PARTICIPATION : 5 \u20ac PAR JOURN\u00c9EGRATUITE POUR LES SCOLAIRES, \u00c9TUDIANTS,MEMBRES DES CENTRES SOCIAUX ET ADH\u00c9RENT.E.S(ADH\u00c9SION ANNUELLE : 10 \u20ac) CIN\u00c9MA APOLLO CIN\u00c9 81 Cours Roy Bry, 17300 Rochefort. Il est recommand\u00e9 de se pr\u00e9senter30 mn avant la s\u00e9ance de chaque d\u00e9but de\u2026","_links":{"self":[{"href":"https:\/\/www.rochefortpacifique.org\/edition2025\/wp-json\/wp\/v2\/pages\/5547","targetHints":{"allow":["GET"]}}],"collection":[{"href":"https:\/\/www.rochefortpacifique.org\/edition2025\/wp-json\/wp\/v2\/pages"}],"about":[{"href":"https:\/\/www.rochefortpacifique.org\/edition2025\/wp-json\/wp\/v2\/types\/page"}],"author":[{"embeddable":true,"href":"https:\/\/www.rochefortpacifique.org\/edition2025\/wp-json\/wp\/v2\/users\/12"}],"replies":[{"embeddable":true,"href":"https:\/\/www.rochefortpacifique.org\/edition2025\/wp-json\/wp\/v2\/comments?post=5547"}],"version-history":[{"count":11,"href":"https:\/\/www.rochefortpacifique.org\/edition2025\/wp-json\/wp\/v2\/pages\/5547\/revisions"}],"predecessor-version":[{"id":6461,"href":"https:\/\/www.rochefortpacifique.org\/edition2025\/wp-json\/wp\/v2\/pages\/5547\/revisions\/6461"}],"wp:featuredmedia":[{"embeddable":true,"href":"https:\/\/www.rochefortpacifique.org\/edition2025\/wp-json\/wp\/v2\/media\/6438"}],"wp:attachment":[{"href":"https:\/\/www.rochefortpacifique.org\/edition2025\/wp-json\/wp\/v2\/media?parent=5547"}],"curies":[{"name":"wp","href":"https:\/\/api.w.org\/{rel}","templated":true}]}}

<header class="wp-block-uagb-container uagb-block-8347f88f alignfull uagb-is-root-container"><div class="uagb-container-inner-blocks-wrap">
<div class="wp-block-uagb-container uagb-block-c9fe4809 alignfull uagb-is-root-container"><div class="uagb-container-inner-blocks-wrap">
<p class="estilo_title has-text-color has-link-color wp-elements-e016eb6e4e148f681eabebbea6e855ad" style="color:#193452;font-size:32px;font-style:normal;font-weight:300;text-transform:uppercase"><strong><strong>Festival Rochefort Pacifique</strong></strong></p>



<div data-aos= "fade-up" data-aos-duration="400" data-aos-delay="0" data-aos-easing="ease" data-aos-once="true" class="wp-block-uagb-advanced-heading uagb-block-b3968097 rp-h2"><h1 class="uagb-heading-text">Informations pratiques</h1></div>



<p class="estilo_title has-white-color has-text-color has-link-color wp-elements-0ec4316a168cb45f01306907ff5a16c1" style="font-size:32px;font-style:normal;font-weight:300;text-transform:uppercase"><strong>du 10 au 12 avril 2025</strong></p>
</div></div>
</div></header>



<div class="wp-block-uagb-container uagb-block-3ddc0f7f alignfull uagb-is-root-container"><div class="uagb-container-inner-blocks-wrap">
<div style="height:5rem" aria-hidden="true" class="wp-block-spacer"></div>



<div class="wp-block-uagb-container uagb-block-0a1c86db alignfull uagb-is-root-container"><div class="uagb-container-inner-blocks-wrap">
<h3 class="wp-block-heading has-text-align-center has-white-color has-text-color has-link-color wp-elements-069441c28cc42268fd5f159a89ae986a">ENTRÉE : PARTICIPATION : 5 € PAR JOURNÉE<br>GRATUITE POUR LES SCOLAIRES, ÉTUDIANTS,<br>MEMBRES DES CENTRES SOCIAUX ET ADHÉRENT.E.S<br>(ADHÉSION ANNUELLE : 10 €)</h3>
</div></div>



<div style="height:5rem" aria-hidden="true" class="wp-block-spacer"></div>



<div class="wp-block-uagb-container uagb-block-63cf6d94 alignfull uagb-is-root-container"><div class="uagb-container-inner-blocks-wrap">
<div class="wp-block-uagb-container uagb-block-813d15e1">
<h3 class="wp-block-heading has-text-align-center has-text-color has-link-color wp-elements-6d070a01437df20fdf469158bf14616a" style="color:#00979c">CINÉMA APOLLO CINÉ 8<br>1 Cours Roy Bry, 17300 Rochefort.<br><br>Il est recommandé de se présenter<br>30 mn avant la séance de chaque début de matinée / après-midi / soirée<br>pour paiement et mise à jour de votre adhésion.</h3>



<h3 class="wp-block-heading has-text-align-center has-text-color has-link-color wp-elements-d8a2cf8dafae4084b09c62424816cf68" style="color:#00979c">L’ESPACE LIBRAIRIE<br>Espace de vente de livres et de dédicaces au Cinéma Apollo Ciné 8.<br><br>DANS LA LIMITE DES PLACES DISPONIBLES<br>POUR CHAQUE SÉANCE ET ATELIER</h3>
</div>
</div></div>



<div style="height:5rem" aria-hidden="true" class="wp-block-spacer"></div>



<div class="wp-block-uagb-image uagb-block-262c4b00 wp-block-uagb-image--layout-default wp-block-uagb-image--effect-static wp-block-uagb-image--align-none"><figure class="wp-block-uagb-image__figure"><img decoding="async" srcset="https://www.rochefortpacifique.org/edition2025/wp-content/uploads/sites/3/2025/03/rochefort_pacifique_map_2025.jpg ,https://www.rochefortpacifique.org/edition2025/wp-content/uploads/sites/3/2025/03/rochefort_pacifique_map_2025.jpg 780w, https://www.rochefortpacifique.org/edition2025/wp-content/uploads/sites/3/2025/03/rochefort_pacifique_map_2025.jpg 360w" sizes="auto, (max-width: 480px) 150px" src="https://www.rochefortpacifique.org/edition2025/wp-content/uploads/sites/3/2025/03/rochefort_pacifique_map_2025.jpg" alt="" class="uag-image-6176" width="1920" height="2127" title="rochefort_pacifique_map_2025" loading="lazy" role="img"/></figure></div>



<div style="height:5rem" aria-hidden="true" class="wp-block-spacer"></div>



<div class="wp-block-uagb-container uagb-block-047a2266 alignfull uagb-is-root-container"><div class="uagb-container-inner-blocks-wrap">
<h3 class="wp-block-heading has-text-align-center has-text-color has-link-color wp-elements-bd2100d22a908dc5bf1ef3f6d3cdcffc" style="color:#00979c">INFORMATIONS &amp; CONTACTS<br>tél : 06 85 07 85 78<br>rochefortpacifique@gmail.com<br>Retrouvez le programme détaillé sur :<br>www.rochefortpacifique.org/edition2025</h3>



<div class="wp-block-uagb-container uagb-layout-flex uagb-block-be44c613">      
			<div class="uagb-icon-wrapper uagb-block-d0691b6c      "
			style="" >
									<span class="uagb-svg-wrapper" 
					 aria-label="facebook-square"					tabindex="0">		
										<svg xmlns="https://www.w3.org/2000/svg" viewBox= "0 0 448 512" role="graphics-symbol" aria-hidden="false" aria-label=""><path d="M400 32H48A48 48 0 0 0 0 80v352a48 48 0 0 0 48 48h137.3V327.7h-63V256h63v-54.64c0-62.15 37-96.48 93.67-96.48 27.14 0 55.52 4.84 55.52 4.84v61h-31.27c-30.81 0-40.42 19.12-40.42 38.73V256h68.78l-11 71.69h-57.78V480H400a48 48 0 0 0 48-48V80a48 48 0 0 0 -48-48z"></path></svg>
									</span>
							</div>
			

      
			<div class="uagb-icon-wrapper uagb-block-699d08de      "
			style="" >
									<span class="uagb-svg-wrapper" 
					 aria-label="instagram"					tabindex="0">		
										<svg xmlns="https://www.w3.org/2000/svg" viewBox= "0 0 448 512" role="graphics-symbol" aria-hidden="false" aria-label=""><path d="M224.1 141c-63.6 0-114.9 51.3-114.9 114.9s51.3 114.9 114.9 114.9S339 319.5 339 255.9 287.7 141 224.1 141zm0 189.6c-41.1 0-74.7-33.5-74.7-74.7s33.5-74.7 74.7-74.7 74.7 33.5 74.7 74.7-33.6 74.7-74.7 74.7zm146.4-194.3c0 14.9-12 26.8-26.8 26.8-14.9 0-26.8-12-26.8-26.8s12-26.8 26.8-26.8 26.8 12 26.8 26.8zm76.1 27.2c-1.7-35.9-9.9-67.7-36.2-93.9-26.2-26.2-58-34.4-93.9-36.2-37-2.1-147.9-2.1-184.9 0-35.8 1.7-67.6 9.9-93.9 36.1s-34.4 58-36.2 93.9c-2.1 37-2.1 147.9 0 184.9 1.7 35.9 9.9 67.7 36.2 93.9s58 34.4 93.9 36.2c37 2.1 147.9 2.1 184.9 0 35.9-1.7 67.7-9.9 93.9-36.2 26.2-26.2 34.4-58 36.2-93.9 2.1-37 2.1-147.8 0-184.8zM398.8 388c-7.8 19.6-22.9 34.7-42.6 42.6-29.5 11.7-99.5 9-132.1 9s-102.7 2.6-132.1-9c-19.6-7.8-34.7-22.9-42.6-42.6-11.7-29.5-9-99.5-9-132.1s-2.6-102.7 9-132.1c7.8-19.6 22.9-34.7 42.6-42.6 29.5-11.7 99.5-9 132.1-9s102.7-2.6 132.1 9c19.6 7.8 34.7 22.9 42.6 42.6 11.7 29.5 9 99.5 9 132.1s2.7 102.7-9 132.1z"></path></svg>
									</span>
							</div>
			


<h3 class="wp-block-heading has-text-align-center has-text-color has-link-color wp-elements-997c554beea242a02d77c8118ea98f62" style="color:#00979c">@rochefortpacifique</h3>
</div>
</div></div>
</div></div>

<p>Festival Rochefort Pacifique Informations pratiques du 10 au 12 avril 2025 ENTRÉE : PARTICIPATION : 5 € PAR JOURNÉEGRATUITE POUR LES SCOLAIRES, ÉTUDIANTS,MEMBRES DES CENTRES SOCIAUX ET ADHÉRENT.E.S(ADHÉSION ANNUELLE : 10 €) CINÉMA APOLLO CINÉ 81 Cours Roy Bry, 17300 Rochefort. Il est recommandé de se présenter30 mn avant la séance de chaque début de [&hellip;]</p>

Festival Rochefort Pacifique Informations pratiques du 10 au 12 avril 2025 ENTRÉE : PARTICIPATION : 5 € PAR JOURNÉEGRATUITE POUR LES SCOLAIRES, ÉTUDIANTS,MEMBRES DES CENTRES SOCIAUX ET ADHÉRENT.E.S(ADHÉSION ANNUELLE : 10 €) CINÉMA APOLLO CINÉ 81 Cours Roy Bry, 17300 Rochefort. Il est recommandé de se présenter30 mn avant la séance de chaque début de…
