{"id":6704,"date":"2025-09-20T10:49:56","date_gmt":"2025-09-20T08:49:56","guid":{"rendered":"https:\/\/www.rochefortpacifique.org\/edition2025\/?post_type=festival&#038;p=6704"},"modified":"2025-09-20T10:50:53","modified_gmt":"2025-09-20T08:50:53","slug":"benoit-trepied","status":"publish","type":"festival","link":"https:\/\/www.rochefortpacifique.org\/edition2025\/festival\/benoit-trepied\/","title":{"rendered":"Beno\u00eet Tr\u00e9pied"},"content":{"rendered":"\n<p>Anthropologue, sp\u00e9cialiste du droit kanak et de la Nouvelle-Cal\u00e9donie, chercheur au CNRS &#8211; EHESS, membre du Centre de recherche et de documentation sur l&rsquo;Oc\u00e9anie.<\/p>\n\n\n\n<p>Son dernier livre : <em><strong>D\u00e9coloniser la Kanaky-Nouvelle-Cal\u00e9donie<\/strong><\/em> aux \u00e9ditions Anacharsis<\/p>\n","protected":false},"excerpt":{"rendered":"<p>Anthropologue, sp\u00e9cialiste du droit kanak et de la Nouvelle-Cal\u00e9donie, chercheur au CNRS &#8211; EHESS, membre du Centre de recherche et de documentation sur l&rsquo;Oc\u00e9anie. Son dernier livre : D\u00e9coloniser la Kanaky-Nouvelle-Cal\u00e9donie aux \u00e9ditions Anacharsis<\/p>\n","protected":false},"featured_media":6706,"parent":0,"template":"","edition":[76],"personnalite":[81,78],"evenement":[],"class_list":["post-6704","festival","type-festival","status-publish","has-post-thumbnail","hentry","edition-76","personnalite-auteur","personnalite-intervenant"],"acf":[],"uagb_featured_image_src":{"full":["https:\/\/www.rochefortpacifique.org\/edition2025\/wp-content\/uploads\/sites\/3\/2025\/09\/benoit-trepied.jpg",211,238,false],"thumbnail":["https:\/\/www.rochefortpacifique.org\/edition2025\/wp-content\/uploads\/sites\/3\/2025\/09\/benoit-trepied-150x150.jpg",150,150,true],"medium":["https:\/\/www.rochefortpacifique.org\/edition2025\/wp-content\/uploads\/sites\/3\/2025\/09\/benoit-trepied.jpg",211,238,false],"medium_large":["https:\/\/www.rochefortpacifique.org\/edition2025\/wp-content\/uploads\/sites\/3\/2025\/09\/benoit-trepied.jpg",211,238,false],"large":["https:\/\/www.rochefortpacifique.org\/edition2025\/wp-content\/uploads\/sites\/3\/2025\/09\/benoit-trepied.jpg",211,238,false],"1536x1536":["https:\/\/www.rochefortpacifique.org\/edition2025\/wp-content\/uploads\/sites\/3\/2025\/09\/benoit-trepied.jpg",211,238,false],"2048x2048":["https:\/\/www.rochefortpacifique.org\/edition2025\/wp-content\/uploads\/sites\/3\/2025\/09\/benoit-trepied.jpg",211,238,false]},"uagb_author_info":{"display_name":"Julien Taureau","author_link":"https:\/\/www.rochefortpacifique.org\/edition2025\/author\/"},"uagb_comment_info":0,"uagb_excerpt":"Anthropologue, sp\u00e9cialiste du droit kanak et de la Nouvelle-Cal\u00e9donie, chercheur au CNRS &#8211; EHESS, membre du Centre de recherche et de documentation sur l&rsquo;Oc\u00e9anie. Son dernier livre : D\u00e9coloniser la Kanaky-Nouvelle-Cal\u00e9donie aux \u00e9ditions Anacharsis","_links":{"self":[{"href":"https:\/\/www.rochefortpacifique.org\/edition2025\/wp-json\/wp\/v2\/festival\/6704","targetHints":{"allow":["GET"]}}],"collection":[{"href":"https:\/\/www.rochefortpacifique.org\/edition2025\/wp-json\/wp\/v2\/festival"}],"about":[{"href":"https:\/\/www.rochefortpacifique.org\/edition2025\/wp-json\/wp\/v2\/types\/festival"}],"version-history":[{"count":2,"href":"https:\/\/www.rochefortpacifique.org\/edition2025\/wp-json\/wp\/v2\/festival\/6704\/revisions"}],"predecessor-version":[{"id":6710,"href":"https:\/\/www.rochefortpacifique.org\/edition2025\/wp-json\/wp\/v2\/festival\/6704\/revisions\/6710"}],"wp:featuredmedia":[{"embeddable":true,"href":"https:\/\/www.rochefortpacifique.org\/edition2025\/wp-json\/wp\/v2\/media\/6706"}],"wp:attachment":[{"href":"https:\/\/www.rochefortpacifique.org\/edition2025\/wp-json\/wp\/v2\/media?parent=6704"}],"wp:term":[{"taxonomy":"edition","embeddable":true,"href":"https:\/\/www.rochefortpacifique.org\/edition2025\/wp-json\/wp\/v2\/edition?post=6704"},{"taxonomy":"personnalite","embeddable":true,"href":"https:\/\/www.rochefortpacifique.org\/edition2025\/wp-json\/wp\/v2\/personnalite?post=6704"},{"taxonomy":"evenement","embeddable":true,"href":"https:\/\/www.rochefortpacifique.org\/edition2025\/wp-json\/wp\/v2\/evenement?post=6704"}],"curies":[{"name":"wp","href":"https:\/\/api.w.org\/{rel}","templated":true}]}}

Benoît Trépied

<p>Anthropologue, spécialiste du droit kanak et de la Nouvelle-Calédonie, chercheur au CNRS &#8211; EHESS, membre du Centre de recherche et de documentation sur l&rsquo;Océanie.</p>



<p>Son dernier livre : <em><strong>Décoloniser la Kanaky-Nouvelle-Calédonie</strong></em> aux éditions Anacharsis</p>

<p>Anthropologue, spécialiste du droit kanak et de la Nouvelle-Calédonie, chercheur au CNRS &#8211; EHESS, membre du Centre de recherche et de documentation sur l&rsquo;Océanie. Son dernier livre : Décoloniser la Kanaky-Nouvelle-Calédonie aux éditions Anacharsis</p>

Anthropologue, spécialiste du droit kanak et de la Nouvelle-Calédonie, chercheur au CNRS &#8211; EHESS, membre du Centre de recherche et de documentation sur l&rsquo;Océanie. Son dernier livre : Décoloniser la Kanaky-Nouvelle-Calédonie aux éditions Anacharsis
