{"id":6692,"date":"2025-09-20T10:33:27","date_gmt":"2025-09-20T08:33:27","guid":{"rendered":"https:\/\/www.rochefortpacifique.org\/edition2025\/?post_type=festival&#038;p=6692"},"modified":"2025-09-20T10:52:14","modified_gmt":"2025-09-20T08:52:14","slug":"rencontre-avec-benoit-trepied","status":"publish","type":"festival","link":"https:\/\/www.rochefortpacifique.org\/edition2025\/festival\/rencontre-avec-benoit-trepied\/","title":{"rendered":"Rencontre avec Beno\u00eet Tr\u00e9pied autour du livre \u00ab\u00a0D\u00e9coloniser la Kanaki-Nouvelle-Cal\u00e9donie\u00a0\u00bb"},"content":{"rendered":"\n<p>Le second \u00ab\u00a0Rendez-Vous Oc\u00e9anien\u00a0\u00bb de 2025 recevra Beno\u00eet Tr\u00e9pied, anthropologue charg\u00e9 de recherche au CNRS, qui pr\u00e9sentera son livre <strong>\u00ab\u00a0D\u00e9coloniser la Kanaky-Nouvelle-Cal\u00e9donie\u00a0\u00bb<\/strong> parue en Mars 2025 \u00e0 Anacharsis \u00c9ditions,<\/p>\n\n\n\n<p>Le vendredi 3 Octobre 2025 \u00e0 18h \u00e0 la Salle de Conf\u00e9rence du CIM &#8211; Corderie Royale &#8211; Centre International de la Mer &#8211; librairie de la\u00a0Corderie Royale \u00e0 Rochefort.<\/p>\n\n\n\n<p>D\u00e9dicace de l&rsquo;ouvrage sur place.<\/p>\n\n\n\n<p>Voir : <a href=\"https:\/\/www.editions-anacharsis.com\/Decoloniser-la-Kanaky-Nouvelle-Caledonie\" target=\"_blank\" rel=\"noreferrer noopener\">https:\/\/www.editions-anacharsis.com\/Decoloniser-la-Kanaky-Nouvelle-Caledonie<\/a><\/p>\n\n\n\n<div class=\"wp-block-uagb-icon-list uagb-block-ae5ed01d\"><div class=\"uagb-icon-list__wrap\">\n<div class=\"wp-block-uagb-icon-list-child uagb-block-21364fed\"><a target=\"_blank\" aria-label=\"\u00c9v\u00e9n\u00e9ment Facebook\" rel=\"noopener noreferrer\" href=\"https:\/\/fb.me\/e\/63fCC2OSm\"> <\/a><span class=\"uagb-icon-list__source-wrap\"><svg xmlns=\"https:\/\/www.w3.org\/2000\/svg\" viewBox=\"0 0 512 512\"><path d=\"M504 256C504 119 393 8 256 8S8 119 8 256c0 123.8 90.69 226.4 209.3 245V327.7h-63V256h63v-54.64c0-62.15 37-96.48 93.67-96.48 27.14 0 55.52 4.84 55.52 4.84v61h-31.28c-30.8 0-40.41 19.12-40.41 38.73V256h68.78l-11 71.69h-57.78V501C413.3 482.4 504 379.8 504 256z\"><\/path><\/svg><\/span><span class=\"uagb-icon-list__label\">\u00c9v\u00e9n\u00e9ment Facebook<\/span><\/div>\n<\/div><\/div>\n\n\n\n<figure class=\"wp-block-image size-large\"><img loading=\"lazy\" decoding=\"async\" width=\"1024\" height=\"709\" src=\"https:\/\/www.rochefortpacifique.org\/edition2025\/wp-content\/uploads\/sites\/3\/2025\/09\/RVOceanienTrepied-1024x709.jpg\" alt=\"\" class=\"wp-image-6700\" srcset=\"https:\/\/www.rochefortpacifique.org\/edition2025\/wp-content\/uploads\/sites\/3\/2025\/09\/RVOceanienTrepied-1024x709.jpg 1024w, https:\/\/www.rochefortpacifique.org\/edition2025\/wp-content\/uploads\/sites\/3\/2025\/09\/RVOceanienTrepied-300x208.jpg 300w, https:\/\/www.rochefortpacifique.org\/edition2025\/wp-content\/uploads\/sites\/3\/2025\/09\/RVOceanienTrepied-768x532.jpg 768w, https:\/\/www.rochefortpacifique.org\/edition2025\/wp-content\/uploads\/sites\/3\/2025\/09\/RVOceanienTrepied.jpg 1440w\" sizes=\"auto, (max-width: 1024px) 100vw, 1024px\" \/><\/figure>\n","protected":false},"excerpt":{"rendered":"<p>Le second \u00ab\u00a0Rendez-Vous Oc\u00e9anien\u00a0\u00bb de 2025 recevra Beno\u00eet Tr\u00e9pied, anthropologue charg\u00e9 de recherche au CNRS, qui pr\u00e9sentera son livre \u00ab\u00a0D\u00e9coloniser la Kanaky-Nouvelle-Cal\u00e9donie\u00a0\u00bb parue en Mars 2025 \u00e0 Anacharsis \u00c9ditions, Le vendredi 3 Octobre 2025 \u00e0 18h \u00e0 la Salle de Conf\u00e9rence du CIM &#8211; Corderie Royale &#8211; Centre International de la Mer &#8211; librairie de [&hellip;]<\/p>\n","protected":false},"featured_media":6693,"parent":0,"template":"","edition":[76],"personnalite":[],"evenement":[75],"class_list":["post-6692","festival","type-festival","status-publish","has-post-thumbnail","hentry","edition-76","evenement-rendez-vous-oceanien"],"acf":[],"uagb_featured_image_src":{"full":["https:\/\/www.rochefortpacifique.org\/edition2025\/wp-content\/uploads\/sites\/3\/2025\/09\/benoit-trepied_decolonisier-la-kanaki_nouvelle-caledonie.jpg",938,1500,false],"thumbnail":["https:\/\/www.rochefortpacifique.org\/edition2025\/wp-content\/uploads\/sites\/3\/2025\/09\/benoit-trepied_decolonisier-la-kanaki_nouvelle-caledonie-150x150.jpg",150,150,true],"medium":["https:\/\/www.rochefortpacifique.org\/edition2025\/wp-content\/uploads\/sites\/3\/2025\/09\/benoit-trepied_decolonisier-la-kanaki_nouvelle-caledonie-188x300.jpg",188,300,true],"medium_large":["https:\/\/www.rochefortpacifique.org\/edition2025\/wp-content\/uploads\/sites\/3\/2025\/09\/benoit-trepied_decolonisier-la-kanaki_nouvelle-caledonie-768x1228.jpg",768,1228,true],"large":["https:\/\/www.rochefortpacifique.org\/edition2025\/wp-content\/uploads\/sites\/3\/2025\/09\/benoit-trepied_decolonisier-la-kanaki_nouvelle-caledonie-640x1024.jpg",640,1024,true],"1536x1536":["https:\/\/www.rochefortpacifique.org\/edition2025\/wp-content\/uploads\/sites\/3\/2025\/09\/benoit-trepied_decolonisier-la-kanaki_nouvelle-caledonie.jpg",938,1500,false],"2048x2048":["https:\/\/www.rochefortpacifique.org\/edition2025\/wp-content\/uploads\/sites\/3\/2025\/09\/benoit-trepied_decolonisier-la-kanaki_nouvelle-caledonie.jpg",938,1500,false]},"uagb_author_info":{"display_name":"Julien Taureau","author_link":"https:\/\/www.rochefortpacifique.org\/edition2025\/author\/"},"uagb_comment_info":0,"uagb_excerpt":"Le second \u00ab\u00a0Rendez-Vous Oc\u00e9anien\u00a0\u00bb de 2025 recevra Beno\u00eet Tr\u00e9pied, anthropologue charg\u00e9 de recherche au CNRS, qui pr\u00e9sentera son livre \u00ab\u00a0D\u00e9coloniser la Kanaky-Nouvelle-Cal\u00e9donie\u00a0\u00bb parue en Mars 2025 \u00e0 Anacharsis \u00c9ditions, Le vendredi 3 Octobre 2025 \u00e0 18h \u00e0 la Salle de Conf\u00e9rence du CIM &#8211; Corderie Royale &#8211; Centre International de la Mer &#8211; librairie de\u2026","_links":{"self":[{"href":"https:\/\/www.rochefortpacifique.org\/edition2025\/wp-json\/wp\/v2\/festival\/6692","targetHints":{"allow":["GET"]}}],"collection":[{"href":"https:\/\/www.rochefortpacifique.org\/edition2025\/wp-json\/wp\/v2\/festival"}],"about":[{"href":"https:\/\/www.rochefortpacifique.org\/edition2025\/wp-json\/wp\/v2\/types\/festival"}],"version-history":[{"count":5,"href":"https:\/\/www.rochefortpacifique.org\/edition2025\/wp-json\/wp\/v2\/festival\/6692\/revisions"}],"predecessor-version":[{"id":6711,"href":"https:\/\/www.rochefortpacifique.org\/edition2025\/wp-json\/wp\/v2\/festival\/6692\/revisions\/6711"}],"wp:featuredmedia":[{"embeddable":true,"href":"https:\/\/www.rochefortpacifique.org\/edition2025\/wp-json\/wp\/v2\/media\/6693"}],"wp:attachment":[{"href":"https:\/\/www.rochefortpacifique.org\/edition2025\/wp-json\/wp\/v2\/media?parent=6692"}],"wp:term":[{"taxonomy":"edition","embeddable":true,"href":"https:\/\/www.rochefortpacifique.org\/edition2025\/wp-json\/wp\/v2\/edition?post=6692"},{"taxonomy":"personnalite","embeddable":true,"href":"https:\/\/www.rochefortpacifique.org\/edition2025\/wp-json\/wp\/v2\/personnalite?post=6692"},{"taxonomy":"evenement","embeddable":true,"href":"https:\/\/www.rochefortpacifique.org\/edition2025\/wp-json\/wp\/v2\/evenement?post=6692"}],"curies":[{"name":"wp","href":"https:\/\/api.w.org\/{rel}","templated":true}]}}

Rencontre avec Benoît Trépied autour du livre « Décoloniser la Kanaki-Nouvelle-Calédonie »

<p>Le second « Rendez-Vous Océanien » de 2025 recevra Benoît Trépied, anthropologue chargé de recherche au CNRS, qui présentera son livre <strong>« Décoloniser la Kanaky-Nouvelle-Calédonie »</strong> parue en Mars 2025 à Anacharsis Éditions,</p>



<p>Le vendredi 3 Octobre 2025 à 18h à la Salle de Conférence du CIM &#8211; Corderie Royale &#8211; Centre International de la Mer &#8211; librairie de la Corderie Royale à Rochefort.</p>



<p>Dédicace de l&rsquo;ouvrage sur place.</p>



<p>Voir : <a href="https://www.editions-anacharsis.com/Decoloniser-la-Kanaky-Nouvelle-Caledonie" target="_blank" rel="noreferrer noopener">https://www.editions-anacharsis.com/Decoloniser-la-Kanaky-Nouvelle-Caledonie</a></p>



<div class="wp-block-uagb-icon-list uagb-block-ae5ed01d"><div class="uagb-icon-list__wrap">
<div class="wp-block-uagb-icon-list-child uagb-block-21364fed"><a target="_blank" aria-label="Événément Facebook" rel="noopener noreferrer" href="https://fb.me/e/63fCC2OSm"> </a><span class="uagb-icon-list__source-wrap"><svg xmlns="https://www.w3.org/2000/svg" viewBox="0 0 512 512"><path d="M504 256C504 119 393 8 256 8S8 119 8 256c0 123.8 90.69 226.4 209.3 245V327.7h-63V256h63v-54.64c0-62.15 37-96.48 93.67-96.48 27.14 0 55.52 4.84 55.52 4.84v61h-31.28c-30.8 0-40.41 19.12-40.41 38.73V256h68.78l-11 71.69h-57.78V501C413.3 482.4 504 379.8 504 256z"></path></svg></span><span class="uagb-icon-list__label">Événément Facebook</span></div>
</div></div>



<figure class="wp-block-image size-large"><img loading="lazy" decoding="async" width="1024" height="709" src="https://www.rochefortpacifique.org/edition2025/wp-content/uploads/sites/3/2025/09/RVOceanienTrepied-1024x709.jpg" alt="" class="wp-image-6700" srcset="https://www.rochefortpacifique.org/edition2025/wp-content/uploads/sites/3/2025/09/RVOceanienTrepied-1024x709.jpg 1024w, https://www.rochefortpacifique.org/edition2025/wp-content/uploads/sites/3/2025/09/RVOceanienTrepied-300x208.jpg 300w, https://www.rochefortpacifique.org/edition2025/wp-content/uploads/sites/3/2025/09/RVOceanienTrepied-768x532.jpg 768w, https://www.rochefortpacifique.org/edition2025/wp-content/uploads/sites/3/2025/09/RVOceanienTrepied.jpg 1440w" sizes="auto, (max-width: 1024px) 100vw, 1024px" /></figure>

<p>Le second « Rendez-Vous Océanien » de 2025 recevra Benoît Trépied, anthropologue chargé de recherche au CNRS, qui présentera son livre « Décoloniser la Kanaky-Nouvelle-Calédonie » parue en Mars 2025 à Anacharsis Éditions, Le vendredi 3 Octobre 2025 à 18h à la Salle de Conférence du CIM &#8211; Corderie Royale &#8211; Centre International de la Mer &#8211; librairie de [&hellip;]</p>

Le second « Rendez-Vous Océanien » de 2025 recevra Benoît Trépied, anthropologue chargé de recherche au CNRS, qui présentera son livre « Décoloniser la Kanaky-Nouvelle-Calédonie » parue en Mars 2025 à Anacharsis Éditions, Le vendredi 3 Octobre 2025 à 18h à la Salle de Conférence du CIM &#8211; Corderie Royale &#8211; Centre International de la Mer &#8211; librairie de…
