{"id":6628,"date":"2025-03-31T16:37:08","date_gmt":"2025-03-31T14:37:08","guid":{"rendered":"https:\/\/www.rochefortpacifique.org\/edition2025\/?post_type=festival&#038;p=6628"},"modified":"2025-03-31T16:37:08","modified_gmt":"2025-03-31T14:37:08","slug":"odile-lacoste","status":"publish","type":"festival","link":"https:\/\/www.rochefortpacifique.org\/edition2025\/festival\/odile-lacoste\/","title":{"rendered":"Odile Lacoste"},"content":{"rendered":"\n<p>Odile Lacoste, traductrice et interpr\u00e8te, assure les traductions simultan\u00e9es Anglais-Fran\u00e7ais avec les invit\u00e9s pr\u00e9sents ou en visioconf\u00e9rence durant toute la dur\u00e9e du Festival.<\/p>\n","protected":false},"excerpt":{"rendered":"<p>Odile Lacoste, traductrice et interpr\u00e8te, assure les traductions simultan\u00e9es Anglais-Fran\u00e7ais avec les invit\u00e9s pr\u00e9sents ou en visioconf\u00e9rence durant toute la dur\u00e9e du Festival.<\/p>\n","protected":false},"featured_media":6629,"parent":0,"template":"","edition":[76],"personnalite":[78,77,83],"evenement":[],"class_list":["post-6628","festival","type-festival","status-publish","has-post-thumbnail","hentry","edition-76","personnalite-intervenant","personnalite-invite","personnalite-invitee"],"acf":[],"uagb_featured_image_src":{"full":["https:\/\/www.rochefortpacifique.org\/edition2025\/wp-content\/uploads\/sites\/3\/2025\/03\/odile-lacoste.jpg",908,846,false],"thumbnail":["https:\/\/www.rochefortpacifique.org\/edition2025\/wp-content\/uploads\/sites\/3\/2025\/03\/odile-lacoste-150x150.jpg",150,150,true],"medium":["https:\/\/www.rochefortpacifique.org\/edition2025\/wp-content\/uploads\/sites\/3\/2025\/03\/odile-lacoste-300x280.jpg",300,280,true],"medium_large":["https:\/\/www.rochefortpacifique.org\/edition2025\/wp-content\/uploads\/sites\/3\/2025\/03\/odile-lacoste-768x716.jpg",768,716,true],"large":["https:\/\/www.rochefortpacifique.org\/edition2025\/wp-content\/uploads\/sites\/3\/2025\/03\/odile-lacoste.jpg",800,745,false],"1536x1536":["https:\/\/www.rochefortpacifique.org\/edition2025\/wp-content\/uploads\/sites\/3\/2025\/03\/odile-lacoste.jpg",908,846,false],"2048x2048":["https:\/\/www.rochefortpacifique.org\/edition2025\/wp-content\/uploads\/sites\/3\/2025\/03\/odile-lacoste.jpg",908,846,false]},"uagb_author_info":{"display_name":"Julien Taureau","author_link":"https:\/\/www.rochefortpacifique.org\/edition2025\/author\/"},"uagb_comment_info":0,"uagb_excerpt":"Odile Lacoste, traductrice et interpr\u00e8te, assure les traductions simultan\u00e9es Anglais-Fran\u00e7ais avec les invit\u00e9s pr\u00e9sents ou en visioconf\u00e9rence durant toute la dur\u00e9e du Festival.","_links":{"self":[{"href":"https:\/\/www.rochefortpacifique.org\/edition2025\/wp-json\/wp\/v2\/festival\/6628","targetHints":{"allow":["GET"]}}],"collection":[{"href":"https:\/\/www.rochefortpacifique.org\/edition2025\/wp-json\/wp\/v2\/festival"}],"about":[{"href":"https:\/\/www.rochefortpacifique.org\/edition2025\/wp-json\/wp\/v2\/types\/festival"}],"version-history":[{"count":1,"href":"https:\/\/www.rochefortpacifique.org\/edition2025\/wp-json\/wp\/v2\/festival\/6628\/revisions"}],"predecessor-version":[{"id":6630,"href":"https:\/\/www.rochefortpacifique.org\/edition2025\/wp-json\/wp\/v2\/festival\/6628\/revisions\/6630"}],"wp:featuredmedia":[{"embeddable":true,"href":"https:\/\/www.rochefortpacifique.org\/edition2025\/wp-json\/wp\/v2\/media\/6629"}],"wp:attachment":[{"href":"https:\/\/www.rochefortpacifique.org\/edition2025\/wp-json\/wp\/v2\/media?parent=6628"}],"wp:term":[{"taxonomy":"edition","embeddable":true,"href":"https:\/\/www.rochefortpacifique.org\/edition2025\/wp-json\/wp\/v2\/edition?post=6628"},{"taxonomy":"personnalite","embeddable":true,"href":"https:\/\/www.rochefortpacifique.org\/edition2025\/wp-json\/wp\/v2\/personnalite?post=6628"},{"taxonomy":"evenement","embeddable":true,"href":"https:\/\/www.rochefortpacifique.org\/edition2025\/wp-json\/wp\/v2\/evenement?post=6628"}],"curies":[{"name":"wp","href":"https:\/\/api.w.org\/{rel}","templated":true}]}}

<p>Odile Lacoste, traductrice et interprète, assure les traductions simultanées Anglais-Français avec les invités présents ou en visioconférence durant toute la durée du Festival.</p>

Odile Lacoste, traductrice et interprète, assure les traductions simultanées Anglais-Français avec les invités présents ou en visioconférence durant toute la durée du Festival.
