{"id":6577,"date":"2025-03-31T12:30:06","date_gmt":"2025-03-31T10:30:06","guid":{"rendered":"https:\/\/www.rochefortpacifique.org\/edition2025\/?post_type=festival&#038;p=6577"},"modified":"2025-03-31T12:30:06","modified_gmt":"2025-03-31T10:30:06","slug":"myrjana-la-valeur-dune-femme","status":"publish","type":"festival","link":"https:\/\/www.rochefortpacifique.org\/edition2025\/festival\/myrjana-la-valeur-dune-femme\/","title":{"rendered":"MYRJANA, LA VALEUR D&rsquo;UNE FEMME"},"content":{"rendered":"\n<p>Depuis le f\u00e9minicide de Myrjana, en Nouvelle-Cal\u00e9donie, ses s\u0153urs prennent soin de ses deux jeunes orphelins laiss\u00e9s pour compte et se mettent en mouvement avec C\u00e9cile, la sage-femme du village.<\/p>\n","protected":false},"excerpt":{"rendered":"<p>Depuis le f\u00e9minicide de Myrjana, en Nouvelle-Cal\u00e9donie, ses s\u0153urs prennent soin de ses deux jeunes orphelins laiss\u00e9s pour compte et se mettent en mouvement avec C\u00e9cile, la sage-femme du village.<\/p>\n","protected":false},"featured_media":6578,"parent":0,"template":"","edition":[76],"personnalite":[],"evenement":[71,75],"class_list":["post-6577","festival","type-festival","status-publish","has-post-thumbnail","hentry","edition-76","evenement-cine-debat","evenement-rendez-vous-oceanien"],"acf":[],"uagb_featured_image_src":{"full":["https:\/\/www.rochefortpacifique.org\/edition2025\/wp-content\/uploads\/sites\/3\/2025\/03\/myCANAL_Jaquette_MEA_600x800-OMti.webp",600,800,false],"thumbnail":["https:\/\/www.rochefortpacifique.org\/edition2025\/wp-content\/uploads\/sites\/3\/2025\/03\/myCANAL_Jaquette_MEA_600x800-OMti-150x150.webp",150,150,true],"medium":["https:\/\/www.rochefortpacifique.org\/edition2025\/wp-content\/uploads\/sites\/3\/2025\/03\/myCANAL_Jaquette_MEA_600x800-OMti-225x300.webp",225,300,true],"medium_large":["https:\/\/www.rochefortpacifique.org\/edition2025\/wp-content\/uploads\/sites\/3\/2025\/03\/myCANAL_Jaquette_MEA_600x800-OMti.webp",600,800,false],"large":["https:\/\/www.rochefortpacifique.org\/edition2025\/wp-content\/uploads\/sites\/3\/2025\/03\/myCANAL_Jaquette_MEA_600x800-OMti.webp",600,800,false],"1536x1536":["https:\/\/www.rochefortpacifique.org\/edition2025\/wp-content\/uploads\/sites\/3\/2025\/03\/myCANAL_Jaquette_MEA_600x800-OMti.webp",600,800,false],"2048x2048":["https:\/\/www.rochefortpacifique.org\/edition2025\/wp-content\/uploads\/sites\/3\/2025\/03\/myCANAL_Jaquette_MEA_600x800-OMti.webp",600,800,false]},"uagb_author_info":{"display_name":"Julien Taureau","author_link":"https:\/\/www.rochefortpacifique.org\/edition2025\/author\/"},"uagb_comment_info":0,"uagb_excerpt":"Depuis le f\u00e9minicide de Myrjana, en Nouvelle-Cal\u00e9donie, ses s\u0153urs prennent soin de ses deux jeunes orphelins laiss\u00e9s pour compte et se mettent en mouvement avec C\u00e9cile, la sage-femme du village.","_links":{"self":[{"href":"https:\/\/www.rochefortpacifique.org\/edition2025\/wp-json\/wp\/v2\/festival\/6577","targetHints":{"allow":["GET"]}}],"collection":[{"href":"https:\/\/www.rochefortpacifique.org\/edition2025\/wp-json\/wp\/v2\/festival"}],"about":[{"href":"https:\/\/www.rochefortpacifique.org\/edition2025\/wp-json\/wp\/v2\/types\/festival"}],"version-history":[{"count":1,"href":"https:\/\/www.rochefortpacifique.org\/edition2025\/wp-json\/wp\/v2\/festival\/6577\/revisions"}],"predecessor-version":[{"id":6579,"href":"https:\/\/www.rochefortpacifique.org\/edition2025\/wp-json\/wp\/v2\/festival\/6577\/revisions\/6579"}],"wp:featuredmedia":[{"embeddable":true,"href":"https:\/\/www.rochefortpacifique.org\/edition2025\/wp-json\/wp\/v2\/media\/6578"}],"wp:attachment":[{"href":"https:\/\/www.rochefortpacifique.org\/edition2025\/wp-json\/wp\/v2\/media?parent=6577"}],"wp:term":[{"taxonomy":"edition","embeddable":true,"href":"https:\/\/www.rochefortpacifique.org\/edition2025\/wp-json\/wp\/v2\/edition?post=6577"},{"taxonomy":"personnalite","embeddable":true,"href":"https:\/\/www.rochefortpacifique.org\/edition2025\/wp-json\/wp\/v2\/personnalite?post=6577"},{"taxonomy":"evenement","embeddable":true,"href":"https:\/\/www.rochefortpacifique.org\/edition2025\/wp-json\/wp\/v2\/evenement?post=6577"}],"curies":[{"name":"wp","href":"https:\/\/api.w.org\/{rel}","templated":true}]}}

<p>Depuis le féminicide de Myrjana, en Nouvelle-Calédonie, ses sœurs prennent soin de ses deux jeunes orphelins laissés pour compte et se mettent en mouvement avec Cécile, la sage-femme du village.</p>

Depuis le féminicide de Myrjana, en Nouvelle-Calédonie, ses sœurs prennent soin de ses deux jeunes orphelins laissés pour compte et se mettent en mouvement avec Cécile, la sage-femme du village.
