{"id":6565,"date":"2025-03-31T11:46:57","date_gmt":"2025-03-31T09:46:57","guid":{"rendered":"https:\/\/www.rochefortpacifique.org\/edition2025\/?post_type=festival&#038;p=6565"},"modified":"2025-09-20T13:56:51","modified_gmt":"2025-09-20T11:56:51","slug":"les-droits-de-la-nature","status":"publish","type":"festival","link":"https:\/\/www.rochefortpacifique.org\/edition2025\/festival\/les-droits-de-la-nature\/","title":{"rendered":"LES DROITS DE LA NATURE"},"content":{"rendered":"\n<p>Un livre&nbsp;<strong>\u00caTRE LA RIVI\u00c8RE<\/strong><br>de Sacha Bourgeois-Gironde<br><strong>Essai \/ Editions Presses Universitaires France \/ France \/ 2020<\/strong><\/p>\n\n\n\n<p>Une enqu\u00eate sur l\u2019attribution d\u2019une personnalit\u00e9 juridique au fleuve Whanganui par la loi n\u00e9o-z\u00e9landaise, de l\u2019analyse du texte juridique et son histoire \u00e0 la rencontre des acteurs sur les rives du fleuve.<\/p>\n","protected":false},"excerpt":{"rendered":"<p>Un livre&nbsp;\u00caTRE LA RIVI\u00c8REde Sacha Bourgeois-GirondeEssai \/ Editions Presses Universitaires France \/ France \/ 2020 Une enqu\u00eate sur l\u2019attribution d\u2019une personnalit\u00e9 juridique au fleuve Whanganui par la loi n\u00e9o-z\u00e9landaise, de l\u2019analyse du texte juridique et son histoire \u00e0 la rencontre des acteurs sur les rives du fleuve.<\/p>\n","protected":false},"featured_media":6566,"parent":0,"template":"","edition":[76],"personnalite":[],"evenement":[72,75],"class_list":["post-6565","festival","type-festival","status-publish","has-post-thumbnail","hentry","edition-76","evenement-rencontre-litteraire","evenement-rendez-vous-oceanien"],"acf":[],"uagb_featured_image_src":{"full":["https:\/\/www.rochefortpacifique.org\/edition2025\/wp-content\/uploads\/sites\/3\/2025\/03\/etre-la-riviere.jpg",316,480,false],"thumbnail":["https:\/\/www.rochefortpacifique.org\/edition2025\/wp-content\/uploads\/sites\/3\/2025\/03\/etre-la-riviere-150x150.jpg",150,150,true],"medium":["https:\/\/www.rochefortpacifique.org\/edition2025\/wp-content\/uploads\/sites\/3\/2025\/03\/etre-la-riviere-198x300.jpg",198,300,true],"medium_large":["https:\/\/www.rochefortpacifique.org\/edition2025\/wp-content\/uploads\/sites\/3\/2025\/03\/etre-la-riviere.jpg",316,480,false],"large":["https:\/\/www.rochefortpacifique.org\/edition2025\/wp-content\/uploads\/sites\/3\/2025\/03\/etre-la-riviere.jpg",316,480,false],"1536x1536":["https:\/\/www.rochefortpacifique.org\/edition2025\/wp-content\/uploads\/sites\/3\/2025\/03\/etre-la-riviere.jpg",316,480,false],"2048x2048":["https:\/\/www.rochefortpacifique.org\/edition2025\/wp-content\/uploads\/sites\/3\/2025\/03\/etre-la-riviere.jpg",316,480,false]},"uagb_author_info":{"display_name":"Julien Taureau","author_link":"https:\/\/www.rochefortpacifique.org\/edition2025\/author\/"},"uagb_comment_info":0,"uagb_excerpt":"Un livre&nbsp;\u00caTRE LA RIVI\u00c8REde Sacha Bourgeois-GirondeEssai \/ Editions Presses Universitaires France \/ France \/ 2020 Une enqu\u00eate sur l\u2019attribution d\u2019une personnalit\u00e9 juridique au fleuve Whanganui par la loi n\u00e9o-z\u00e9landaise, de l\u2019analyse du texte juridique et son histoire \u00e0 la rencontre des acteurs sur les rives du fleuve.","_links":{"self":[{"href":"https:\/\/www.rochefortpacifique.org\/edition2025\/wp-json\/wp\/v2\/festival\/6565","targetHints":{"allow":["GET"]}}],"collection":[{"href":"https:\/\/www.rochefortpacifique.org\/edition2025\/wp-json\/wp\/v2\/festival"}],"about":[{"href":"https:\/\/www.rochefortpacifique.org\/edition2025\/wp-json\/wp\/v2\/types\/festival"}],"version-history":[{"count":4,"href":"https:\/\/www.rochefortpacifique.org\/edition2025\/wp-json\/wp\/v2\/festival\/6565\/revisions"}],"predecessor-version":[{"id":6741,"href":"https:\/\/www.rochefortpacifique.org\/edition2025\/wp-json\/wp\/v2\/festival\/6565\/revisions\/6741"}],"wp:featuredmedia":[{"embeddable":true,"href":"https:\/\/www.rochefortpacifique.org\/edition2025\/wp-json\/wp\/v2\/media\/6566"}],"wp:attachment":[{"href":"https:\/\/www.rochefortpacifique.org\/edition2025\/wp-json\/wp\/v2\/media?parent=6565"}],"wp:term":[{"taxonomy":"edition","embeddable":true,"href":"https:\/\/www.rochefortpacifique.org\/edition2025\/wp-json\/wp\/v2\/edition?post=6565"},{"taxonomy":"personnalite","embeddable":true,"href":"https:\/\/www.rochefortpacifique.org\/edition2025\/wp-json\/wp\/v2\/personnalite?post=6565"},{"taxonomy":"evenement","embeddable":true,"href":"https:\/\/www.rochefortpacifique.org\/edition2025\/wp-json\/wp\/v2\/evenement?post=6565"}],"curies":[{"name":"wp","href":"https:\/\/api.w.org\/{rel}","templated":true}]}}

<p>Un livre&nbsp;<strong>ÊTRE LA RIVIÈRE</strong><br>de Sacha Bourgeois-Gironde<br><strong>Essai / Editions Presses Universitaires France / France / 2020</strong></p>



<p>Une enquête sur l’attribution d’une personnalité juridique au fleuve Whanganui par la loi néo-zélandaise, de l’analyse du texte juridique et son histoire à la rencontre des acteurs sur les rives du fleuve.</p>

<p>Un livre&nbsp;ÊTRE LA RIVIÈREde Sacha Bourgeois-GirondeEssai / Editions Presses Universitaires France / France / 2020 Une enquête sur l’attribution d’une personnalité juridique au fleuve Whanganui par la loi néo-zélandaise, de l’analyse du texte juridique et son histoire à la rencontre des acteurs sur les rives du fleuve.</p>

Un livre&nbsp;ÊTRE LA RIVIÈREde Sacha Bourgeois-GirondeEssai / Editions Presses Universitaires France / France / 2020 Une enquête sur l’attribution d’une personnalité juridique au fleuve Whanganui par la loi néo-zélandaise, de l’analyse du texte juridique et son histoire à la rencontre des acteurs sur les rives du fleuve.
