{"id":6529,"date":"2025-03-31T10:17:43","date_gmt":"2025-03-31T08:17:43","guid":{"rendered":"https:\/\/www.rochefortpacifique.org\/edition2025\/?post_type=festival&#038;p=6529"},"modified":"2025-04-01T10:04:28","modified_gmt":"2025-04-01T08:04:28","slug":"louisa-raszyk","status":"publish","type":"festival","link":"https:\/\/www.rochefortpacifique.org\/edition2025\/festival\/louisa-raszyk\/","title":{"rendered":"Louise Raszyk\u00a0"},"content":{"rendered":"\n<p><strong>Louise Raszyk <\/strong>est originaire d\u2019Australie-Occidentale, et \u00e9ditrice ayant co-cr\u00e9\u00e9 les \u00e9ditions \u201dSynchronique\u201d, sp\u00e9cialis\u00e9es dans la litt\u00e9rature australienne aborig\u00e8ne et asiatique et les philosophies orientales. Elle y dirige la collection \u00ab\u00a0Ciels australs\u00a0\u00bb.<\/p>\n\n\n\n<p><strong>\u00ab\u00a0La L\u00e9gende de Molly Johnson\u00a0\u00bb, le dernier livre de cette collection en 2025, sera pr\u00e9sent\u00e9 au Festival Rochefort Pacifique.<\/strong><\/p>\n","protected":false},"excerpt":{"rendered":"<p>Louise Raszyk est originaire d\u2019Australie-Occidentale, et \u00e9ditrice ayant co-cr\u00e9\u00e9 les \u00e9ditions \u201dSynchronique\u201d, sp\u00e9cialis\u00e9es dans la litt\u00e9rature australienne aborig\u00e8ne et asiatique et les philosophies orientales. Elle y dirige la collection \u00ab\u00a0Ciels australs\u00a0\u00bb. \u00ab\u00a0La L\u00e9gende de Molly Johnson\u00a0\u00bb, le dernier livre de cette collection en 2025, sera pr\u00e9sent\u00e9 au Festival Rochefort Pacifique.<\/p>\n","protected":false},"featured_media":6545,"parent":0,"template":"","edition":[76],"personnalite":[78,84,77,83],"evenement":[],"class_list":["post-6529","festival","type-festival","status-publish","has-post-thumbnail","hentry","edition-76","personnalite-intervenant","personnalite-intervenante","personnalite-invite","personnalite-invitee"],"acf":[],"uagb_featured_image_src":{"full":["https:\/\/www.rochefortpacifique.org\/edition2025\/wp-content\/uploads\/sites\/3\/2025\/03\/louisa-Raszyk.jpg",600,600,false],"thumbnail":["https:\/\/www.rochefortpacifique.org\/edition2025\/wp-content\/uploads\/sites\/3\/2025\/03\/louisa-Raszyk-150x150.jpg",150,150,true],"medium":["https:\/\/www.rochefortpacifique.org\/edition2025\/wp-content\/uploads\/sites\/3\/2025\/03\/louisa-Raszyk-300x300.jpg",300,300,true],"medium_large":["https:\/\/www.rochefortpacifique.org\/edition2025\/wp-content\/uploads\/sites\/3\/2025\/03\/louisa-Raszyk.jpg",600,600,false],"large":["https:\/\/www.rochefortpacifique.org\/edition2025\/wp-content\/uploads\/sites\/3\/2025\/03\/louisa-Raszyk.jpg",600,600,false],"1536x1536":["https:\/\/www.rochefortpacifique.org\/edition2025\/wp-content\/uploads\/sites\/3\/2025\/03\/louisa-Raszyk.jpg",600,600,false],"2048x2048":["https:\/\/www.rochefortpacifique.org\/edition2025\/wp-content\/uploads\/sites\/3\/2025\/03\/louisa-Raszyk.jpg",600,600,false]},"uagb_author_info":{"display_name":"Julien Taureau","author_link":"https:\/\/www.rochefortpacifique.org\/edition2025\/author\/"},"uagb_comment_info":0,"uagb_excerpt":"Louise Raszyk est originaire d\u2019Australie-Occidentale, et \u00e9ditrice ayant co-cr\u00e9\u00e9 les \u00e9ditions \u201dSynchronique\u201d, sp\u00e9cialis\u00e9es dans la litt\u00e9rature australienne aborig\u00e8ne et asiatique et les philosophies orientales. Elle y dirige la collection \u00ab\u00a0Ciels australs\u00a0\u00bb. \u00ab\u00a0La L\u00e9gende de Molly Johnson\u00a0\u00bb, le dernier livre de cette collection en 2025, sera pr\u00e9sent\u00e9 au Festival Rochefort Pacifique.","_links":{"self":[{"href":"https:\/\/www.rochefortpacifique.org\/edition2025\/wp-json\/wp\/v2\/festival\/6529","targetHints":{"allow":["GET"]}}],"collection":[{"href":"https:\/\/www.rochefortpacifique.org\/edition2025\/wp-json\/wp\/v2\/festival"}],"about":[{"href":"https:\/\/www.rochefortpacifique.org\/edition2025\/wp-json\/wp\/v2\/types\/festival"}],"version-history":[{"count":4,"href":"https:\/\/www.rochefortpacifique.org\/edition2025\/wp-json\/wp\/v2\/festival\/6529\/revisions"}],"predecessor-version":[{"id":6642,"href":"https:\/\/www.rochefortpacifique.org\/edition2025\/wp-json\/wp\/v2\/festival\/6529\/revisions\/6642"}],"wp:featuredmedia":[{"embeddable":true,"href":"https:\/\/www.rochefortpacifique.org\/edition2025\/wp-json\/wp\/v2\/media\/6545"}],"wp:attachment":[{"href":"https:\/\/www.rochefortpacifique.org\/edition2025\/wp-json\/wp\/v2\/media?parent=6529"}],"wp:term":[{"taxonomy":"edition","embeddable":true,"href":"https:\/\/www.rochefortpacifique.org\/edition2025\/wp-json\/wp\/v2\/edition?post=6529"},{"taxonomy":"personnalite","embeddable":true,"href":"https:\/\/www.rochefortpacifique.org\/edition2025\/wp-json\/wp\/v2\/personnalite?post=6529"},{"taxonomy":"evenement","embeddable":true,"href":"https:\/\/www.rochefortpacifique.org\/edition2025\/wp-json\/wp\/v2\/evenement?post=6529"}],"curies":[{"name":"wp","href":"https:\/\/api.w.org\/{rel}","templated":true}]}}

<p><strong>Louise Raszyk </strong>est originaire d’Australie-Occidentale, et éditrice ayant co-créé les éditions ”Synchronique”, spécialisées dans la littérature australienne aborigène et asiatique et les philosophies orientales. Elle y dirige la collection « Ciels australs ».</p>



<p><strong>« La Légende de Molly Johnson », le dernier livre de cette collection en 2025, sera présenté au Festival Rochefort Pacifique.</strong></p>

<p>Louise Raszyk est originaire d’Australie-Occidentale, et éditrice ayant co-créé les éditions ”Synchronique”, spécialisées dans la littérature australienne aborigène et asiatique et les philosophies orientales. Elle y dirige la collection « Ciels australs ». « La Légende de Molly Johnson », le dernier livre de cette collection en 2025, sera présenté au Festival Rochefort Pacifique.</p>

Louise Raszyk est originaire d’Australie-Occidentale, et éditrice ayant co-créé les éditions ”Synchronique”, spécialisées dans la littérature australienne aborigène et asiatique et les philosophies orientales. Elle y dirige la collection « Ciels australs ». « La Légende de Molly Johnson », le dernier livre de cette collection en 2025, sera présenté au Festival Rochefort Pacifique.
