{"id":6526,"date":"2025-03-31T10:14:00","date_gmt":"2025-03-31T08:14:00","guid":{"rendered":"https:\/\/www.rochefortpacifique.org\/edition2025\/?post_type=festival&#038;p=6526"},"modified":"2025-03-31T10:14:01","modified_gmt":"2025-03-31T08:14:01","slug":"mireille-vignol","status":"publish","type":"festival","link":"https:\/\/www.rochefortpacifique.org\/edition2025\/festival\/mireille-vignol\/","title":{"rendered":"Mireille Vignol"},"content":{"rendered":"\n<p><strong>Mireille VIGNOL<\/strong> est traductrice. Apr\u00e8s une vingtaine d\u2019ann\u00e9es en Australie et une carri\u00e8re de journaliste sp\u00e9cialis\u00e9e dans l\u2019Oc\u00e9anie puis dans la litt\u00e9rature avec l\u2019Australian Broadcasting Corporation, elle travaille depuis 2002 en France comme traductrice litt\u00e9raire.&nbsp;<\/p>\n\n\n\n<p>Elle traduit les grands noms de la litt\u00e9rature australienne (dont Kate Grenville ou Anna Funder), des auteurs maoris ou oc\u00e9aniens (Witi Ihimaera ou Russell Soaba) ainsi qu\u2019am\u00e9ricains (Nickolas Butler, George Pelecanos).&nbsp;<\/p>\n\n\n\n<p>Depuis 2016, elle a particip\u00e9 \u00e0 des joutes de traductions au Festival Rochefort Pacifique et au Salon International du Livre Oc\u00e9anien.&nbsp;<\/p>\n\n\n\n<p><strong>\u00ab\u00a0La L\u00e9gende de Molly Johnson\u00a0\u00bb, roman qu\u2019elle a traduit sera pr\u00e9sent\u00e9 au Festival Rochefort Pacifique.<\/strong><\/p>\n","protected":false},"excerpt":{"rendered":"<p>Mireille VIGNOL est traductrice. Apr\u00e8s une vingtaine d\u2019ann\u00e9es en Australie et une carri\u00e8re de journaliste sp\u00e9cialis\u00e9e dans l\u2019Oc\u00e9anie puis dans la litt\u00e9rature avec l\u2019Australian Broadcasting Corporation, elle travaille depuis 2002 en France comme traductrice litt\u00e9raire.&nbsp; Elle traduit les grands noms de la litt\u00e9rature australienne (dont Kate Grenville ou Anna Funder), des auteurs maoris ou oc\u00e9aniens [&hellip;]<\/p>\n","protected":false},"featured_media":6426,"parent":0,"template":"","edition":[76],"personnalite":[78,84,77,83],"evenement":[],"class_list":["post-6526","festival","type-festival","status-publish","has-post-thumbnail","hentry","edition-76","personnalite-intervenant","personnalite-intervenante","personnalite-invite","personnalite-invitee"],"acf":[],"uagb_featured_image_src":{"full":["https:\/\/www.rochefortpacifique.org\/edition2025\/wp-content\/uploads\/sites\/3\/2025\/03\/Mireille-Vignol.png",439,419,false],"thumbnail":["https:\/\/www.rochefortpacifique.org\/edition2025\/wp-content\/uploads\/sites\/3\/2025\/03\/Mireille-Vignol-150x150.png",150,150,true],"medium":["https:\/\/www.rochefortpacifique.org\/edition2025\/wp-content\/uploads\/sites\/3\/2025\/03\/Mireille-Vignol-300x286.png",300,286,true],"medium_large":["https:\/\/www.rochefortpacifique.org\/edition2025\/wp-content\/uploads\/sites\/3\/2025\/03\/Mireille-Vignol.png",439,419,false],"large":["https:\/\/www.rochefortpacifique.org\/edition2025\/wp-content\/uploads\/sites\/3\/2025\/03\/Mireille-Vignol.png",439,419,false],"1536x1536":["https:\/\/www.rochefortpacifique.org\/edition2025\/wp-content\/uploads\/sites\/3\/2025\/03\/Mireille-Vignol.png",439,419,false],"2048x2048":["https:\/\/www.rochefortpacifique.org\/edition2025\/wp-content\/uploads\/sites\/3\/2025\/03\/Mireille-Vignol.png",439,419,false]},"uagb_author_info":{"display_name":"Julien Taureau","author_link":"https:\/\/www.rochefortpacifique.org\/edition2025\/author\/"},"uagb_comment_info":0,"uagb_excerpt":"Mireille VIGNOL est traductrice. Apr\u00e8s une vingtaine d\u2019ann\u00e9es en Australie et une carri\u00e8re de journaliste sp\u00e9cialis\u00e9e dans l\u2019Oc\u00e9anie puis dans la litt\u00e9rature avec l\u2019Australian Broadcasting Corporation, elle travaille depuis 2002 en France comme traductrice litt\u00e9raire.&nbsp; Elle traduit les grands noms de la litt\u00e9rature australienne (dont Kate Grenville ou Anna Funder), des auteurs maoris ou oc\u00e9aniens\u2026","_links":{"self":[{"href":"https:\/\/www.rochefortpacifique.org\/edition2025\/wp-json\/wp\/v2\/festival\/6526","targetHints":{"allow":["GET"]}}],"collection":[{"href":"https:\/\/www.rochefortpacifique.org\/edition2025\/wp-json\/wp\/v2\/festival"}],"about":[{"href":"https:\/\/www.rochefortpacifique.org\/edition2025\/wp-json\/wp\/v2\/types\/festival"}],"version-history":[{"count":1,"href":"https:\/\/www.rochefortpacifique.org\/edition2025\/wp-json\/wp\/v2\/festival\/6526\/revisions"}],"predecessor-version":[{"id":6527,"href":"https:\/\/www.rochefortpacifique.org\/edition2025\/wp-json\/wp\/v2\/festival\/6526\/revisions\/6527"}],"wp:featuredmedia":[{"embeddable":true,"href":"https:\/\/www.rochefortpacifique.org\/edition2025\/wp-json\/wp\/v2\/media\/6426"}],"wp:attachment":[{"href":"https:\/\/www.rochefortpacifique.org\/edition2025\/wp-json\/wp\/v2\/media?parent=6526"}],"wp:term":[{"taxonomy":"edition","embeddable":true,"href":"https:\/\/www.rochefortpacifique.org\/edition2025\/wp-json\/wp\/v2\/edition?post=6526"},{"taxonomy":"personnalite","embeddable":true,"href":"https:\/\/www.rochefortpacifique.org\/edition2025\/wp-json\/wp\/v2\/personnalite?post=6526"},{"taxonomy":"evenement","embeddable":true,"href":"https:\/\/www.rochefortpacifique.org\/edition2025\/wp-json\/wp\/v2\/evenement?post=6526"}],"curies":[{"name":"wp","href":"https:\/\/api.w.org\/{rel}","templated":true}]}}

<p><strong>Mireille VIGNOL</strong> est traductrice. Après une vingtaine d’années en Australie et une carrière de journaliste spécialisée dans l’Océanie puis dans la littérature avec l’Australian Broadcasting Corporation, elle travaille depuis 2002 en France comme traductrice littéraire.&nbsp;</p>



<p>Elle traduit les grands noms de la littérature australienne (dont Kate Grenville ou Anna Funder), des auteurs maoris ou océaniens (Witi Ihimaera ou Russell Soaba) ainsi qu’américains (Nickolas Butler, George Pelecanos).&nbsp;</p>



<p>Depuis 2016, elle a participé à des joutes de traductions au Festival Rochefort Pacifique et au Salon International du Livre Océanien.&nbsp;</p>



<p><strong>« La Légende de Molly Johnson », roman qu’elle a traduit sera présenté au Festival Rochefort Pacifique.</strong></p>

<p>Mireille VIGNOL est traductrice. Après une vingtaine d’années en Australie et une carrière de journaliste spécialisée dans l’Océanie puis dans la littérature avec l’Australian Broadcasting Corporation, elle travaille depuis 2002 en France comme traductrice littéraire.&nbsp; Elle traduit les grands noms de la littérature australienne (dont Kate Grenville ou Anna Funder), des auteurs maoris ou océaniens [&hellip;]</p>

Mireille VIGNOL est traductrice. Après une vingtaine d’années en Australie et une carrière de journaliste spécialisée dans l’Océanie puis dans la littérature avec l’Australian Broadcasting Corporation, elle travaille depuis 2002 en France comme traductrice littéraire.&nbsp; Elle traduit les grands noms de la littérature australienne (dont Kate Grenville ou Anna Funder), des auteurs maoris ou océaniens…
