{"id":6507,"date":"2025-03-31T10:06:11","date_gmt":"2025-03-31T08:06:11","guid":{"rendered":"https:\/\/www.rochefortpacifique.org\/edition2025\/?post_type=festival&#038;p=6507"},"modified":"2025-04-03T13:27:13","modified_gmt":"2025-04-03T11:27:13","slug":"abel-hauata","status":"publish","type":"festival","link":"https:\/\/www.rochefortpacifique.org\/edition2025\/festival\/abel-hauata\/","title":{"rendered":"Abel Hauata"},"content":{"rendered":"\n<p><strong>Abel Hauata a marqu\u00e9 l&rsquo;histoire en devenant, \u00e0 l&rsquo;\u00e2ge de 19 ans, la premi\u00e8re femme transgenre \u00e9lue Miss Universit\u00e9 de la Polyn\u00e9sie Fran\u00e7aise en 2022<\/strong>.Sa participation au concours \u00e9tait initialement motiv\u00e9e par le d\u00e9sir d&rsquo;ajouter du dynamisme \u00e0 sa vie. Au fil de l&rsquo;aventure, Abel a vu une opportunit\u00e9 d&rsquo;utiliser cette plateforme pour promouvoir la reconnaissance des femmes transgenres en tant que femmes \u00e0 part enti\u00e8re.<\/p>\n\n\n\n<p>M\u00eame si son sacre n&rsquo;a pas \u00e9t\u00e9 sans pol\u00e9miques, elle a exprim\u00e9 sa fiert\u00e9 d&rsquo;avoir affront\u00e9 ses peurs et d&rsquo;avoir contribu\u00e9 \u00e0 ouvrir des portes pour la communaut\u00e9 transgenre, en Polyn\u00e9sie et dans le monde.<\/p>\n\n\n\n<p><strong>\u00ab\u00a0Fier.e.s\u00a0\u00bb, film dans lequel elle apparait, est pr\u00e9sent\u00e9 au Festival Rochefort Pacifique.<\/strong><\/p>\n","protected":false},"excerpt":{"rendered":"<p>Abel Hauata a marqu\u00e9 l&rsquo;histoire en devenant, \u00e0 l&rsquo;\u00e2ge de 19 ans, la premi\u00e8re femme transgenre \u00e9lue Miss Universit\u00e9 de la Polyn\u00e9sie Fran\u00e7aise en 2022.Sa participation au concours \u00e9tait initialement motiv\u00e9e par le d\u00e9sir d&rsquo;ajouter du dynamisme \u00e0 sa vie. Au fil de l&rsquo;aventure, Abel a vu une opportunit\u00e9 d&rsquo;utiliser cette plateforme pour promouvoir la [&hellip;]<\/p>\n","protected":false},"featured_media":6669,"parent":0,"template":"","edition":[76],"personnalite":[77,83],"evenement":[],"class_list":["post-6507","festival","type-festival","status-publish","has-post-thumbnail","hentry","edition-76","personnalite-invite","personnalite-invitee"],"acf":[],"uagb_featured_image_src":{"full":["https:\/\/www.rochefortpacifique.org\/edition2025\/wp-content\/uploads\/sites\/3\/2025\/03\/AbelPhotoTrombi.jpg",751,972,false],"thumbnail":["https:\/\/www.rochefortpacifique.org\/edition2025\/wp-content\/uploads\/sites\/3\/2025\/03\/AbelPhotoTrombi-150x150.jpg",150,150,true],"medium":["https:\/\/www.rochefortpacifique.org\/edition2025\/wp-content\/uploads\/sites\/3\/2025\/03\/AbelPhotoTrombi-232x300.jpg",232,300,true],"medium_large":["https:\/\/www.rochefortpacifique.org\/edition2025\/wp-content\/uploads\/sites\/3\/2025\/03\/AbelPhotoTrombi.jpg",751,972,false],"large":["https:\/\/www.rochefortpacifique.org\/edition2025\/wp-content\/uploads\/sites\/3\/2025\/03\/AbelPhotoTrombi.jpg",751,972,false],"1536x1536":["https:\/\/www.rochefortpacifique.org\/edition2025\/wp-content\/uploads\/sites\/3\/2025\/03\/AbelPhotoTrombi.jpg",751,972,false],"2048x2048":["https:\/\/www.rochefortpacifique.org\/edition2025\/wp-content\/uploads\/sites\/3\/2025\/03\/AbelPhotoTrombi.jpg",751,972,false]},"uagb_author_info":{"display_name":"Julien Taureau","author_link":"https:\/\/www.rochefortpacifique.org\/edition2025\/author\/"},"uagb_comment_info":0,"uagb_excerpt":"Abel Hauata a marqu\u00e9 l&rsquo;histoire en devenant, \u00e0 l&rsquo;\u00e2ge de 19 ans, la premi\u00e8re femme transgenre \u00e9lue Miss Universit\u00e9 de la Polyn\u00e9sie Fran\u00e7aise en 2022.Sa participation au concours \u00e9tait initialement motiv\u00e9e par le d\u00e9sir d&rsquo;ajouter du dynamisme \u00e0 sa vie. Au fil de l&rsquo;aventure, Abel a vu une opportunit\u00e9 d&rsquo;utiliser cette plateforme pour promouvoir la\u2026","_links":{"self":[{"href":"https:\/\/www.rochefortpacifique.org\/edition2025\/wp-json\/wp\/v2\/festival\/6507","targetHints":{"allow":["GET"]}}],"collection":[{"href":"https:\/\/www.rochefortpacifique.org\/edition2025\/wp-json\/wp\/v2\/festival"}],"about":[{"href":"https:\/\/www.rochefortpacifique.org\/edition2025\/wp-json\/wp\/v2\/types\/festival"}],"version-history":[{"count":3,"href":"https:\/\/www.rochefortpacifique.org\/edition2025\/wp-json\/wp\/v2\/festival\/6507\/revisions"}],"predecessor-version":[{"id":6670,"href":"https:\/\/www.rochefortpacifique.org\/edition2025\/wp-json\/wp\/v2\/festival\/6507\/revisions\/6670"}],"wp:featuredmedia":[{"embeddable":true,"href":"https:\/\/www.rochefortpacifique.org\/edition2025\/wp-json\/wp\/v2\/media\/6669"}],"wp:attachment":[{"href":"https:\/\/www.rochefortpacifique.org\/edition2025\/wp-json\/wp\/v2\/media?parent=6507"}],"wp:term":[{"taxonomy":"edition","embeddable":true,"href":"https:\/\/www.rochefortpacifique.org\/edition2025\/wp-json\/wp\/v2\/edition?post=6507"},{"taxonomy":"personnalite","embeddable":true,"href":"https:\/\/www.rochefortpacifique.org\/edition2025\/wp-json\/wp\/v2\/personnalite?post=6507"},{"taxonomy":"evenement","embeddable":true,"href":"https:\/\/www.rochefortpacifique.org\/edition2025\/wp-json\/wp\/v2\/evenement?post=6507"}],"curies":[{"name":"wp","href":"https:\/\/api.w.org\/{rel}","templated":true}]}}

<p><strong>Abel Hauata a marqué l&rsquo;histoire en devenant, à l&rsquo;âge de 19 ans, la première femme transgenre élue Miss Université de la Polynésie Française en 2022</strong>.Sa participation au concours était initialement motivée par le désir d&rsquo;ajouter du dynamisme à sa vie. Au fil de l&rsquo;aventure, Abel a vu une opportunité d&rsquo;utiliser cette plateforme pour promouvoir la reconnaissance des femmes transgenres en tant que femmes à part entière.</p>



<p>Même si son sacre n&rsquo;a pas été sans polémiques, elle a exprimé sa fierté d&rsquo;avoir affronté ses peurs et d&rsquo;avoir contribué à ouvrir des portes pour la communauté transgenre, en Polynésie et dans le monde.</p>



<p><strong>« Fier.e.s », film dans lequel elle apparait, est présenté au Festival Rochefort Pacifique.</strong></p>

<p>Abel Hauata a marqué l&rsquo;histoire en devenant, à l&rsquo;âge de 19 ans, la première femme transgenre élue Miss Université de la Polynésie Française en 2022.Sa participation au concours était initialement motivée par le désir d&rsquo;ajouter du dynamisme à sa vie. Au fil de l&rsquo;aventure, Abel a vu une opportunité d&rsquo;utiliser cette plateforme pour promouvoir la [&hellip;]</p>

Abel Hauata a marqué l&rsquo;histoire en devenant, à l&rsquo;âge de 19 ans, la première femme transgenre élue Miss Université de la Polynésie Française en 2022.Sa participation au concours était initialement motivée par le désir d&rsquo;ajouter du dynamisme à sa vie. Au fil de l&rsquo;aventure, Abel a vu une opportunité d&rsquo;utiliser cette plateforme pour promouvoir la…
