{"id":6330,"date":"2025-03-27T15:21:39","date_gmt":"2025-03-27T14:21:39","guid":{"rendered":"https:\/\/www.rochefortpacifique.org\/edition2025\/?post_type=festival&#038;p=6330"},"modified":"2025-03-28T11:00:43","modified_gmt":"2025-03-28T10:00:43","slug":"catherine-ruelle","status":"publish","type":"festival","link":"https:\/\/www.rochefortpacifique.org\/edition2025\/festival\/catherine-ruelle\/","title":{"rendered":"Catherine Ruelle"},"content":{"rendered":"\n<p>Catherine Ruelle, journaliste et critique de cin\u00e9ma a fait une grande partie de sa carri\u00e8re \u00e0 RFI. Elle a contribu\u00e9 \u00e0 l\u2019organisation de manifestations cin\u00e9matographiques, au Forum des Images, \u00e0 la Cin\u00e9math\u00e8que fran\u00e7aise, etc\u2026 , a particip\u00e9 \u00e0 de nombreux jurys et co\u00e9crit plusieurs ouvrages consacr\u00e9s aux cin\u00e9mas d\u2019Afrique. Depuis 2010, elle anime les rencontres et les d\u00e9bats de plusieurs festivals consacr\u00e9s aux cin\u00e9mas du monde.<\/p>\n\n\n\n<blockquote class=\"wp-block-quote is-layout-flow wp-block-quote-is-layout-flow\">\n<p>Elle anime les pr\u00e9sentations de films du Festival Rochefort Pacifique.<\/p>\n<\/blockquote>\n","protected":false},"excerpt":{"rendered":"<p>Catherine Ruelle, journaliste et critique de cin\u00e9ma a fait une grande partie de sa carri\u00e8re \u00e0 RFI. Elle a contribu\u00e9 \u00e0 l\u2019organisation de manifestations cin\u00e9matographiques, au Forum des Images, \u00e0 la Cin\u00e9math\u00e8que fran\u00e7aise, etc\u2026 , a particip\u00e9 \u00e0 de nombreux jurys et co\u00e9crit plusieurs ouvrages consacr\u00e9s aux cin\u00e9mas d\u2019Afrique. Depuis 2010, elle anime les rencontres [&hellip;]<\/p>\n","protected":false},"featured_media":6424,"parent":0,"template":"","edition":[76],"personnalite":[84,77],"evenement":[],"class_list":["post-6330","festival","type-festival","status-publish","has-post-thumbnail","hentry","edition-76","personnalite-intervenante","personnalite-invite"],"acf":[],"uagb_featured_image_src":{"full":["https:\/\/www.rochefortpacifique.org\/edition2025\/wp-content\/uploads\/sites\/3\/2025\/03\/catherine_ruelle2.jpg",1200,1600,false],"thumbnail":["https:\/\/www.rochefortpacifique.org\/edition2025\/wp-content\/uploads\/sites\/3\/2025\/03\/catherine_ruelle2-150x150.jpg",150,150,true],"medium":["https:\/\/www.rochefortpacifique.org\/edition2025\/wp-content\/uploads\/sites\/3\/2025\/03\/catherine_ruelle2-225x300.jpg",225,300,true],"medium_large":["https:\/\/www.rochefortpacifique.org\/edition2025\/wp-content\/uploads\/sites\/3\/2025\/03\/catherine_ruelle2-768x1024.jpg",768,1024,true],"large":["https:\/\/www.rochefortpacifique.org\/edition2025\/wp-content\/uploads\/sites\/3\/2025\/03\/catherine_ruelle2-768x1024.jpg",768,1024,true],"1536x1536":["https:\/\/www.rochefortpacifique.org\/edition2025\/wp-content\/uploads\/sites\/3\/2025\/03\/catherine_ruelle2-1152x1536.jpg",1152,1536,true],"2048x2048":["https:\/\/www.rochefortpacifique.org\/edition2025\/wp-content\/uploads\/sites\/3\/2025\/03\/catherine_ruelle2.jpg",1200,1600,false]},"uagb_author_info":{"display_name":"Julien Taureau","author_link":"https:\/\/www.rochefortpacifique.org\/edition2025\/author\/"},"uagb_comment_info":0,"uagb_excerpt":"Catherine Ruelle, journaliste et critique de cin\u00e9ma a fait une grande partie de sa carri\u00e8re \u00e0 RFI. Elle a contribu\u00e9 \u00e0 l\u2019organisation de manifestations cin\u00e9matographiques, au Forum des Images, \u00e0 la Cin\u00e9math\u00e8que fran\u00e7aise, etc\u2026 , a particip\u00e9 \u00e0 de nombreux jurys et co\u00e9crit plusieurs ouvrages consacr\u00e9s aux cin\u00e9mas d\u2019Afrique. Depuis 2010, elle anime les rencontres\u2026","_links":{"self":[{"href":"https:\/\/www.rochefortpacifique.org\/edition2025\/wp-json\/wp\/v2\/festival\/6330","targetHints":{"allow":["GET"]}}],"collection":[{"href":"https:\/\/www.rochefortpacifique.org\/edition2025\/wp-json\/wp\/v2\/festival"}],"about":[{"href":"https:\/\/www.rochefortpacifique.org\/edition2025\/wp-json\/wp\/v2\/types\/festival"}],"version-history":[{"count":1,"href":"https:\/\/www.rochefortpacifique.org\/edition2025\/wp-json\/wp\/v2\/festival\/6330\/revisions"}],"predecessor-version":[{"id":6331,"href":"https:\/\/www.rochefortpacifique.org\/edition2025\/wp-json\/wp\/v2\/festival\/6330\/revisions\/6331"}],"wp:featuredmedia":[{"embeddable":true,"href":"https:\/\/www.rochefortpacifique.org\/edition2025\/wp-json\/wp\/v2\/media\/6424"}],"wp:attachment":[{"href":"https:\/\/www.rochefortpacifique.org\/edition2025\/wp-json\/wp\/v2\/media?parent=6330"}],"wp:term":[{"taxonomy":"edition","embeddable":true,"href":"https:\/\/www.rochefortpacifique.org\/edition2025\/wp-json\/wp\/v2\/edition?post=6330"},{"taxonomy":"personnalite","embeddable":true,"href":"https:\/\/www.rochefortpacifique.org\/edition2025\/wp-json\/wp\/v2\/personnalite?post=6330"},{"taxonomy":"evenement","embeddable":true,"href":"https:\/\/www.rochefortpacifique.org\/edition2025\/wp-json\/wp\/v2\/evenement?post=6330"}],"curies":[{"name":"wp","href":"https:\/\/api.w.org\/{rel}","templated":true}]}}

<p>Catherine Ruelle, journaliste et critique de cinéma a fait une grande partie de sa carrière à RFI. Elle a contribué à l’organisation de manifestations cinématographiques, au Forum des Images, à la Cinémathèque française, etc… , a participé à de nombreux jurys et coécrit plusieurs ouvrages consacrés aux cinémas d’Afrique. Depuis 2010, elle anime les rencontres et les débats de plusieurs festivals consacrés aux cinémas du monde.</p>



<blockquote class="wp-block-quote is-layout-flow wp-block-quote-is-layout-flow">
<p>Elle anime les présentations de films du Festival Rochefort Pacifique.</p>
</blockquote>

<p>Catherine Ruelle, journaliste et critique de cinéma a fait une grande partie de sa carrière à RFI. Elle a contribué à l’organisation de manifestations cinématographiques, au Forum des Images, à la Cinémathèque française, etc… , a participé à de nombreux jurys et coécrit plusieurs ouvrages consacrés aux cinémas d’Afrique. Depuis 2010, elle anime les rencontres [&hellip;]</p>

Catherine Ruelle, journaliste et critique de cinéma a fait une grande partie de sa carrière à RFI. Elle a contribué à l’organisation de manifestations cinématographiques, au Forum des Images, à la Cinémathèque française, etc… , a participé à de nombreux jurys et coécrit plusieurs ouvrages consacrés aux cinémas d’Afrique. Depuis 2010, elle anime les rencontres…
