{"id":6045,"date":"2025-03-10T11:21:19","date_gmt":"2025-03-10T10:21:19","guid":{"rendered":"https:\/\/www.rochefortpacifique.org\/edition2025\/?post_type=festival&#038;p=6045"},"modified":"2025-03-31T12:50:59","modified_gmt":"2025-03-31T10:50:59","slug":"tony-birch","status":"publish","type":"festival","link":"https:\/\/www.rochefortpacifique.org\/edition2025\/festival\/tony-birch\/","title":{"rendered":"Tony Birch"},"content":{"rendered":"\n<p>Tony Birch est un universitaire et militant aborig\u00e8ne australien, auteur de quatre romans, cinq recueils de nouvelles et deux recueils de po\u00e9sie. Ses romans int\u00e8grent des th\u00e8mes qui touchent les peuples indig\u00e8nes, tels que l&rsquo;oppression coloniale, la d\u00e9possession, la \u00ab g\u00e9n\u00e9ration vol\u00e9e \u00bb et la violence interg\u00e9n\u00e9rationnelle.<\/p>\n","protected":false},"excerpt":{"rendered":"<p>Tony Birch est un universitaire et militant aborig\u00e8ne australien, auteur de quatre romans, cinq recueils de nouvelles et deux recueils de po\u00e9sie. Ses romans int\u00e8grent des th\u00e8mes qui touchent les peuples indig\u00e8nes, tels que l&rsquo;oppression coloniale, la d\u00e9possession, la \u00ab g\u00e9n\u00e9ration vol\u00e9e \u00bb et la violence interg\u00e9n\u00e9rationnelle.<\/p>\n","protected":false},"featured_media":5869,"parent":0,"template":"","edition":[76],"personnalite":[81],"evenement":[],"class_list":["post-6045","festival","type-festival","status-publish","has-post-thumbnail","hentry","edition-76","personnalite-auteur"],"acf":[],"uagb_featured_image_src":{"full":["https:\/\/www.rochefortpacifique.org\/edition2025\/wp-content\/uploads\/sites\/3\/2025\/03\/Photo_Tony_Birch_1pourRVOceaniensFuturs.jpg",1920,1783,false],"thumbnail":["https:\/\/www.rochefortpacifique.org\/edition2025\/wp-content\/uploads\/sites\/3\/2025\/03\/Photo_Tony_Birch_1pourRVOceaniensFuturs-150x150.jpg",150,150,true],"medium":["https:\/\/www.rochefortpacifique.org\/edition2025\/wp-content\/uploads\/sites\/3\/2025\/03\/Photo_Tony_Birch_1pourRVOceaniensFuturs-300x279.jpg",300,279,true],"medium_large":["https:\/\/www.rochefortpacifique.org\/edition2025\/wp-content\/uploads\/sites\/3\/2025\/03\/Photo_Tony_Birch_1pourRVOceaniensFuturs-768x713.jpg",768,713,true],"large":["https:\/\/www.rochefortpacifique.org\/edition2025\/wp-content\/uploads\/sites\/3\/2025\/03\/Photo_Tony_Birch_1pourRVOceaniensFuturs-1024x951.jpg",800,743,true],"1536x1536":["https:\/\/www.rochefortpacifique.org\/edition2025\/wp-content\/uploads\/sites\/3\/2025\/03\/Photo_Tony_Birch_1pourRVOceaniensFuturs-1536x1426.jpg",1536,1426,true],"2048x2048":["https:\/\/www.rochefortpacifique.org\/edition2025\/wp-content\/uploads\/sites\/3\/2025\/03\/Photo_Tony_Birch_1pourRVOceaniensFuturs.jpg",1920,1783,false]},"uagb_author_info":{"display_name":"Julien Taureau","author_link":"https:\/\/www.rochefortpacifique.org\/edition2025\/author\/"},"uagb_comment_info":0,"uagb_excerpt":"Tony Birch est un universitaire et militant aborig\u00e8ne australien, auteur de quatre romans, cinq recueils de nouvelles et deux recueils de po\u00e9sie. Ses romans int\u00e8grent des th\u00e8mes qui touchent les peuples indig\u00e8nes, tels que l&rsquo;oppression coloniale, la d\u00e9possession, la \u00ab g\u00e9n\u00e9ration vol\u00e9e \u00bb et la violence interg\u00e9n\u00e9rationnelle.","_links":{"self":[{"href":"https:\/\/www.rochefortpacifique.org\/edition2025\/wp-json\/wp\/v2\/festival\/6045","targetHints":{"allow":["GET"]}}],"collection":[{"href":"https:\/\/www.rochefortpacifique.org\/edition2025\/wp-json\/wp\/v2\/festival"}],"about":[{"href":"https:\/\/www.rochefortpacifique.org\/edition2025\/wp-json\/wp\/v2\/types\/festival"}],"version-history":[{"count":1,"href":"https:\/\/www.rochefortpacifique.org\/edition2025\/wp-json\/wp\/v2\/festival\/6045\/revisions"}],"predecessor-version":[{"id":6046,"href":"https:\/\/www.rochefortpacifique.org\/edition2025\/wp-json\/wp\/v2\/festival\/6045\/revisions\/6046"}],"wp:featuredmedia":[{"embeddable":true,"href":"https:\/\/www.rochefortpacifique.org\/edition2025\/wp-json\/wp\/v2\/media\/5869"}],"wp:attachment":[{"href":"https:\/\/www.rochefortpacifique.org\/edition2025\/wp-json\/wp\/v2\/media?parent=6045"}],"wp:term":[{"taxonomy":"edition","embeddable":true,"href":"https:\/\/www.rochefortpacifique.org\/edition2025\/wp-json\/wp\/v2\/edition?post=6045"},{"taxonomy":"personnalite","embeddable":true,"href":"https:\/\/www.rochefortpacifique.org\/edition2025\/wp-json\/wp\/v2\/personnalite?post=6045"},{"taxonomy":"evenement","embeddable":true,"href":"https:\/\/www.rochefortpacifique.org\/edition2025\/wp-json\/wp\/v2\/evenement?post=6045"}],"curies":[{"name":"wp","href":"https:\/\/api.w.org\/{rel}","templated":true}]}}

<p>Tony Birch est un universitaire et militant aborigène australien, auteur de quatre romans, cinq recueils de nouvelles et deux recueils de poésie. Ses romans intègrent des thèmes qui touchent les peuples indigènes, tels que l&rsquo;oppression coloniale, la dépossession, la « génération volée » et la violence intergénérationnelle.</p>

Tony Birch est un universitaire et militant aborigène australien, auteur de quatre romans, cinq recueils de nouvelles et deux recueils de poésie. Ses romans intègrent des thèmes qui touchent les peuples indigènes, tels que l&rsquo;oppression coloniale, la dépossession, la « génération volée » et la violence intergénérationnelle.
