{"id":5867,"date":"2025-03-08T14:45:44","date_gmt":"2025-03-08T13:45:44","guid":{"rendered":"https:\/\/www.rochefortpacifique.org\/edition2025\/?post_type=festival&#038;p=5867"},"modified":"2025-03-31T09:51:03","modified_gmt":"2025-03-31T07:51:03","slug":"oui-cest-une-mutinerie","status":"publish","type":"festival","link":"https:\/\/www.rochefortpacifique.org\/edition2025\/festival\/oui-cest-une-mutinerie\/","title":{"rendered":"Oui, c&rsquo;est une Mutinerie"},"content":{"rendered":"\n<p>Po\u00e8me titre du septi\u00e8me livre de l\u2019auteur Chamorro qui rassemble des po\u00e8mes initialement publi\u00e9s dans des revues et des anthologies de 2008 \u00e0 2023. La po\u00e9sie de Craig SANTOS PEREZ partage l\u2019histoire et la culture autochtones pour offrir une gu\u00e9rison au traumatisme du colonialisme et de l\u2019injustice.<\/p>\n","protected":false},"excerpt":{"rendered":"<p>Po\u00e8me titre du septi\u00e8me livre de l\u2019auteur Chamorro qui rassemble des po\u00e8mes initialement publi\u00e9s dans des revues et des anthologies de 2008 \u00e0 2023. La po\u00e9sie de Craig SANTOS PEREZ partage l\u2019histoire et la culture autochtones pour offrir une gu\u00e9rison au traumatisme du colonialisme et de l\u2019injustice.<\/p>\n","protected":false},"featured_media":6508,"parent":0,"template":"","edition":[76,88],"personnalite":[],"evenement":[72],"class_list":["post-5867","festival","type-festival","status-publish","has-post-thumbnail","hentry","edition-76","edition-samedi-12-avril","evenement-rencontre-litteraire"],"acf":[],"uagb_featured_image_src":{"full":["https:\/\/www.rochefortpacifique.org\/edition2025\/wp-content\/uploads\/sites\/3\/2025\/03\/Mutinerie_couv.jpg",591,768,false],"thumbnail":["https:\/\/www.rochefortpacifique.org\/edition2025\/wp-content\/uploads\/sites\/3\/2025\/03\/Mutinerie_couv-150x150.jpg",150,150,true],"medium":["https:\/\/www.rochefortpacifique.org\/edition2025\/wp-content\/uploads\/sites\/3\/2025\/03\/Mutinerie_couv-231x300.jpg",231,300,true],"medium_large":["https:\/\/www.rochefortpacifique.org\/edition2025\/wp-content\/uploads\/sites\/3\/2025\/03\/Mutinerie_couv.jpg",591,768,false],"large":["https:\/\/www.rochefortpacifique.org\/edition2025\/wp-content\/uploads\/sites\/3\/2025\/03\/Mutinerie_couv.jpg",591,768,false],"1536x1536":["https:\/\/www.rochefortpacifique.org\/edition2025\/wp-content\/uploads\/sites\/3\/2025\/03\/Mutinerie_couv.jpg",591,768,false],"2048x2048":["https:\/\/www.rochefortpacifique.org\/edition2025\/wp-content\/uploads\/sites\/3\/2025\/03\/Mutinerie_couv.jpg",591,768,false]},"uagb_author_info":{"display_name":"Julien Taureau","author_link":"https:\/\/www.rochefortpacifique.org\/edition2025\/author\/"},"uagb_comment_info":0,"uagb_excerpt":"Po\u00e8me titre du septi\u00e8me livre de l\u2019auteur Chamorro qui rassemble des po\u00e8mes initialement publi\u00e9s dans des revues et des anthologies de 2008 \u00e0 2023. La po\u00e9sie de Craig SANTOS PEREZ partage l\u2019histoire et la culture autochtones pour offrir une gu\u00e9rison au traumatisme du colonialisme et de l\u2019injustice.","_links":{"self":[{"href":"https:\/\/www.rochefortpacifique.org\/edition2025\/wp-json\/wp\/v2\/festival\/5867","targetHints":{"allow":["GET"]}}],"collection":[{"href":"https:\/\/www.rochefortpacifique.org\/edition2025\/wp-json\/wp\/v2\/festival"}],"about":[{"href":"https:\/\/www.rochefortpacifique.org\/edition2025\/wp-json\/wp\/v2\/types\/festival"}],"version-history":[{"count":1,"href":"https:\/\/www.rochefortpacifique.org\/edition2025\/wp-json\/wp\/v2\/festival\/5867\/revisions"}],"predecessor-version":[{"id":6188,"href":"https:\/\/www.rochefortpacifique.org\/edition2025\/wp-json\/wp\/v2\/festival\/5867\/revisions\/6188"}],"wp:featuredmedia":[{"embeddable":true,"href":"https:\/\/www.rochefortpacifique.org\/edition2025\/wp-json\/wp\/v2\/media\/6508"}],"wp:attachment":[{"href":"https:\/\/www.rochefortpacifique.org\/edition2025\/wp-json\/wp\/v2\/media?parent=5867"}],"wp:term":[{"taxonomy":"edition","embeddable":true,"href":"https:\/\/www.rochefortpacifique.org\/edition2025\/wp-json\/wp\/v2\/edition?post=5867"},{"taxonomy":"personnalite","embeddable":true,"href":"https:\/\/www.rochefortpacifique.org\/edition2025\/wp-json\/wp\/v2\/personnalite?post=5867"},{"taxonomy":"evenement","embeddable":true,"href":"https:\/\/www.rochefortpacifique.org\/edition2025\/wp-json\/wp\/v2\/evenement?post=5867"}],"curies":[{"name":"wp","href":"https:\/\/api.w.org\/{rel}","templated":true}]}}

<p>Poème titre du septième livre de l’auteur Chamorro qui rassemble des poèmes initialement publiés dans des revues et des anthologies de 2008 à 2023. La poésie de Craig SANTOS PEREZ partage l’histoire et la culture autochtones pour offrir une guérison au traumatisme du colonialisme et de l’injustice.</p>

Poème titre du septième livre de l’auteur Chamorro qui rassemble des poèmes initialement publiés dans des revues et des anthologies de 2008 à 2023. La poésie de Craig SANTOS PEREZ partage l’histoire et la culture autochtones pour offrir une guérison au traumatisme du colonialisme et de l’injustice.
