{"id":5843,"date":"2025-03-08T14:09:16","date_gmt":"2025-03-08T13:09:16","guid":{"rendered":"https:\/\/www.rochefortpacifique.org\/edition2025\/?post_type=festival&#038;p=5843"},"modified":"2025-03-28T10:56:17","modified_gmt":"2025-03-28T09:56:17","slug":"bernard-bories","status":"publish","type":"festival","link":"https:\/\/www.rochefortpacifique.org\/edition2025\/festival\/bernard-bories\/","title":{"rendered":"Bernard Bories"},"content":{"rendered":"\n<p><strong>Bernard BORIES<\/strong>, ing\u00e9nieur de formation ayant travaill\u00e9 chez&nbsp;IBM, est passionn\u00e9 par les cin\u00e9mas australien et n\u00e9o-z\u00e9landais, ce qui l\u2019a conduit \u00e0 cr\u00e9er la cr\u00e9ation du festival des Antipodes, d\u00e9di\u00e9 \u00e0 ces cin\u00e9mas, qui a lieu \u00e0 Saint-Tropez chaque ann\u00e9e en octobre.<\/p>\n\n\n\n<p><strong>Il pr\u00e9sentera le film \u00ab\u00a0The Convert\u201d au Festival Rochefort Pacifique<\/strong><\/p>\n","protected":false},"excerpt":{"rendered":"<p>Bernard BORIES, ing\u00e9nieur de formation ayant travaill\u00e9 chez&nbsp;IBM, est passionn\u00e9 par les cin\u00e9mas australien et n\u00e9o-z\u00e9landais, ce qui l\u2019a conduit \u00e0 cr\u00e9er la cr\u00e9ation du festival des Antipodes, d\u00e9di\u00e9 \u00e0 ces cin\u00e9mas, qui a lieu \u00e0 Saint-Tropez chaque ann\u00e9e en octobre. Il pr\u00e9sentera le film \u00ab\u00a0The Convert\u201d au Festival Rochefort Pacifique<\/p>\n","protected":false},"featured_media":6420,"parent":0,"template":"","edition":[76],"personnalite":[78,77],"evenement":[],"class_list":["post-5843","festival","type-festival","status-publish","has-post-thumbnail","hentry","edition-76","personnalite-intervenant","personnalite-invite"],"acf":[],"uagb_featured_image_src":{"full":["https:\/\/www.rochefortpacifique.org\/edition2025\/wp-content\/uploads\/sites\/3\/2025\/03\/bernard-bories-president-du-580x0-2.webp",580,870,false],"thumbnail":["https:\/\/www.rochefortpacifique.org\/edition2025\/wp-content\/uploads\/sites\/3\/2025\/03\/bernard-bories-president-du-580x0-2-150x150.webp",150,150,true],"medium":["https:\/\/www.rochefortpacifique.org\/edition2025\/wp-content\/uploads\/sites\/3\/2025\/03\/bernard-bories-president-du-580x0-2-200x300.webp",200,300,true],"medium_large":["https:\/\/www.rochefortpacifique.org\/edition2025\/wp-content\/uploads\/sites\/3\/2025\/03\/bernard-bories-president-du-580x0-2.webp",580,870,false],"large":["https:\/\/www.rochefortpacifique.org\/edition2025\/wp-content\/uploads\/sites\/3\/2025\/03\/bernard-bories-president-du-580x0-2.webp",580,870,false],"1536x1536":["https:\/\/www.rochefortpacifique.org\/edition2025\/wp-content\/uploads\/sites\/3\/2025\/03\/bernard-bories-president-du-580x0-2.webp",580,870,false],"2048x2048":["https:\/\/www.rochefortpacifique.org\/edition2025\/wp-content\/uploads\/sites\/3\/2025\/03\/bernard-bories-president-du-580x0-2.webp",580,870,false]},"uagb_author_info":{"display_name":"Julien Taureau","author_link":"https:\/\/www.rochefortpacifique.org\/edition2025\/author\/"},"uagb_comment_info":0,"uagb_excerpt":"Bernard BORIES, ing\u00e9nieur de formation ayant travaill\u00e9 chez&nbsp;IBM, est passionn\u00e9 par les cin\u00e9mas australien et n\u00e9o-z\u00e9landais, ce qui l\u2019a conduit \u00e0 cr\u00e9er la cr\u00e9ation du festival des Antipodes, d\u00e9di\u00e9 \u00e0 ces cin\u00e9mas, qui a lieu \u00e0 Saint-Tropez chaque ann\u00e9e en octobre. Il pr\u00e9sentera le film \u00ab\u00a0The Convert\u201d au Festival Rochefort Pacifique","_links":{"self":[{"href":"https:\/\/www.rochefortpacifique.org\/edition2025\/wp-json\/wp\/v2\/festival\/5843","targetHints":{"allow":["GET"]}}],"collection":[{"href":"https:\/\/www.rochefortpacifique.org\/edition2025\/wp-json\/wp\/v2\/festival"}],"about":[{"href":"https:\/\/www.rochefortpacifique.org\/edition2025\/wp-json\/wp\/v2\/types\/festival"}],"version-history":[{"count":1,"href":"https:\/\/www.rochefortpacifique.org\/edition2025\/wp-json\/wp\/v2\/festival\/5843\/revisions"}],"predecessor-version":[{"id":6421,"href":"https:\/\/www.rochefortpacifique.org\/edition2025\/wp-json\/wp\/v2\/festival\/5843\/revisions\/6421"}],"wp:featuredmedia":[{"embeddable":true,"href":"https:\/\/www.rochefortpacifique.org\/edition2025\/wp-json\/wp\/v2\/media\/6420"}],"wp:attachment":[{"href":"https:\/\/www.rochefortpacifique.org\/edition2025\/wp-json\/wp\/v2\/media?parent=5843"}],"wp:term":[{"taxonomy":"edition","embeddable":true,"href":"https:\/\/www.rochefortpacifique.org\/edition2025\/wp-json\/wp\/v2\/edition?post=5843"},{"taxonomy":"personnalite","embeddable":true,"href":"https:\/\/www.rochefortpacifique.org\/edition2025\/wp-json\/wp\/v2\/personnalite?post=5843"},{"taxonomy":"evenement","embeddable":true,"href":"https:\/\/www.rochefortpacifique.org\/edition2025\/wp-json\/wp\/v2\/evenement?post=5843"}],"curies":[{"name":"wp","href":"https:\/\/api.w.org\/{rel}","templated":true}]}}

<p><strong>Bernard BORIES</strong>, ingénieur de formation ayant travaillé chez&nbsp;IBM, est passionné par les cinémas australien et néo-zélandais, ce qui l’a conduit à créer la création du festival des Antipodes, dédié à ces cinémas, qui a lieu à Saint-Tropez chaque année en octobre.</p>



<p><strong>Il présentera le film « The Convert” au Festival Rochefort Pacifique</strong></p>

<p>Bernard BORIES, ingénieur de formation ayant travaillé chez&nbsp;IBM, est passionné par les cinémas australien et néo-zélandais, ce qui l’a conduit à créer la création du festival des Antipodes, dédié à ces cinémas, qui a lieu à Saint-Tropez chaque année en octobre. Il présentera le film « The Convert” au Festival Rochefort Pacifique</p>

Bernard BORIES, ingénieur de formation ayant travaillé chez&nbsp;IBM, est passionné par les cinémas australien et néo-zélandais, ce qui l’a conduit à créer la création du festival des Antipodes, dédié à ces cinémas, qui a lieu à Saint-Tropez chaque année en octobre. Il présentera le film « The Convert” au Festival Rochefort Pacifique
