{"id":5832,"date":"2025-03-08T11:37:24","date_gmt":"2025-03-08T10:37:24","guid":{"rendered":"https:\/\/www.rochefortpacifique.org\/edition2025\/?post_type=festival&#038;p=5832"},"modified":"2025-03-26T10:10:49","modified_gmt":"2025-03-26T09:10:49","slug":"a-la-decouverte-de-lile-de-guam","status":"publish","type":"festival","link":"https:\/\/www.rochefortpacifique.org\/edition2025\/festival\/a-la-decouverte-de-lile-de-guam\/","title":{"rendered":"\u00c0 la d\u00e9couverte de l&rsquo;\u00efle de Guam"},"content":{"rendered":"\n<p>avec Neil ROMERO, cin\u00e9aste de Guam, Christophe SAND, arch\u00e9ologue de Nouvelle-Cal\u00e9donie, Adrien GOMBEAUD, journaliste<br><\/p>\n","protected":false},"excerpt":{"rendered":"<p>avec Neil ROMERO, cin\u00e9aste de Guam, Christophe SAND, arch\u00e9ologue de Nouvelle-Cal\u00e9donie, Adrien GOMBEAUD, journaliste<\/p>\n","protected":false},"featured_media":5833,"parent":0,"template":"","edition":[76,87],"personnalite":[],"evenement":[73],"class_list":["post-5832","festival","type-festival","status-publish","has-post-thumbnail","hentry","edition-76","edition-vendredi-11-avril","evenement-table-ronde"],"acf":[],"uagb_featured_image_src":{"full":["https:\/\/www.rochefortpacifique.org\/edition2025\/wp-content\/uploads\/sites\/3\/2025\/03\/b8-scaled.jpg",2560,896,false],"thumbnail":["https:\/\/www.rochefortpacifique.org\/edition2025\/wp-content\/uploads\/sites\/3\/2025\/03\/b8-150x150.jpg",150,150,true],"medium":["https:\/\/www.rochefortpacifique.org\/edition2025\/wp-content\/uploads\/sites\/3\/2025\/03\/b8-300x105.jpg",300,105,true],"medium_large":["https:\/\/www.rochefortpacifique.org\/edition2025\/wp-content\/uploads\/sites\/3\/2025\/03\/b8-768x269.jpg",768,269,true],"large":["https:\/\/www.rochefortpacifique.org\/edition2025\/wp-content\/uploads\/sites\/3\/2025\/03\/b8-1024x358.jpg",800,280,true],"1536x1536":["https:\/\/www.rochefortpacifique.org\/edition2025\/wp-content\/uploads\/sites\/3\/2025\/03\/b8-1536x538.jpg",1536,538,true],"2048x2048":["https:\/\/www.rochefortpacifique.org\/edition2025\/wp-content\/uploads\/sites\/3\/2025\/03\/b8-2048x717.jpg",2048,717,true]},"uagb_author_info":{"display_name":"Julien Taureau","author_link":"https:\/\/www.rochefortpacifique.org\/edition2025\/author\/"},"uagb_comment_info":0,"uagb_excerpt":"avec Neil ROMERO, cin\u00e9aste de Guam, Christophe SAND, arch\u00e9ologue de Nouvelle-Cal\u00e9donie, Adrien GOMBEAUD, journaliste","_links":{"self":[{"href":"https:\/\/www.rochefortpacifique.org\/edition2025\/wp-json\/wp\/v2\/festival\/5832","targetHints":{"allow":["GET"]}}],"collection":[{"href":"https:\/\/www.rochefortpacifique.org\/edition2025\/wp-json\/wp\/v2\/festival"}],"about":[{"href":"https:\/\/www.rochefortpacifique.org\/edition2025\/wp-json\/wp\/v2\/types\/festival"}],"version-history":[{"count":1,"href":"https:\/\/www.rochefortpacifique.org\/edition2025\/wp-json\/wp\/v2\/festival\/5832\/revisions"}],"predecessor-version":[{"id":6237,"href":"https:\/\/www.rochefortpacifique.org\/edition2025\/wp-json\/wp\/v2\/festival\/5832\/revisions\/6237"}],"wp:featuredmedia":[{"embeddable":true,"href":"https:\/\/www.rochefortpacifique.org\/edition2025\/wp-json\/wp\/v2\/media\/5833"}],"wp:attachment":[{"href":"https:\/\/www.rochefortpacifique.org\/edition2025\/wp-json\/wp\/v2\/media?parent=5832"}],"wp:term":[{"taxonomy":"edition","embeddable":true,"href":"https:\/\/www.rochefortpacifique.org\/edition2025\/wp-json\/wp\/v2\/edition?post=5832"},{"taxonomy":"personnalite","embeddable":true,"href":"https:\/\/www.rochefortpacifique.org\/edition2025\/wp-json\/wp\/v2\/personnalite?post=5832"},{"taxonomy":"evenement","embeddable":true,"href":"https:\/\/www.rochefortpacifique.org\/edition2025\/wp-json\/wp\/v2\/evenement?post=5832"}],"curies":[{"name":"wp","href":"https:\/\/api.w.org\/{rel}","templated":true}]}}

À la découverte de l&rsquo;ïle de Guam

<p>avec Neil ROMERO, cinéaste de Guam, Christophe SAND, archéologue de Nouvelle-Calédonie, Adrien GOMBEAUD, journaliste<br></p>

<p>avec Neil ROMERO, cinéaste de Guam, Christophe SAND, archéologue de Nouvelle-Calédonie, Adrien GOMBEAUD, journaliste</p>

avec Neil ROMERO, cinéaste de Guam, Christophe SAND, archéologue de Nouvelle-Calédonie, Adrien GOMBEAUD, journaliste
