{"id":5828,"date":"2025-03-08T11:26:22","date_gmt":"2025-03-08T10:26:22","guid":{"rendered":"https:\/\/www.rochefortpacifique.org\/edition2025\/?post_type=festival&#038;p=5828"},"modified":"2025-04-03T16:21:14","modified_gmt":"2025-04-03T14:21:14","slug":"war-for-guam","status":"publish","type":"festival","link":"https:\/\/www.rochefortpacifique.org\/edition2025\/festival\/war-for-guam\/","title":{"rendered":"War for Guam"},"content":{"rendered":"\n<div class=\"wp-block-group\"><div class=\"wp-block-group__inner-container is-layout-constrained wp-block-group-is-layout-constrained\">\n<h2 class=\"wp-block-heading\">R\u00e9sum\u00e9<\/h2>\n\n\n\n<p>L&rsquo;histoire du peuple autochtone de Guam, les Chamorros, qui sont rest\u00e9s fid\u00e8les aux \u00c9tats-Unis sous l\u2019occupation japonaise brutale de 1941-44, mais qui ont \u00e9t\u00e9 d\u00e9pouill\u00e9s d&rsquo;une grande partie de leurs terres ancestrales pour construire des installations militaires apr\u00e8s la Seconde Guerre mondiale. \u00c0 travers des images d&rsquo;archives rarement vues, ainsi que des t\u00e9moignages de survivants et de leurs descendants, War for Guam explore l&rsquo;exp\u00e9rience et l&rsquo;h\u00e9ritage durable de la Seconde Guerre mondiale sur l&rsquo;\u00eele.<\/p>\n\n\n\n<div style=\"height:3em\" aria-hidden=\"true\" class=\"wp-block-spacer\"><\/div>\n\n\n\n<h2 class=\"wp-block-heading\">Bande-annonce \/ extra\u00eet<\/h2>\n\n\n\n<figure class=\"wp-block-embed is-type-video is-provider-youtube wp-block-embed-youtube wp-embed-aspect-16-9 wp-has-aspect-ratio\"><div class=\"wp-block-embed__wrapper\">\n<div class=\"ratio ratio-16x9\"><iframe loading=\"lazy\" title=\"Teaser - WAR FOR GUAM\" width=\"800\" height=\"450\" src=\"https:\/\/www.youtube.com\/embed\/fCZXsi8Pjzs?feature=oembed\" frameborder=\"0\" allow=\"accelerometer; autoplay; clipboard-write; encrypted-media; gyroscope; picture-in-picture; web-share\" referrerpolicy=\"strict-origin-when-cross-origin\" allowfullscreen><\/iframe><\/div>\n<\/div><\/figure>\n\n\n\n<div style=\"height:3em\" aria-hidden=\"true\" class=\"wp-block-spacer\"><\/div>\n\n\n\n<h2 class=\"wp-block-heading\">Photos du film<\/h2>\n\n\n\t\t\t\t\t<div\n\t\t\t\t\t\tclass=\"wp-block-uagb-image-gallery uagb-block-7125a892     \"\n\t\t\t\t\t\tstyle=\"\"\n\t\t\t\t\t>\n\t\t\t\t\t\t\t\t\t\t\t<div class=\"spectra-image-gallery spectra-image-gallery__layout--grid spectra-image-gallery__layout--grid-col-3 spectra-image-gallery__layout--grid-col-tab-3 spectra-image-gallery__layout--grid-col-mob-2\">\n\t\t\t\t\t\t\t\t\t\t\t<div class='spectra-image-gallery__media-wrapper' data-spectra-gallery-image-id='5993' tabindex=\"0\">\n\t\t\t\t\t\t\t<div class=\"spectra-image-gallery__media spectra-image-gallery__media--grid\">\n\t\t\t\t<picture>\n\t\t\t\t\t<source media=\"(min-width: 1024px)\" srcset=\"https:\/\/www.rochefortpacifique.org\/edition2025\/wp-content\/uploads\/sites\/3\/2025\/03\/war-for-guam_photos_film_festival-2025-4-1024x756.jpg\">\n\t\t\t\t\t<source media=\"(min-width: 768px)\" srcset=\"https:\/\/www.rochefortpacifique.org\/edition2025\/wp-content\/uploads\/sites\/3\/2025\/03\/war-for-guam_photos_film_festival-2025-4-1024x756.jpg\">\n\t\t\t\t\t<img decoding=\"async\" class=\"spectra-image-gallery__media-thumbnail spectra-image-gallery__media-thumbnail--grid\" src=\"https:\/\/www.rochefortpacifique.org\/edition2025\/wp-content\/uploads\/sites\/3\/2025\/03\/war-for-guam_photos_film_festival-2025-4-300x222.jpg\" alt=\"\" loading=\"lazy\" \/>\n\t\t\t\t<\/picture>\n\t\t\t\t<div class=\"spectra-image-gallery__media-thumbnail-blurrer\"><\/div>\n\t\t\t\t\t\t\t\t\t\t\t<div class=\"spectra-image-gallery__media-thumbnail-caption-wrapper spectra-image-gallery__media-thumbnail-caption-wrapper--overlay\"><\/div>\n\t\t\t\t\t\t\t\t<\/div>\n\t\t\t\t\t\t<\/div>\n\t\t\t\t\t\t<div class='spectra-image-gallery__media-wrapper' data-spectra-gallery-image-id='5994' tabindex=\"0\">\n\t\t\t\t\t\t\t<div class=\"spectra-image-gallery__media spectra-image-gallery__media--grid\">\n\t\t\t\t<picture>\n\t\t\t\t\t<source media=\"(min-width: 1024px)\" srcset=\"https:\/\/www.rochefortpacifique.org\/edition2025\/wp-content\/uploads\/sites\/3\/2025\/03\/war-for-guam_photos_film_festival-2025-3-1024x627.jpg\">\n\t\t\t\t\t<source media=\"(min-width: 768px)\" srcset=\"https:\/\/www.rochefortpacifique.org\/edition2025\/wp-content\/uploads\/sites\/3\/2025\/03\/war-for-guam_photos_film_festival-2025-3-1024x627.jpg\">\n\t\t\t\t\t<img decoding=\"async\" class=\"spectra-image-gallery__media-thumbnail spectra-image-gallery__media-thumbnail--grid\" src=\"https:\/\/www.rochefortpacifique.org\/edition2025\/wp-content\/uploads\/sites\/3\/2025\/03\/war-for-guam_photos_film_festival-2025-3-300x184.jpg\" alt=\"\" loading=\"lazy\" \/>\n\t\t\t\t<\/picture>\n\t\t\t\t<div class=\"spectra-image-gallery__media-thumbnail-blurrer\"><\/div>\n\t\t\t\t\t\t\t\t\t\t\t<div class=\"spectra-image-gallery__media-thumbnail-caption-wrapper spectra-image-gallery__media-thumbnail-caption-wrapper--overlay\"><\/div>\n\t\t\t\t\t\t\t\t<\/div>\n\t\t\t\t\t\t<\/div>\n\t\t\t\t\t\t\t\t\t\t<\/div>\n\t\t\t\t\t\t\t\t\t\t\t\t\t\t\t\t\t\t<\/div>\n\t\t\t\t\t\t\t\t\t\t\t<div class='spectra-image-gallery__control-lightbox' tabindex='0'>\n\t\t\t\t\t\t\t\t\t\t\t<div class=\"swiper spectra-image-gallery__control-lightbox--main\" dir=\"\">\n\t\t\t\t\t<div class=\"swiper-wrapper\">\n\t\t\t\t\t\t\t\t\t\t\t\t\t\n\t\t\t\t\t\t\t<div class=\"swiper-slide\">\n\t\t\t\t\t\t\t\t<img class=\"swiper-lazy\" data-src=\"https:\/\/www.rochefortpacifique.org\/edition2025\/wp-content\/uploads\/sites\/3\/2025\/03\/war-for-guam_photos_film_festival-2025-4.jpg\" alt=\"\"\/>\n\t\t\t\t\t\t\t\t<div class=\"swiper-lazy-preloader swiper-lazy-preloader-white\"><\/div>\n\t\t\t\t\t\t\t\t\t\t\t\t\t\t\t<\/div>\n\t\t\t\t\t\t\t\t\t\t\t\t\t\n\t\t\t\t\t\t\t<div class=\"swiper-slide\">\n\t\t\t\t\t\t\t\t<img class=\"swiper-lazy\" data-src=\"https:\/\/www.rochefortpacifique.org\/edition2025\/wp-content\/uploads\/sites\/3\/2025\/03\/war-for-guam_photos_film_festival-2025-3.jpg\" alt=\"\"\/>\n\t\t\t\t\t\t\t\t<div class=\"swiper-lazy-preloader swiper-lazy-preloader-white\"><\/div>\n\t\t\t\t\t\t\t\t\t\t\t\t\t\t\t<\/div>\n\t\t\t\t\t\t\t\t\t\t\t<\/div>\n\t\t\t\t\t<div class=\"swiper-button-next\"><\/div>\n\t\t\t\t\t<div class=\"swiper-button-prev\"><\/div>\n\t\t\t\t<\/div>\t\t\t\n\t\t\t\t\t\t\t\t\t\t\t\t\t\t\t\t\t\t\t\t\t\t\t\t\t\t\t\t\t\t\t\t<button class='spectra-image-gallery__control-lightbox--close' aria-label=\"Close\">\n\t\t\t\t\t\t\t\t\t\t\t\t\t<svg xmlns=\"https:\/\/www.w3.org\/2000\/svg\" viewBox= \"0 0 320 512\"><path d=\"M310.6 361.4c12.5 12.5 12.5 32.75 0 45.25C304.4 412.9 296.2 416 288 416s-16.38-3.125-22.62-9.375L160 301.3L54.63 406.6C48.38 412.9 40.19 416 32 416S15.63 412.9 9.375 406.6c-12.5-12.5-12.5-32.75 0-45.25l105.4-105.4L9.375 150.6c-12.5-12.5-12.5-32.75 0-45.25s32.75-12.5 45.25 0L160 210.8l105.4-105.4c12.5-12.5 32.75-12.5 45.25 0s12.5 32.75 0 45.25l-105.4 105.4L310.6 361.4z\"><\/path><\/svg>\n\t\t\t\t\t\t\t\t\t\t\t\t<\/button>\n\t\t\t\t\t\t\t\t\t\t\t\t\t<\/div>\n\t\t\t\t\t\t\t\t\t<\/div><\/div>\n\n\n\n<p><\/p>\n","protected":false},"excerpt":{"rendered":"<p>R\u00e9sum\u00e9 L&rsquo;histoire du peuple autochtone de Guam, les Chamorros, qui sont rest\u00e9s fid\u00e8les aux \u00c9tats-Unis sous l\u2019occupation japonaise brutale de 1941-44, mais qui ont \u00e9t\u00e9 d\u00e9pouill\u00e9s d&rsquo;une grande partie de leurs terres ancestrales pour construire des installations militaires apr\u00e8s la Seconde Guerre mondiale. \u00c0 travers des images d&rsquo;archives rarement vues, ainsi que des t\u00e9moignages de [&hellip;]<\/p>\n","protected":false},"featured_media":5752,"parent":0,"template":"","edition":[76,87],"personnalite":[],"evenement":[71],"class_list":["post-5828","festival","type-festival","status-publish","has-post-thumbnail","hentry","edition-76","edition-vendredi-11-avril","evenement-cine-debat"],"acf":[],"uagb_featured_image_src":{"full":["https:\/\/www.rochefortpacifique.org\/edition2025\/wp-content\/uploads\/sites\/3\/2025\/03\/WarForGuam-affiche.jpg",1389,1920,false],"thumbnail":["https:\/\/www.rochefortpacifique.org\/edition2025\/wp-content\/uploads\/sites\/3\/2025\/03\/WarForGuam-affiche-150x150.jpg",150,150,true],"medium":["https:\/\/www.rochefortpacifique.org\/edition2025\/wp-content\/uploads\/sites\/3\/2025\/03\/WarForGuam-affiche-217x300.jpg",217,300,true],"medium_large":["https:\/\/www.rochefortpacifique.org\/edition2025\/wp-content\/uploads\/sites\/3\/2025\/03\/WarForGuam-affiche-768x1062.jpg",768,1062,true],"large":["https:\/\/www.rochefortpacifique.org\/edition2025\/wp-content\/uploads\/sites\/3\/2025\/03\/WarForGuam-affiche-741x1024.jpg",741,1024,true],"1536x1536":["https:\/\/www.rochefortpacifique.org\/edition2025\/wp-content\/uploads\/sites\/3\/2025\/03\/WarForGuam-affiche-1111x1536.jpg",1111,1536,true],"2048x2048":["https:\/\/www.rochefortpacifique.org\/edition2025\/wp-content\/uploads\/sites\/3\/2025\/03\/WarForGuam-affiche.jpg",1389,1920,false]},"uagb_author_info":{"display_name":"Julien Taureau","author_link":"https:\/\/www.rochefortpacifique.org\/edition2025\/author\/"},"uagb_comment_info":0,"uagb_excerpt":"R\u00e9sum\u00e9 L&rsquo;histoire du peuple autochtone de Guam, les Chamorros, qui sont rest\u00e9s fid\u00e8les aux \u00c9tats-Unis sous l\u2019occupation japonaise brutale de 1941-44, mais qui ont \u00e9t\u00e9 d\u00e9pouill\u00e9s d&rsquo;une grande partie de leurs terres ancestrales pour construire des installations militaires apr\u00e8s la Seconde Guerre mondiale. \u00c0 travers des images d&rsquo;archives rarement vues, ainsi que des t\u00e9moignages de\u2026","_links":{"self":[{"href":"https:\/\/www.rochefortpacifique.org\/edition2025\/wp-json\/wp\/v2\/festival\/5828","targetHints":{"allow":["GET"]}}],"collection":[{"href":"https:\/\/www.rochefortpacifique.org\/edition2025\/wp-json\/wp\/v2\/festival"}],"about":[{"href":"https:\/\/www.rochefortpacifique.org\/edition2025\/wp-json\/wp\/v2\/types\/festival"}],"version-history":[{"count":3,"href":"https:\/\/www.rochefortpacifique.org\/edition2025\/wp-json\/wp\/v2\/festival\/5828\/revisions"}],"predecessor-version":[{"id":6675,"href":"https:\/\/www.rochefortpacifique.org\/edition2025\/wp-json\/wp\/v2\/festival\/5828\/revisions\/6675"}],"wp:featuredmedia":[{"embeddable":true,"href":"https:\/\/www.rochefortpacifique.org\/edition2025\/wp-json\/wp\/v2\/media\/5752"}],"wp:attachment":[{"href":"https:\/\/www.rochefortpacifique.org\/edition2025\/wp-json\/wp\/v2\/media?parent=5828"}],"wp:term":[{"taxonomy":"edition","embeddable":true,"href":"https:\/\/www.rochefortpacifique.org\/edition2025\/wp-json\/wp\/v2\/edition?post=5828"},{"taxonomy":"personnalite","embeddable":true,"href":"https:\/\/www.rochefortpacifique.org\/edition2025\/wp-json\/wp\/v2\/personnalite?post=5828"},{"taxonomy":"evenement","embeddable":true,"href":"https:\/\/www.rochefortpacifique.org\/edition2025\/wp-json\/wp\/v2\/evenement?post=5828"}],"curies":[{"name":"wp","href":"https:\/\/api.w.org\/{rel}","templated":true}]}}

<div class="wp-block-group"><div class="wp-block-group__inner-container is-layout-constrained wp-block-group-is-layout-constrained">
<h2 class="wp-block-heading">Résumé</h2>



<p>L&rsquo;histoire du peuple autochtone de Guam, les Chamorros, qui sont restés fidèles aux États-Unis sous l’occupation japonaise brutale de 1941-44, mais qui ont été dépouillés d&rsquo;une grande partie de leurs terres ancestrales pour construire des installations militaires après la Seconde Guerre mondiale. À travers des images d&rsquo;archives rarement vues, ainsi que des témoignages de survivants et de leurs descendants, War for Guam explore l&rsquo;expérience et l&rsquo;héritage durable de la Seconde Guerre mondiale sur l&rsquo;île.</p>



<div style="height:3em" aria-hidden="true" class="wp-block-spacer"></div>



<h2 class="wp-block-heading">Bande-annonce / extraît</h2>



<figure class="wp-block-embed is-type-video is-provider-youtube wp-block-embed-youtube wp-embed-aspect-16-9 wp-has-aspect-ratio"><div class="wp-block-embed__wrapper">
<div class="ratio ratio-16x9"><iframe loading="lazy" title="Teaser - WAR FOR GUAM" width="800" height="450" src="https://www.youtube.com/embed/fCZXsi8Pjzs?feature=oembed" frameborder="0" allow="accelerometer; autoplay; clipboard-write; encrypted-media; gyroscope; picture-in-picture; web-share" referrerpolicy="strict-origin-when-cross-origin" allowfullscreen></iframe></div>
</div></figure>



<div style="height:3em" aria-hidden="true" class="wp-block-spacer"></div>



<h2 class="wp-block-heading">Photos du film</h2>


					<div
						class="wp-block-uagb-image-gallery uagb-block-7125a892     "
						style=""
					>
											<div class="spectra-image-gallery spectra-image-gallery__layout--grid spectra-image-gallery__layout--grid-col-3 spectra-image-gallery__layout--grid-col-tab-3 spectra-image-gallery__layout--grid-col-mob-2">
											<div class='spectra-image-gallery__media-wrapper' data-spectra-gallery-image-id='5993' tabindex="0">
							<div class="spectra-image-gallery__media spectra-image-gallery__media--grid">
				<picture>
					<source media="(min-width: 1024px)" srcset="https://www.rochefortpacifique.org/edition2025/wp-content/uploads/sites/3/2025/03/war-for-guam_photos_film_festival-2025-4-1024x756.jpg">
					<source media="(min-width: 768px)" srcset="https://www.rochefortpacifique.org/edition2025/wp-content/uploads/sites/3/2025/03/war-for-guam_photos_film_festival-2025-4-1024x756.jpg">
					<img decoding="async" class="spectra-image-gallery__media-thumbnail spectra-image-gallery__media-thumbnail--grid" src="https://www.rochefortpacifique.org/edition2025/wp-content/uploads/sites/3/2025/03/war-for-guam_photos_film_festival-2025-4-300x222.jpg" alt="" loading="lazy" />
				</picture>
				<div class="spectra-image-gallery__media-thumbnail-blurrer"></div>
											<div class="spectra-image-gallery__media-thumbnail-caption-wrapper spectra-image-gallery__media-thumbnail-caption-wrapper--overlay"></div>
								</div>
						</div>
						<div class='spectra-image-gallery__media-wrapper' data-spectra-gallery-image-id='5994' tabindex="0">
							<div class="spectra-image-gallery__media spectra-image-gallery__media--grid">
				<picture>
					<source media="(min-width: 1024px)" srcset="https://www.rochefortpacifique.org/edition2025/wp-content/uploads/sites/3/2025/03/war-for-guam_photos_film_festival-2025-3-1024x627.jpg">
					<source media="(min-width: 768px)" srcset="https://www.rochefortpacifique.org/edition2025/wp-content/uploads/sites/3/2025/03/war-for-guam_photos_film_festival-2025-3-1024x627.jpg">
					<img decoding="async" class="spectra-image-gallery__media-thumbnail spectra-image-gallery__media-thumbnail--grid" src="https://www.rochefortpacifique.org/edition2025/wp-content/uploads/sites/3/2025/03/war-for-guam_photos_film_festival-2025-3-300x184.jpg" alt="" loading="lazy" />
				</picture>
				<div class="spectra-image-gallery__media-thumbnail-blurrer"></div>
											<div class="spectra-image-gallery__media-thumbnail-caption-wrapper spectra-image-gallery__media-thumbnail-caption-wrapper--overlay"></div>
								</div>
						</div>
										</div>
																		</div>
											<div class='spectra-image-gallery__control-lightbox' tabindex='0'>
											<div class="swiper spectra-image-gallery__control-lightbox--main" dir="">
					<div class="swiper-wrapper">
													
							<div class="swiper-slide">
								<img class="swiper-lazy" data-src="https://www.rochefortpacifique.org/edition2025/wp-content/uploads/sites/3/2025/03/war-for-guam_photos_film_festival-2025-4.jpg" alt=""/>
								<div class="swiper-lazy-preloader swiper-lazy-preloader-white"></div>
															</div>
													
							<div class="swiper-slide">
								<img class="swiper-lazy" data-src="https://www.rochefortpacifique.org/edition2025/wp-content/uploads/sites/3/2025/03/war-for-guam_photos_film_festival-2025-3.jpg" alt=""/>
								<div class="swiper-lazy-preloader swiper-lazy-preloader-white"></div>
															</div>
											</div>
					<div class="swiper-button-next"></div>
					<div class="swiper-button-prev"></div>
				</div>			
																																<button class='spectra-image-gallery__control-lightbox--close' aria-label="Close">
													<svg xmlns="https://www.w3.org/2000/svg" viewBox= "0 0 320 512"><path d="M310.6 361.4c12.5 12.5 12.5 32.75 0 45.25C304.4 412.9 296.2 416 288 416s-16.38-3.125-22.62-9.375L160 301.3L54.63 406.6C48.38 412.9 40.19 416 32 416S15.63 412.9 9.375 406.6c-12.5-12.5-12.5-32.75 0-45.25l105.4-105.4L9.375 150.6c-12.5-12.5-12.5-32.75 0-45.25s32.75-12.5 45.25 0L160 210.8l105.4-105.4c12.5-12.5 32.75-12.5 45.25 0s12.5 32.75 0 45.25l-105.4 105.4L310.6 361.4z"></path></svg>
												</button>
													</div>
									</div></div>



<p></p>

<p>Résumé L&rsquo;histoire du peuple autochtone de Guam, les Chamorros, qui sont restés fidèles aux États-Unis sous l’occupation japonaise brutale de 1941-44, mais qui ont été dépouillés d&rsquo;une grande partie de leurs terres ancestrales pour construire des installations militaires après la Seconde Guerre mondiale. À travers des images d&rsquo;archives rarement vues, ainsi que des témoignages de [&hellip;]</p>

Résumé L&rsquo;histoire du peuple autochtone de Guam, les Chamorros, qui sont restés fidèles aux États-Unis sous l’occupation japonaise brutale de 1941-44, mais qui ont été dépouillés d&rsquo;une grande partie de leurs terres ancestrales pour construire des installations militaires après la Seconde Guerre mondiale. À travers des images d&rsquo;archives rarement vues, ainsi que des témoignages de…
