{"id":5821,"date":"2025-03-08T11:00:31","date_gmt":"2025-03-08T10:00:31","guid":{"rendered":"https:\/\/www.rochefortpacifique.org\/edition2025\/?post_type=festival&#038;p=5821"},"modified":"2025-09-20T11:25:56","modified_gmt":"2025-09-20T09:25:56","slug":"bereziina","status":"publish","type":"festival","link":"https:\/\/www.rochefortpacifique.org\/edition2025\/festival\/bereziina\/","title":{"rendered":"BEREZIINA"},"content":{"rendered":"\n<p>\u00c0 Noum\u00e9a, Zerbina, une jeune danseuse de hip-hop kanak doit s\u2019\u00e9clipser d\u2019une r\u00e9p\u00e9tition car son p\u00e8re la convoque en brousse. Retour difficile \u00e0 la tribu pour la jeune fille.<\/p>\n\n\n\n<div style=\"height:60px\" aria-hidden=\"true\" class=\"wp-block-spacer\"><\/div>\n\n\n\n<h2 class=\"wp-block-heading\">Cin\u00e9-d\u00e9bat<\/h2>\n\n\n\n<figure class=\"wp-block-embed is-type-video is-provider-youtube wp-block-embed-youtube wp-embed-aspect-16-9 wp-has-aspect-ratio\"><div class=\"wp-block-embed__wrapper\">\n<div class=\"ratio ratio-16x9\"><iframe loading=\"lazy\" title=\"Cin\u00e9 D\u00e9bat sur le film &quot;Bereziina&quot; au 19e festival Rochefort Pacifique 2025\" width=\"800\" height=\"450\" src=\"https:\/\/www.youtube.com\/embed\/lclCKGYfMNU?feature=oembed\" frameborder=\"0\" allow=\"accelerometer; autoplay; clipboard-write; encrypted-media; gyroscope; picture-in-picture; web-share\" referrerpolicy=\"strict-origin-when-cross-origin\" allowfullscreen><\/iframe><\/div>\n<\/div><\/figure>\n","protected":false},"excerpt":{"rendered":"<p>\u00c0 Noum\u00e9a, Zerbina, une jeune danseuse de hip-hop kanak doit s\u2019\u00e9clipser d\u2019une r\u00e9p\u00e9tition car son p\u00e8re la convoque en brousse. Retour difficile \u00e0 la tribu pour la jeune fille. Cin\u00e9-d\u00e9bat<\/p>\n","protected":false},"featured_media":5754,"parent":0,"template":"","edition":[76,87],"personnalite":[],"evenement":[71],"class_list":["post-5821","festival","type-festival","status-publish","has-post-thumbnail","hentry","edition-76","edition-vendredi-11-avril","evenement-cine-debat"],"acf":[],"uagb_featured_image_src":{"full":["https:\/\/www.rochefortpacifique.org\/edition2025\/wp-content\/uploads\/sites\/3\/2025\/03\/BereziinaPoster.jpg",1437,1920,false],"thumbnail":["https:\/\/www.rochefortpacifique.org\/edition2025\/wp-content\/uploads\/sites\/3\/2025\/03\/BereziinaPoster-150x150.jpg",150,150,true],"medium":["https:\/\/www.rochefortpacifique.org\/edition2025\/wp-content\/uploads\/sites\/3\/2025\/03\/BereziinaPoster-225x300.jpg",225,300,true],"medium_large":["https:\/\/www.rochefortpacifique.org\/edition2025\/wp-content\/uploads\/sites\/3\/2025\/03\/BereziinaPoster-768x1026.jpg",768,1026,true],"large":["https:\/\/www.rochefortpacifique.org\/edition2025\/wp-content\/uploads\/sites\/3\/2025\/03\/BereziinaPoster-766x1024.jpg",766,1024,true],"1536x1536":["https:\/\/www.rochefortpacifique.org\/edition2025\/wp-content\/uploads\/sites\/3\/2025\/03\/BereziinaPoster-1150x1536.jpg",1150,1536,true],"2048x2048":["https:\/\/www.rochefortpacifique.org\/edition2025\/wp-content\/uploads\/sites\/3\/2025\/03\/BereziinaPoster.jpg",1437,1920,false]},"uagb_author_info":{"display_name":"Julien Taureau","author_link":"https:\/\/www.rochefortpacifique.org\/edition2025\/author\/"},"uagb_comment_info":0,"uagb_excerpt":"\u00c0 Noum\u00e9a, Zerbina, une jeune danseuse de hip-hop kanak doit s\u2019\u00e9clipser d\u2019une r\u00e9p\u00e9tition car son p\u00e8re la convoque en brousse. Retour difficile \u00e0 la tribu pour la jeune fille. Cin\u00e9-d\u00e9bat","_links":{"self":[{"href":"https:\/\/www.rochefortpacifique.org\/edition2025\/wp-json\/wp\/v2\/festival\/5821","targetHints":{"allow":["GET"]}}],"collection":[{"href":"https:\/\/www.rochefortpacifique.org\/edition2025\/wp-json\/wp\/v2\/festival"}],"about":[{"href":"https:\/\/www.rochefortpacifique.org\/edition2025\/wp-json\/wp\/v2\/types\/festival"}],"version-history":[{"count":3,"href":"https:\/\/www.rochefortpacifique.org\/edition2025\/wp-json\/wp\/v2\/festival\/5821\/revisions"}],"predecessor-version":[{"id":6738,"href":"https:\/\/www.rochefortpacifique.org\/edition2025\/wp-json\/wp\/v2\/festival\/5821\/revisions\/6738"}],"wp:featuredmedia":[{"embeddable":true,"href":"https:\/\/www.rochefortpacifique.org\/edition2025\/wp-json\/wp\/v2\/media\/5754"}],"wp:attachment":[{"href":"https:\/\/www.rochefortpacifique.org\/edition2025\/wp-json\/wp\/v2\/media?parent=5821"}],"wp:term":[{"taxonomy":"edition","embeddable":true,"href":"https:\/\/www.rochefortpacifique.org\/edition2025\/wp-json\/wp\/v2\/edition?post=5821"},{"taxonomy":"personnalite","embeddable":true,"href":"https:\/\/www.rochefortpacifique.org\/edition2025\/wp-json\/wp\/v2\/personnalite?post=5821"},{"taxonomy":"evenement","embeddable":true,"href":"https:\/\/www.rochefortpacifique.org\/edition2025\/wp-json\/wp\/v2\/evenement?post=5821"}],"curies":[{"name":"wp","href":"https:\/\/api.w.org\/{rel}","templated":true}]}}

<p>À Nouméa, Zerbina, une jeune danseuse de hip-hop kanak doit s’éclipser d’une répétition car son père la convoque en brousse. Retour difficile à la tribu pour la jeune fille.</p>



<div style="height:60px" aria-hidden="true" class="wp-block-spacer"></div>



<h2 class="wp-block-heading">Ciné-débat</h2>



<figure class="wp-block-embed is-type-video is-provider-youtube wp-block-embed-youtube wp-embed-aspect-16-9 wp-has-aspect-ratio"><div class="wp-block-embed__wrapper">
<div class="ratio ratio-16x9"><iframe loading="lazy" title="Ciné Débat sur le film &quot;Bereziina&quot; au 19e festival Rochefort Pacifique 2025" width="800" height="450" src="https://www.youtube.com/embed/lclCKGYfMNU?feature=oembed" frameborder="0" allow="accelerometer; autoplay; clipboard-write; encrypted-media; gyroscope; picture-in-picture; web-share" referrerpolicy="strict-origin-when-cross-origin" allowfullscreen></iframe></div>
</div></figure>

<p>À Nouméa, Zerbina, une jeune danseuse de hip-hop kanak doit s’éclipser d’une répétition car son père la convoque en brousse. Retour difficile à la tribu pour la jeune fille. Ciné-débat</p>

À Nouméa, Zerbina, une jeune danseuse de hip-hop kanak doit s’éclipser d’une répétition car son père la convoque en brousse. Retour difficile à la tribu pour la jeune fille. Ciné-débat
