{"id":5809,"date":"2025-03-08T01:38:18","date_gmt":"2025-03-08T00:38:18","guid":{"rendered":"https:\/\/www.rochefortpacifique.org\/edition2025\/?post_type=festival&#038;p=5809"},"modified":"2025-03-31T12:24:16","modified_gmt":"2025-03-31T10:24:16","slug":"ouverture-de-la-19e-edition-du-festival","status":"publish","type":"festival","link":"https:\/\/www.rochefortpacifique.org\/edition2025\/festival\/ouverture-de-la-19e-edition-du-festival\/","title":{"rendered":"OUVERTURE DE LA 19e \u00c9DITION DU FESTIVAL"},"content":{"rendered":"\n<p>Spectacle de musiques et danses des \u00e9l\u00e8ves du Conservatoire inspir\u00e9es des cultures du Pacifique.<\/p>\n\n\n\n<p><strong>Discours d\u2019ouverture<\/strong><\/p>\n","protected":false},"excerpt":{"rendered":"<p>Spectacle de musiques et danses des \u00e9l\u00e8ves du Conservatoire inspir\u00e9es des cultures du Pacifique. Discours d\u2019ouverture<\/p>\n","protected":false},"featured_media":5470,"parent":0,"template":"","edition":[76,86],"personnalite":[],"evenement":[92,90],"class_list":["post-5809","festival","type-festival","status-publish","has-post-thumbnail","hentry","edition-76","edition-jeudi-10-avril","evenement-animation","evenement-discours-douverture"],"acf":[],"uagb_featured_image_src":{"full":["https:\/\/www.rochefortpacifique.org\/edition2025\/wp-content\/uploads\/sites\/3\/2025\/01\/affiche-RP-2025-mobile.jpg",980,1378,false],"thumbnail":["https:\/\/www.rochefortpacifique.org\/edition2025\/wp-content\/uploads\/sites\/3\/2025\/01\/affiche-RP-2025-mobile-150x150.jpg",150,150,true],"medium":["https:\/\/www.rochefortpacifique.org\/edition2025\/wp-content\/uploads\/sites\/3\/2025\/01\/affiche-RP-2025-mobile-213x300.jpg",213,300,true],"medium_large":["https:\/\/www.rochefortpacifique.org\/edition2025\/wp-content\/uploads\/sites\/3\/2025\/01\/affiche-RP-2025-mobile-768x1080.jpg",768,1080,true],"large":["https:\/\/www.rochefortpacifique.org\/edition2025\/wp-content\/uploads\/sites\/3\/2025\/01\/affiche-RP-2025-mobile-728x1024.jpg",728,1024,true],"1536x1536":["https:\/\/www.rochefortpacifique.org\/edition2025\/wp-content\/uploads\/sites\/3\/2025\/01\/affiche-RP-2025-mobile.jpg",980,1378,false],"2048x2048":["https:\/\/www.rochefortpacifique.org\/edition2025\/wp-content\/uploads\/sites\/3\/2025\/01\/affiche-RP-2025-mobile.jpg",980,1378,false]},"uagb_author_info":{"display_name":"Julien Taureau","author_link":"https:\/\/www.rochefortpacifique.org\/edition2025\/author\/"},"uagb_comment_info":0,"uagb_excerpt":"Spectacle de musiques et danses des \u00e9l\u00e8ves du Conservatoire inspir\u00e9es des cultures du Pacifique. Discours d\u2019ouverture","_links":{"self":[{"href":"https:\/\/www.rochefortpacifique.org\/edition2025\/wp-json\/wp\/v2\/festival\/5809","targetHints":{"allow":["GET"]}}],"collection":[{"href":"https:\/\/www.rochefortpacifique.org\/edition2025\/wp-json\/wp\/v2\/festival"}],"about":[{"href":"https:\/\/www.rochefortpacifique.org\/edition2025\/wp-json\/wp\/v2\/types\/festival"}],"version-history":[{"count":1,"href":"https:\/\/www.rochefortpacifique.org\/edition2025\/wp-json\/wp\/v2\/festival\/5809\/revisions"}],"predecessor-version":[{"id":6233,"href":"https:\/\/www.rochefortpacifique.org\/edition2025\/wp-json\/wp\/v2\/festival\/5809\/revisions\/6233"}],"wp:featuredmedia":[{"embeddable":true,"href":"https:\/\/www.rochefortpacifique.org\/edition2025\/wp-json\/wp\/v2\/media\/5470"}],"wp:attachment":[{"href":"https:\/\/www.rochefortpacifique.org\/edition2025\/wp-json\/wp\/v2\/media?parent=5809"}],"wp:term":[{"taxonomy":"edition","embeddable":true,"href":"https:\/\/www.rochefortpacifique.org\/edition2025\/wp-json\/wp\/v2\/edition?post=5809"},{"taxonomy":"personnalite","embeddable":true,"href":"https:\/\/www.rochefortpacifique.org\/edition2025\/wp-json\/wp\/v2\/personnalite?post=5809"},{"taxonomy":"evenement","embeddable":true,"href":"https:\/\/www.rochefortpacifique.org\/edition2025\/wp-json\/wp\/v2\/evenement?post=5809"}],"curies":[{"name":"wp","href":"https:\/\/api.w.org\/{rel}","templated":true}]}}

OUVERTURE DE LA 19e ÉDITION DU FESTIVAL

<p>Spectacle de musiques et danses des élèves du Conservatoire inspirées des cultures du Pacifique.</p>



<p><strong>Discours d’ouverture</strong></p>

<p>Spectacle de musiques et danses des élèves du Conservatoire inspirées des cultures du Pacifique. Discours d’ouverture</p>

Spectacle de musiques et danses des élèves du Conservatoire inspirées des cultures du Pacifique. Discours d’ouverture
