{"id":5797,"date":"2025-03-08T00:39:19","date_gmt":"2025-03-07T23:39:19","guid":{"rendered":"https:\/\/www.rochefortpacifique.org\/edition2025\/?post_type=festival&#038;p=5797"},"modified":"2025-03-26T10:06:50","modified_gmt":"2025-03-26T09:06:50","slug":"hecatombe-oceanienne","status":"publish","type":"festival","link":"https:\/\/www.rochefortpacifique.org\/edition2025\/festival\/hecatombe-oceanienne\/","title":{"rendered":"H\u00c9CATOMBE OC\u00c9ANIENNE"},"content":{"rendered":"\n<p>Pourquoi la d\u00e9population des peuples du Pacifique \u00e0 la suite des premiers contacts avec les navigateurs occidentaux a-t-elle \u00e9t\u00e9 minimis\u00e9e depuis plus d\u2019un demi-si\u00e8cle, alors m\u00eame que les donn\u00e9es arch\u00e9ologiques, les premiers \u00e9crits europ\u00e9ens et des traditions orales l\u2019attestent ? En associant t\u00e9moignages de l\u2019\u00e9poque des grandes exp\u00e9ditions, archives missionnaires, traditions orales et d\u00e9couvertes scientifiques, l\u2019auteur analyse la chronologie de cas de d\u00e9population \u00e0 travers le Pacifique et a identifi\u00e9\u2026 une v\u00e9ritable h\u00e9catombe.<br><\/p>\n\n\n\n<p><\/p>\n","protected":false},"excerpt":{"rendered":"<p>Pourquoi la d\u00e9population des peuples du Pacifique \u00e0 la suite des premiers contacts avec les navigateurs occidentaux a-t-elle \u00e9t\u00e9 minimis\u00e9e depuis plus d\u2019un demi-si\u00e8cle, alors m\u00eame que les donn\u00e9es arch\u00e9ologiques, les premiers \u00e9crits europ\u00e9ens et des traditions orales l\u2019attestent ? En associant t\u00e9moignages de l\u2019\u00e9poque des grandes exp\u00e9ditions, archives missionnaires, traditions orales et d\u00e9couvertes scientifiques, [&hellip;]<\/p>\n","protected":false},"featured_media":5745,"parent":0,"template":"","edition":[76,86],"personnalite":[],"evenement":[72],"class_list":["post-5797","festival","type-festival","status-publish","has-post-thumbnail","hentry","edition-76","edition-jeudi-10-avril","evenement-rencontre-litteraire"],"acf":[],"uagb_featured_image_src":{"full":["https:\/\/www.rochefortpacifique.org\/edition2025\/wp-content\/uploads\/sites\/3\/2025\/03\/hecatombe-oceanienne.jpg",1521,1920,false],"thumbnail":["https:\/\/www.rochefortpacifique.org\/edition2025\/wp-content\/uploads\/sites\/3\/2025\/03\/hecatombe-oceanienne-150x150.jpg",150,150,true],"medium":["https:\/\/www.rochefortpacifique.org\/edition2025\/wp-content\/uploads\/sites\/3\/2025\/03\/hecatombe-oceanienne-238x300.jpg",238,300,true],"medium_large":["https:\/\/www.rochefortpacifique.org\/edition2025\/wp-content\/uploads\/sites\/3\/2025\/03\/hecatombe-oceanienne-768x969.jpg",768,969,true],"large":["https:\/\/www.rochefortpacifique.org\/edition2025\/wp-content\/uploads\/sites\/3\/2025\/03\/hecatombe-oceanienne-811x1024.jpg",800,1010,true],"1536x1536":["https:\/\/www.rochefortpacifique.org\/edition2025\/wp-content\/uploads\/sites\/3\/2025\/03\/hecatombe-oceanienne-1217x1536.jpg",1217,1536,true],"2048x2048":["https:\/\/www.rochefortpacifique.org\/edition2025\/wp-content\/uploads\/sites\/3\/2025\/03\/hecatombe-oceanienne.jpg",1521,1920,false]},"uagb_author_info":{"display_name":"Julien Taureau","author_link":"https:\/\/www.rochefortpacifique.org\/edition2025\/author\/"},"uagb_comment_info":0,"uagb_excerpt":"Pourquoi la d\u00e9population des peuples du Pacifique \u00e0 la suite des premiers contacts avec les navigateurs occidentaux a-t-elle \u00e9t\u00e9 minimis\u00e9e depuis plus d\u2019un demi-si\u00e8cle, alors m\u00eame que les donn\u00e9es arch\u00e9ologiques, les premiers \u00e9crits europ\u00e9ens et des traditions orales l\u2019attestent ? En associant t\u00e9moignages de l\u2019\u00e9poque des grandes exp\u00e9ditions, archives missionnaires, traditions orales et d\u00e9couvertes scientifiques,\u2026","_links":{"self":[{"href":"https:\/\/www.rochefortpacifique.org\/edition2025\/wp-json\/wp\/v2\/festival\/5797","targetHints":{"allow":["GET"]}}],"collection":[{"href":"https:\/\/www.rochefortpacifique.org\/edition2025\/wp-json\/wp\/v2\/festival"}],"about":[{"href":"https:\/\/www.rochefortpacifique.org\/edition2025\/wp-json\/wp\/v2\/types\/festival"}],"version-history":[{"count":1,"href":"https:\/\/www.rochefortpacifique.org\/edition2025\/wp-json\/wp\/v2\/festival\/5797\/revisions"}],"predecessor-version":[{"id":6183,"href":"https:\/\/www.rochefortpacifique.org\/edition2025\/wp-json\/wp\/v2\/festival\/5797\/revisions\/6183"}],"wp:featuredmedia":[{"embeddable":true,"href":"https:\/\/www.rochefortpacifique.org\/edition2025\/wp-json\/wp\/v2\/media\/5745"}],"wp:attachment":[{"href":"https:\/\/www.rochefortpacifique.org\/edition2025\/wp-json\/wp\/v2\/media?parent=5797"}],"wp:term":[{"taxonomy":"edition","embeddable":true,"href":"https:\/\/www.rochefortpacifique.org\/edition2025\/wp-json\/wp\/v2\/edition?post=5797"},{"taxonomy":"personnalite","embeddable":true,"href":"https:\/\/www.rochefortpacifique.org\/edition2025\/wp-json\/wp\/v2\/personnalite?post=5797"},{"taxonomy":"evenement","embeddable":true,"href":"https:\/\/www.rochefortpacifique.org\/edition2025\/wp-json\/wp\/v2\/evenement?post=5797"}],"curies":[{"name":"wp","href":"https:\/\/api.w.org\/{rel}","templated":true}]}}

HÉCATOMBE OCÉANIENNE

<p>Pourquoi la dépopulation des peuples du Pacifique à la suite des premiers contacts avec les navigateurs occidentaux a-t-elle été minimisée depuis plus d’un demi-siècle, alors même que les données archéologiques, les premiers écrits européens et des traditions orales l’attestent ? En associant témoignages de l’époque des grandes expéditions, archives missionnaires, traditions orales et découvertes scientifiques, l’auteur analyse la chronologie de cas de dépopulation à travers le Pacifique et a identifié… une véritable hécatombe.<br></p>



<p></p>

<p>Pourquoi la dépopulation des peuples du Pacifique à la suite des premiers contacts avec les navigateurs occidentaux a-t-elle été minimisée depuis plus d’un demi-siècle, alors même que les données archéologiques, les premiers écrits européens et des traditions orales l’attestent ? En associant témoignages de l’époque des grandes expéditions, archives missionnaires, traditions orales et découvertes scientifiques, [&hellip;]</p>

Pourquoi la dépopulation des peuples du Pacifique à la suite des premiers contacts avec les navigateurs occidentaux a-t-elle été minimisée depuis plus d’un demi-siècle, alors même que les données archéologiques, les premiers écrits européens et des traditions orales l’attestent ? En associant témoignages de l’époque des grandes expéditions, archives missionnaires, traditions orales et découvertes scientifiques,…
