{"id":5740,"date":"2025-03-07T22:18:30","date_gmt":"2025-03-07T21:18:30","guid":{"rendered":"https:\/\/www.rochefortpacifique.org\/edition2025\/?post_type=festival&#038;p=5740"},"modified":"2025-09-20T11:23:50","modified_gmt":"2025-09-20T09:23:50","slug":"niel-romero","status":"publish","type":"festival","link":"https:\/\/www.rochefortpacifique.org\/edition2025\/festival\/niel-romero\/","title":{"rendered":"Niel Romero"},"content":{"rendered":"\n<p>Niel Darren Romero est un r\u00e9alisateur de Guam cr\u00e9atif ayant plus de 15 ans d\u2019exp\u00e9rience dans la r\u00e9alisation, le montage, l&rsquo;\u00e9criture, la conception graphique ou l\u2019interpr\u00e9tation. Il croit que l&rsquo;on peut \u00e0 la fois \u00e9duquer, divertir et inspirer si l&rsquo;on \u00e9coute son c\u0153ur et suit sa passion. Niel a captiv\u00e9 le public avec ses id\u00e9es audacieuses et innovantes.<\/p>\n\n\n\n<p>En 2011, Niel a cofond\u00e9 \u201cProject: Inspire\u201d aux c\u00f4t\u00e9s de Justin Baldovino et Erani Zu\u00f1iga pour produire, \u00e9crire et r\u00e9aliser leur premier long m\u00e9trage \u201ciHeartGU\u201d. Aujourd&rsquo;hui, aux c\u00f4t\u00e9s de leur \u00e9quipe, ils utilisent leurs talents cr\u00e9atifs pour les projets \u201cDream Impossible\u201c et \u201cCreate Beyond\u201d au service de la sc\u00e8ne culturelle de Guam.<\/p>\n\n\n\n<blockquote class=\"wp-block-quote is-layout-flow wp-block-quote-is-layout-flow\">\n<p><strong>\u00ab\u00a0Something to Call Our Own\u00a0\u00bb<\/strong> est son nouveau long m\u00e9trage pr\u00e9sent\u00e9 en premi\u00e8re mondiale au Festival Rochefort Pacifique.<\/p>\n<\/blockquote>\n\n\n\n<div style=\"height:60px\" aria-hidden=\"true\" class=\"wp-block-spacer\"><\/div>\n\n\n\n<h2 class=\"wp-block-heading\">Interview de Niel Romero<\/h2>\n\n\n\n<figure class=\"wp-block-embed is-type-video is-provider-youtube wp-block-embed-youtube wp-embed-aspect-16-9 wp-has-aspect-ratio\"><div class=\"wp-block-embed__wrapper\">\n<div class=\"ratio ratio-16x9\"><iframe loading=\"lazy\" title=\"Interview de Niel Romero, de Guam, r\u00e9alisateur du film &quot;Something calls your own&quot;\" width=\"800\" height=\"450\" src=\"https:\/\/www.youtube.com\/embed\/1CDDbU7_KvQ?feature=oembed\" frameborder=\"0\" allow=\"accelerometer; autoplay; clipboard-write; encrypted-media; gyroscope; picture-in-picture; web-share\" referrerpolicy=\"strict-origin-when-cross-origin\" allowfullscreen><\/iframe><\/div>\n<\/div><\/figure>\n","protected":false},"excerpt":{"rendered":"<p>Niel Darren Romero est un r\u00e9alisateur de Guam cr\u00e9atif ayant plus de 15 ans d\u2019exp\u00e9rience dans la r\u00e9alisation, le montage, l&rsquo;\u00e9criture, la conception graphique ou l\u2019interpr\u00e9tation. Il croit que l&rsquo;on peut \u00e0 la fois \u00e9duquer, divertir et inspirer si l&rsquo;on \u00e9coute son c\u0153ur et suit sa passion. Niel a captiv\u00e9 le public avec ses id\u00e9es [&hellip;]<\/p>\n","protected":false},"featured_media":6524,"parent":0,"template":"","edition":[76],"personnalite":[78,77,79],"evenement":[],"class_list":["post-5740","festival","type-festival","status-publish","has-post-thumbnail","hentry","edition-76","personnalite-intervenant","personnalite-invite","personnalite-realisateur"],"acf":[],"uagb_featured_image_src":{"full":["https:\/\/www.rochefortpacifique.org\/edition2025\/wp-content\/uploads\/sites\/3\/2025\/03\/SomeThingCallOurOwn-NDR-Headshot-Romero-2.jpg",1536,1920,false],"thumbnail":["https:\/\/www.rochefortpacifique.org\/edition2025\/wp-content\/uploads\/sites\/3\/2025\/03\/SomeThingCallOurOwn-NDR-Headshot-Romero-2-150x150.jpg",150,150,true],"medium":["https:\/\/www.rochefortpacifique.org\/edition2025\/wp-content\/uploads\/sites\/3\/2025\/03\/SomeThingCallOurOwn-NDR-Headshot-Romero-2-240x300.jpg",240,300,true],"medium_large":["https:\/\/www.rochefortpacifique.org\/edition2025\/wp-content\/uploads\/sites\/3\/2025\/03\/SomeThingCallOurOwn-NDR-Headshot-Romero-2-768x960.jpg",768,960,true],"large":["https:\/\/www.rochefortpacifique.org\/edition2025\/wp-content\/uploads\/sites\/3\/2025\/03\/SomeThingCallOurOwn-NDR-Headshot-Romero-2-819x1024.jpg",800,1000,true],"1536x1536":["https:\/\/www.rochefortpacifique.org\/edition2025\/wp-content\/uploads\/sites\/3\/2025\/03\/SomeThingCallOurOwn-NDR-Headshot-Romero-2-1229x1536.jpg",1229,1536,true],"2048x2048":["https:\/\/www.rochefortpacifique.org\/edition2025\/wp-content\/uploads\/sites\/3\/2025\/03\/SomeThingCallOurOwn-NDR-Headshot-Romero-2.jpg",1536,1920,false]},"uagb_author_info":{"display_name":"Julien Taureau","author_link":"https:\/\/www.rochefortpacifique.org\/edition2025\/author\/"},"uagb_comment_info":0,"uagb_excerpt":"Niel Darren Romero est un r\u00e9alisateur de Guam cr\u00e9atif ayant plus de 15 ans d\u2019exp\u00e9rience dans la r\u00e9alisation, le montage, l&rsquo;\u00e9criture, la conception graphique ou l\u2019interpr\u00e9tation. Il croit que l&rsquo;on peut \u00e0 la fois \u00e9duquer, divertir et inspirer si l&rsquo;on \u00e9coute son c\u0153ur et suit sa passion. Niel a captiv\u00e9 le public avec ses id\u00e9es\u2026","_links":{"self":[{"href":"https:\/\/www.rochefortpacifique.org\/edition2025\/wp-json\/wp\/v2\/festival\/5740","targetHints":{"allow":["GET"]}}],"collection":[{"href":"https:\/\/www.rochefortpacifique.org\/edition2025\/wp-json\/wp\/v2\/festival"}],"about":[{"href":"https:\/\/www.rochefortpacifique.org\/edition2025\/wp-json\/wp\/v2\/types\/festival"}],"version-history":[{"count":3,"href":"https:\/\/www.rochefortpacifique.org\/edition2025\/wp-json\/wp\/v2\/festival\/5740\/revisions"}],"predecessor-version":[{"id":6735,"href":"https:\/\/www.rochefortpacifique.org\/edition2025\/wp-json\/wp\/v2\/festival\/5740\/revisions\/6735"}],"wp:featuredmedia":[{"embeddable":true,"href":"https:\/\/www.rochefortpacifique.org\/edition2025\/wp-json\/wp\/v2\/media\/6524"}],"wp:attachment":[{"href":"https:\/\/www.rochefortpacifique.org\/edition2025\/wp-json\/wp\/v2\/media?parent=5740"}],"wp:term":[{"taxonomy":"edition","embeddable":true,"href":"https:\/\/www.rochefortpacifique.org\/edition2025\/wp-json\/wp\/v2\/edition?post=5740"},{"taxonomy":"personnalite","embeddable":true,"href":"https:\/\/www.rochefortpacifique.org\/edition2025\/wp-json\/wp\/v2\/personnalite?post=5740"},{"taxonomy":"evenement","embeddable":true,"href":"https:\/\/www.rochefortpacifique.org\/edition2025\/wp-json\/wp\/v2\/evenement?post=5740"}],"curies":[{"name":"wp","href":"https:\/\/api.w.org\/{rel}","templated":true}]}}

<p>Niel Darren Romero est un réalisateur de Guam créatif ayant plus de 15 ans d’expérience dans la réalisation, le montage, l&rsquo;écriture, la conception graphique ou l’interprétation. Il croit que l&rsquo;on peut à la fois éduquer, divertir et inspirer si l&rsquo;on écoute son cœur et suit sa passion. Niel a captivé le public avec ses idées audacieuses et innovantes.</p>



<p>En 2011, Niel a cofondé “Project: Inspire” aux côtés de Justin Baldovino et Erani Zuñiga pour produire, écrire et réaliser leur premier long métrage “iHeartGU”. Aujourd&rsquo;hui, aux côtés de leur équipe, ils utilisent leurs talents créatifs pour les projets “Dream Impossible“ et “Create Beyond” au service de la scène culturelle de Guam.</p>



<blockquote class="wp-block-quote is-layout-flow wp-block-quote-is-layout-flow">
<p><strong>« Something to Call Our Own »</strong> est son nouveau long métrage présenté en première mondiale au Festival Rochefort Pacifique.</p>
</blockquote>



<div style="height:60px" aria-hidden="true" class="wp-block-spacer"></div>



<h2 class="wp-block-heading">Interview de Niel Romero</h2>



<figure class="wp-block-embed is-type-video is-provider-youtube wp-block-embed-youtube wp-embed-aspect-16-9 wp-has-aspect-ratio"><div class="wp-block-embed__wrapper">
<div class="ratio ratio-16x9"><iframe loading="lazy" title="Interview de Niel Romero, de Guam, réalisateur du film &quot;Something calls your own&quot;" width="800" height="450" src="https://www.youtube.com/embed/1CDDbU7_KvQ?feature=oembed" frameborder="0" allow="accelerometer; autoplay; clipboard-write; encrypted-media; gyroscope; picture-in-picture; web-share" referrerpolicy="strict-origin-when-cross-origin" allowfullscreen></iframe></div>
</div></figure>

<p>Niel Darren Romero est un réalisateur de Guam créatif ayant plus de 15 ans d’expérience dans la réalisation, le montage, l&rsquo;écriture, la conception graphique ou l’interprétation. Il croit que l&rsquo;on peut à la fois éduquer, divertir et inspirer si l&rsquo;on écoute son cœur et suit sa passion. Niel a captivé le public avec ses idées [&hellip;]</p>

Niel Darren Romero est un réalisateur de Guam créatif ayant plus de 15 ans d’expérience dans la réalisation, le montage, l&rsquo;écriture, la conception graphique ou l’interprétation. Il croit que l&rsquo;on peut à la fois éduquer, divertir et inspirer si l&rsquo;on écoute son cœur et suit sa passion. Niel a captivé le public avec ses idées…
