{"id":5739,"date":"2025-03-07T22:16:44","date_gmt":"2025-03-07T21:16:44","guid":{"rendered":"https:\/\/www.rochefortpacifique.org\/edition2025\/?post_type=festival&#038;p=5739"},"modified":"2025-03-31T10:24:22","modified_gmt":"2025-03-31T08:24:22","slug":"marin-ledun","status":"publish","type":"festival","link":"https:\/\/www.rochefortpacifique.org\/edition2025\/festival\/marin-ledun\/","title":{"rendered":"Marin Ledun"},"content":{"rendered":"\n<p><strong>Marin LEDUN<\/strong> est romancier et a publi\u00e9 une vingtaine de romans surtout policiers, ayant obtenu de nombreux prix. Il \u00e9crit des pi\u00e8ces radiophoniques pour Radio-France. Docteur en sciences de l&rsquo;information et de la communication, il est \u00e9galement l&rsquo;auteur d&rsquo;essais, dont Mon ennemi int\u00e9rieur (2018) et La vie marchandise (2013). Son roman \u00ab\u00a0Les visages \u00e9cras\u00e9s\u00a0\u00bb a \u00e9t\u00e9 adapt\u00e9 en 2016 au cin\u00e9ma sous le titre \u00ab\u00a0Carole Matthieu\u00a0\u00bb par Louis-Julien Petit, avec Isabelle Adjani, Corinne Masiero. Son roman jeunesse, \u201dLe Projet Hakana\u201d a \u00e9t\u00e9 pr\u00e9sent\u00e9 l\u2019an dernier au Festival 2024<\/p>\n\n\n\n<p><strong>\u00ab\u00a0Henua\u201d est son dernier roman, paru \u00e0 la S\u00e9rie Noire, aux \u00e9ditions Gallimard, en 2025 qui est pr\u00e9sent\u00e9 au Festival Rochefort Pacifique.<\/strong><\/p>\n","protected":false},"excerpt":{"rendered":"<p>Marin LEDUN est romancier et a publi\u00e9 une vingtaine de romans surtout policiers, ayant obtenu de nombreux prix. Il \u00e9crit des pi\u00e8ces radiophoniques pour Radio-France. Docteur en sciences de l&rsquo;information et de la communication, il est \u00e9galement l&rsquo;auteur d&rsquo;essais, dont Mon ennemi int\u00e9rieur (2018) et La vie marchandise (2013). Son roman \u00ab\u00a0Les visages \u00e9cras\u00e9s\u00a0\u00bb a [&hellip;]<\/p>\n","protected":false},"featured_media":5616,"parent":0,"template":"","edition":[76],"personnalite":[81,78,77],"evenement":[],"class_list":["post-5739","festival","type-festival","status-publish","has-post-thumbnail","hentry","edition-76","personnalite-auteur","personnalite-intervenant","personnalite-invite"],"acf":[],"uagb_featured_image_src":{"full":["https:\/\/www.rochefortpacifique.org\/edition2025\/wp-content\/uploads\/sites\/3\/2025\/03\/LEDUN_Marin_photo_2022francesca_mantovaniA\u00aeGallimard_87A1103.4-Marin-Ledun.jpg",1310,1920,false],"thumbnail":["https:\/\/www.rochefortpacifique.org\/edition2025\/wp-content\/uploads\/sites\/3\/2025\/03\/LEDUN_Marin_photo_2022francesca_mantovaniA\u00aeGallimard_87A1103.4-Marin-Ledun-150x150.jpg",150,150,true],"medium":["https:\/\/www.rochefortpacifique.org\/edition2025\/wp-content\/uploads\/sites\/3\/2025\/03\/LEDUN_Marin_photo_2022francesca_mantovaniA\u00aeGallimard_87A1103.4-Marin-Ledun-205x300.jpg",205,300,true],"medium_large":["https:\/\/www.rochefortpacifique.org\/edition2025\/wp-content\/uploads\/sites\/3\/2025\/03\/LEDUN_Marin_photo_2022francesca_mantovaniA\u00aeGallimard_87A1103.4-Marin-Ledun-768x1126.jpg",768,1126,true],"large":["https:\/\/www.rochefortpacifique.org\/edition2025\/wp-content\/uploads\/sites\/3\/2025\/03\/LEDUN_Marin_photo_2022francesca_mantovaniA\u00aeGallimard_87A1103.4-Marin-Ledun-699x1024.jpg",699,1024,true],"1536x1536":["https:\/\/www.rochefortpacifique.org\/edition2025\/wp-content\/uploads\/sites\/3\/2025\/03\/LEDUN_Marin_photo_2022francesca_mantovaniA\u00aeGallimard_87A1103.4-Marin-Ledun-1048x1536.jpg",1048,1536,true],"2048x2048":["https:\/\/www.rochefortpacifique.org\/edition2025\/wp-content\/uploads\/sites\/3\/2025\/03\/LEDUN_Marin_photo_2022francesca_mantovaniA\u00aeGallimard_87A1103.4-Marin-Ledun.jpg",1310,1920,false]},"uagb_author_info":{"display_name":"Julien Taureau","author_link":"https:\/\/www.rochefortpacifique.org\/edition2025\/author\/"},"uagb_comment_info":0,"uagb_excerpt":"Marin LEDUN est romancier et a publi\u00e9 une vingtaine de romans surtout policiers, ayant obtenu de nombreux prix. Il \u00e9crit des pi\u00e8ces radiophoniques pour Radio-France. Docteur en sciences de l&rsquo;information et de la communication, il est \u00e9galement l&rsquo;auteur d&rsquo;essais, dont Mon ennemi int\u00e9rieur (2018) et La vie marchandise (2013). Son roman \u00ab\u00a0Les visages \u00e9cras\u00e9s\u00a0\u00bb a\u2026","_links":{"self":[{"href":"https:\/\/www.rochefortpacifique.org\/edition2025\/wp-json\/wp\/v2\/festival\/5739","targetHints":{"allow":["GET"]}}],"collection":[{"href":"https:\/\/www.rochefortpacifique.org\/edition2025\/wp-json\/wp\/v2\/festival"}],"about":[{"href":"https:\/\/www.rochefortpacifique.org\/edition2025\/wp-json\/wp\/v2\/types\/festival"}],"version-history":[{"count":1,"href":"https:\/\/www.rochefortpacifique.org\/edition2025\/wp-json\/wp\/v2\/festival\/5739\/revisions"}],"predecessor-version":[{"id":6538,"href":"https:\/\/www.rochefortpacifique.org\/edition2025\/wp-json\/wp\/v2\/festival\/5739\/revisions\/6538"}],"wp:featuredmedia":[{"embeddable":true,"href":"https:\/\/www.rochefortpacifique.org\/edition2025\/wp-json\/wp\/v2\/media\/5616"}],"wp:attachment":[{"href":"https:\/\/www.rochefortpacifique.org\/edition2025\/wp-json\/wp\/v2\/media?parent=5739"}],"wp:term":[{"taxonomy":"edition","embeddable":true,"href":"https:\/\/www.rochefortpacifique.org\/edition2025\/wp-json\/wp\/v2\/edition?post=5739"},{"taxonomy":"personnalite","embeddable":true,"href":"https:\/\/www.rochefortpacifique.org\/edition2025\/wp-json\/wp\/v2\/personnalite?post=5739"},{"taxonomy":"evenement","embeddable":true,"href":"https:\/\/www.rochefortpacifique.org\/edition2025\/wp-json\/wp\/v2\/evenement?post=5739"}],"curies":[{"name":"wp","href":"https:\/\/api.w.org\/{rel}","templated":true}]}}

<p><strong>Marin LEDUN</strong> est romancier et a publié une vingtaine de romans surtout policiers, ayant obtenu de nombreux prix. Il écrit des pièces radiophoniques pour Radio-France. Docteur en sciences de l&rsquo;information et de la communication, il est également l&rsquo;auteur d&rsquo;essais, dont Mon ennemi intérieur (2018) et La vie marchandise (2013). Son roman « Les visages écrasés » a été adapté en 2016 au cinéma sous le titre « Carole Matthieu » par Louis-Julien Petit, avec Isabelle Adjani, Corinne Masiero. Son roman jeunesse, ”Le Projet Hakana” a été présenté l’an dernier au Festival 2024</p>



<p><strong>« Henua” est son dernier roman, paru à la Série Noire, aux éditions Gallimard, en 2025 qui est présenté au Festival Rochefort Pacifique.</strong></p>

<p>Marin LEDUN est romancier et a publié une vingtaine de romans surtout policiers, ayant obtenu de nombreux prix. Il écrit des pièces radiophoniques pour Radio-France. Docteur en sciences de l&rsquo;information et de la communication, il est également l&rsquo;auteur d&rsquo;essais, dont Mon ennemi intérieur (2018) et La vie marchandise (2013). Son roman « Les visages écrasés » a [&hellip;]</p>

Marin LEDUN est romancier et a publié une vingtaine de romans surtout policiers, ayant obtenu de nombreux prix. Il écrit des pièces radiophoniques pour Radio-France. Docteur en sciences de l&rsquo;information et de la communication, il est également l&rsquo;auteur d&rsquo;essais, dont Mon ennemi intérieur (2018) et La vie marchandise (2013). Son roman « Les visages écrasés » a…
