{"id":5641,"date":"2025-03-07T18:19:45","date_gmt":"2025-03-07T17:19:45","guid":{"rendered":"https:\/\/www.rochefortpacifique.org\/edition2025\/?post_type=festival&#038;p=5641"},"modified":"2025-03-28T10:19:48","modified_gmt":"2025-03-28T09:19:48","slug":"frances-negron-muntaner","status":"publish","type":"festival","link":"https:\/\/www.rochefortpacifique.org\/edition2025\/festival\/frances-negron-muntaner\/","title":{"rendered":"Frances Negron Muntaner"},"content":{"rendered":"\n<p>Frances Negr\u00f3n-Muntaner, n\u00e9e en 1966, est une cin\u00e9aste, \u00e9crivaine et chercheuse portoricaine. Son travail se concentre sur une exploration comparative de la colonialit\u00e9, principalement \u00e0 Porto Rico et aux \u00c9tats-Unis, avec une attention particuli\u00e8re accord\u00e9e aux intersections entre race, ethnie, genre, sexualit\u00e9 et politique.La r\u00e9alisatrice et chercheuse a collabor\u00e9 avec une \u00e9quipe de cin\u00e9astes, d&rsquo;\u00e9ducateurs et d&rsquo;activistes internationaux et chamorros pendant 12 ans pour cr\u00e9er War for Guam.<\/p>\n","protected":false},"excerpt":{"rendered":"<p>Frances Negr\u00f3n-Muntaner, n\u00e9e en 1966, est une cin\u00e9aste, \u00e9crivaine et chercheuse portoricaine. Son travail se concentre sur une exploration comparative de la colonialit\u00e9, principalement \u00e0 Porto Rico et aux \u00c9tats-Unis, avec une attention particuli\u00e8re accord\u00e9e aux intersections entre race, ethnie, genre, sexualit\u00e9 et politique.La r\u00e9alisatrice et chercheuse a collabor\u00e9 avec une \u00e9quipe de cin\u00e9astes, d&rsquo;\u00e9ducateurs [&hellip;]<\/p>\n","protected":false},"featured_media":5614,"parent":0,"template":"","edition":[76],"personnalite":[80],"evenement":[],"class_list":["post-5641","festival","type-festival","status-publish","has-post-thumbnail","hentry","edition-76","personnalite-realisatrice"],"acf":[],"uagb_featured_image_src":{"full":["https:\/\/www.rochefortpacifique.org\/edition2025\/wp-content\/uploads\/sites\/3\/2025\/03\/Frances-NEGRON-MUNTANER-War_for_guam-press-07.jpg",1920,1275,false],"thumbnail":["https:\/\/www.rochefortpacifique.org\/edition2025\/wp-content\/uploads\/sites\/3\/2025\/03\/Frances-NEGRON-MUNTANER-War_for_guam-press-07-150x150.jpg",150,150,true],"medium":["https:\/\/www.rochefortpacifique.org\/edition2025\/wp-content\/uploads\/sites\/3\/2025\/03\/Frances-NEGRON-MUNTANER-War_for_guam-press-07-300x199.jpg",300,199,true],"medium_large":["https:\/\/www.rochefortpacifique.org\/edition2025\/wp-content\/uploads\/sites\/3\/2025\/03\/Frances-NEGRON-MUNTANER-War_for_guam-press-07-768x510.jpg",768,510,true],"large":["https:\/\/www.rochefortpacifique.org\/edition2025\/wp-content\/uploads\/sites\/3\/2025\/03\/Frances-NEGRON-MUNTANER-War_for_guam-press-07-1024x680.jpg",800,531,true],"1536x1536":["https:\/\/www.rochefortpacifique.org\/edition2025\/wp-content\/uploads\/sites\/3\/2025\/03\/Frances-NEGRON-MUNTANER-War_for_guam-press-07-1536x1020.jpg",1536,1020,true],"2048x2048":["https:\/\/www.rochefortpacifique.org\/edition2025\/wp-content\/uploads\/sites\/3\/2025\/03\/Frances-NEGRON-MUNTANER-War_for_guam-press-07.jpg",1920,1275,false]},"uagb_author_info":{"display_name":"Julien Taureau","author_link":"https:\/\/www.rochefortpacifique.org\/edition2025\/author\/"},"uagb_comment_info":0,"uagb_excerpt":"Frances Negr\u00f3n-Muntaner, n\u00e9e en 1966, est une cin\u00e9aste, \u00e9crivaine et chercheuse portoricaine. Son travail se concentre sur une exploration comparative de la colonialit\u00e9, principalement \u00e0 Porto Rico et aux \u00c9tats-Unis, avec une attention particuli\u00e8re accord\u00e9e aux intersections entre race, ethnie, genre, sexualit\u00e9 et politique.La r\u00e9alisatrice et chercheuse a collabor\u00e9 avec une \u00e9quipe de cin\u00e9astes, d&rsquo;\u00e9ducateurs\u2026","_links":{"self":[{"href":"https:\/\/www.rochefortpacifique.org\/edition2025\/wp-json\/wp\/v2\/festival\/5641","targetHints":{"allow":["GET"]}}],"collection":[{"href":"https:\/\/www.rochefortpacifique.org\/edition2025\/wp-json\/wp\/v2\/festival"}],"about":[{"href":"https:\/\/www.rochefortpacifique.org\/edition2025\/wp-json\/wp\/v2\/types\/festival"}],"version-history":[{"count":1,"href":"https:\/\/www.rochefortpacifique.org\/edition2025\/wp-json\/wp\/v2\/festival\/5641\/revisions"}],"predecessor-version":[{"id":6397,"href":"https:\/\/www.rochefortpacifique.org\/edition2025\/wp-json\/wp\/v2\/festival\/5641\/revisions\/6397"}],"wp:featuredmedia":[{"embeddable":true,"href":"https:\/\/www.rochefortpacifique.org\/edition2025\/wp-json\/wp\/v2\/media\/5614"}],"wp:attachment":[{"href":"https:\/\/www.rochefortpacifique.org\/edition2025\/wp-json\/wp\/v2\/media?parent=5641"}],"wp:term":[{"taxonomy":"edition","embeddable":true,"href":"https:\/\/www.rochefortpacifique.org\/edition2025\/wp-json\/wp\/v2\/edition?post=5641"},{"taxonomy":"personnalite","embeddable":true,"href":"https:\/\/www.rochefortpacifique.org\/edition2025\/wp-json\/wp\/v2\/personnalite?post=5641"},{"taxonomy":"evenement","embeddable":true,"href":"https:\/\/www.rochefortpacifique.org\/edition2025\/wp-json\/wp\/v2\/evenement?post=5641"}],"curies":[{"name":"wp","href":"https:\/\/api.w.org\/{rel}","templated":true}]}}

<p>Frances Negrón-Muntaner, née en 1966, est une cinéaste, écrivaine et chercheuse portoricaine. Son travail se concentre sur une exploration comparative de la colonialité, principalement à Porto Rico et aux États-Unis, avec une attention particulière accordée aux intersections entre race, ethnie, genre, sexualité et politique.La réalisatrice et chercheuse a collaboré avec une équipe de cinéastes, d&rsquo;éducateurs et d&rsquo;activistes internationaux et chamorros pendant 12 ans pour créer War for Guam.</p>

<p>Frances Negrón-Muntaner, née en 1966, est une cinéaste, écrivaine et chercheuse portoricaine. Son travail se concentre sur une exploration comparative de la colonialité, principalement à Porto Rico et aux États-Unis, avec une attention particulière accordée aux intersections entre race, ethnie, genre, sexualité et politique.La réalisatrice et chercheuse a collaboré avec une équipe de cinéastes, d&rsquo;éducateurs [&hellip;]</p>

Frances Negrón-Muntaner, née en 1966, est une cinéaste, écrivaine et chercheuse portoricaine. Son travail se concentre sur une exploration comparative de la colonialité, principalement à Porto Rico et aux États-Unis, avec une attention particulière accordée aux intersections entre race, ethnie, genre, sexualité et politique.La réalisatrice et chercheuse a collaboré avec une équipe de cinéastes, d&rsquo;éducateurs…
