{"id":5640,"date":"2025-03-07T18:16:55","date_gmt":"2025-03-07T17:16:55","guid":{"rendered":"https:\/\/www.rochefortpacifique.org\/edition2025\/?post_type=festival&#038;p=5640"},"modified":"2025-03-31T14:54:55","modified_gmt":"2025-03-31T12:54:55","slug":"faustine-lefranc","status":"publish","type":"festival","link":"https:\/\/www.rochefortpacifique.org\/edition2025\/festival\/faustine-lefranc\/","title":{"rendered":"Faustine Lefranc"},"content":{"rendered":"\n<p><strong>Faustine LEFRANC<\/strong> est cin\u00e9aste et journaliste de Nouvelle-Cal\u00e9donie. Apr\u00e8s des \u00e9tudes en droit d\u00e9but\u00e9es \u00e0 l&rsquo;Universit\u00e9 de Nouvelle-Cal\u00e9donie puis des \u00e9tudes en cin\u00e9ma documentaire \u00e0 Paris et des exp\u00e9riences vid\u00e9o en Europe et au Canada, elle revient en Nouvelle-Cal\u00e9donie et d\u00e9but 2020, elle inaugure comme journaliste reporter d\u2019images le bureau des \u00eeles Loyaut\u00e9 de la cha\u00eene Cal\u00e9donia, \u00e0 Lifou. C\u2019est l&rsquo;occasion d&rsquo;approfondir des questions qu&rsquo;elle se pose depuis son enfance \u00e0<\/p>\n\n\n\n<p>Noum\u00e9a autour de l&rsquo;identit\u00e9 cal\u00e9donienne, du vivre-ensemble, de la place des diff\u00e9rentes communaut\u00e9s et des passerelles qui peuvent s&rsquo;inventer entre elles, en r\u00e9alisant le film<\/p>\n\n\n\n<p><strong>\u00ab\u00a0Cemel, la vie ensemble\u00a0\u00bb de 2023 qui est pr\u00e9sent\u00e9 par Festival Rochefort Pacifique.<\/strong><\/p>\n","protected":false},"excerpt":{"rendered":"<p>Faustine LEFRANC est cin\u00e9aste et journaliste de Nouvelle-Cal\u00e9donie. Apr\u00e8s des \u00e9tudes en droit d\u00e9but\u00e9es \u00e0 l&rsquo;Universit\u00e9 de Nouvelle-Cal\u00e9donie puis des \u00e9tudes en cin\u00e9ma documentaire \u00e0 Paris et des exp\u00e9riences vid\u00e9o en Europe et au Canada, elle revient en Nouvelle-Cal\u00e9donie et d\u00e9but 2020, elle inaugure comme journaliste reporter d\u2019images le bureau des \u00eeles Loyaut\u00e9 de la [&hellip;]<\/p>\n","protected":false},"featured_media":5613,"parent":0,"template":"","edition":[76],"personnalite":[80],"evenement":[],"class_list":["post-5640","festival","type-festival","status-publish","has-post-thumbnail","hentry","edition-76","personnalite-realisatrice"],"acf":[],"uagb_featured_image_src":{"full":["https:\/\/www.rochefortpacifique.org\/edition2025\/wp-content\/uploads\/sites\/3\/2025\/03\/FaustineLefranc-image.jpg",1920,1185,false],"thumbnail":["https:\/\/www.rochefortpacifique.org\/edition2025\/wp-content\/uploads\/sites\/3\/2025\/03\/FaustineLefranc-image-150x150.jpg",150,150,true],"medium":["https:\/\/www.rochefortpacifique.org\/edition2025\/wp-content\/uploads\/sites\/3\/2025\/03\/FaustineLefranc-image-300x185.jpg",300,185,true],"medium_large":["https:\/\/www.rochefortpacifique.org\/edition2025\/wp-content\/uploads\/sites\/3\/2025\/03\/FaustineLefranc-image-768x474.jpg",768,474,true],"large":["https:\/\/www.rochefortpacifique.org\/edition2025\/wp-content\/uploads\/sites\/3\/2025\/03\/FaustineLefranc-image-1024x632.jpg",800,494,true],"1536x1536":["https:\/\/www.rochefortpacifique.org\/edition2025\/wp-content\/uploads\/sites\/3\/2025\/03\/FaustineLefranc-image-1536x948.jpg",1536,948,true],"2048x2048":["https:\/\/www.rochefortpacifique.org\/edition2025\/wp-content\/uploads\/sites\/3\/2025\/03\/FaustineLefranc-image.jpg",1920,1185,false]},"uagb_author_info":{"display_name":"Julien Taureau","author_link":"https:\/\/www.rochefortpacifique.org\/edition2025\/author\/"},"uagb_comment_info":0,"uagb_excerpt":"Faustine LEFRANC est cin\u00e9aste et journaliste de Nouvelle-Cal\u00e9donie. Apr\u00e8s des \u00e9tudes en droit d\u00e9but\u00e9es \u00e0 l&rsquo;Universit\u00e9 de Nouvelle-Cal\u00e9donie puis des \u00e9tudes en cin\u00e9ma documentaire \u00e0 Paris et des exp\u00e9riences vid\u00e9o en Europe et au Canada, elle revient en Nouvelle-Cal\u00e9donie et d\u00e9but 2020, elle inaugure comme journaliste reporter d\u2019images le bureau des \u00eeles Loyaut\u00e9 de la\u2026","_links":{"self":[{"href":"https:\/\/www.rochefortpacifique.org\/edition2025\/wp-json\/wp\/v2\/festival\/5640","targetHints":{"allow":["GET"]}}],"collection":[{"href":"https:\/\/www.rochefortpacifique.org\/edition2025\/wp-json\/wp\/v2\/festival"}],"about":[{"href":"https:\/\/www.rochefortpacifique.org\/edition2025\/wp-json\/wp\/v2\/types\/festival"}],"version-history":[{"count":1,"href":"https:\/\/www.rochefortpacifique.org\/edition2025\/wp-json\/wp\/v2\/festival\/5640\/revisions"}],"predecessor-version":[{"id":6588,"href":"https:\/\/www.rochefortpacifique.org\/edition2025\/wp-json\/wp\/v2\/festival\/5640\/revisions\/6588"}],"wp:featuredmedia":[{"embeddable":true,"href":"https:\/\/www.rochefortpacifique.org\/edition2025\/wp-json\/wp\/v2\/media\/5613"}],"wp:attachment":[{"href":"https:\/\/www.rochefortpacifique.org\/edition2025\/wp-json\/wp\/v2\/media?parent=5640"}],"wp:term":[{"taxonomy":"edition","embeddable":true,"href":"https:\/\/www.rochefortpacifique.org\/edition2025\/wp-json\/wp\/v2\/edition?post=5640"},{"taxonomy":"personnalite","embeddable":true,"href":"https:\/\/www.rochefortpacifique.org\/edition2025\/wp-json\/wp\/v2\/personnalite?post=5640"},{"taxonomy":"evenement","embeddable":true,"href":"https:\/\/www.rochefortpacifique.org\/edition2025\/wp-json\/wp\/v2\/evenement?post=5640"}],"curies":[{"name":"wp","href":"https:\/\/api.w.org\/{rel}","templated":true}]}}

<p><strong>Faustine LEFRANC</strong> est cinéaste et journaliste de Nouvelle-Calédonie. Après des études en droit débutées à l&rsquo;Université de Nouvelle-Calédonie puis des études en cinéma documentaire à Paris et des expériences vidéo en Europe et au Canada, elle revient en Nouvelle-Calédonie et début 2020, elle inaugure comme journaliste reporter d’images le bureau des îles Loyauté de la chaîne Calédonia, à Lifou. C’est l&rsquo;occasion d&rsquo;approfondir des questions qu&rsquo;elle se pose depuis son enfance à</p>



<p>Nouméa autour de l&rsquo;identité calédonienne, du vivre-ensemble, de la place des différentes communautés et des passerelles qui peuvent s&rsquo;inventer entre elles, en réalisant le film</p>



<p><strong>« Cemel, la vie ensemble » de 2023 qui est présenté par Festival Rochefort Pacifique.</strong></p>

<p>Faustine LEFRANC est cinéaste et journaliste de Nouvelle-Calédonie. Après des études en droit débutées à l&rsquo;Université de Nouvelle-Calédonie puis des études en cinéma documentaire à Paris et des expériences vidéo en Europe et au Canada, elle revient en Nouvelle-Calédonie et début 2020, elle inaugure comme journaliste reporter d’images le bureau des îles Loyauté de la [&hellip;]</p>

Faustine LEFRANC est cinéaste et journaliste de Nouvelle-Calédonie. Après des études en droit débutées à l&rsquo;Université de Nouvelle-Calédonie puis des études en cinéma documentaire à Paris et des expériences vidéo en Europe et au Canada, elle revient en Nouvelle-Calédonie et début 2020, elle inaugure comme journaliste reporter d’images le bureau des îles Loyauté de la…
