{"id":5639,"date":"2025-03-07T18:15:06","date_gmt":"2025-03-07T17:15:06","guid":{"rendered":"https:\/\/www.rochefortpacifique.org\/edition2025\/?post_type=festival&#038;p=5639"},"modified":"2025-03-28T10:10:48","modified_gmt":"2025-03-28T09:10:48","slug":"corinne-van-egeraat-petr-lom","status":"publish","type":"festival","link":"https:\/\/www.rochefortpacifique.org\/edition2025\/festival\/corinne-van-egeraat-petr-lom\/","title":{"rendered":"Corinne Van Egeraat &amp; Petr Lom"},"content":{"rendered":"\n<p><strong>Corinne van Egeraat et Petr Lom sont un couple de r\u00e9alisateurs de renomm\u00e9e internationale dont les \u0153uvres prim\u00e9es ont \u00e9t\u00e9 pr\u00e9sent\u00e9es en avant-premi\u00e8re \u00e0 Berlin, Venise, IDFA et Sundance et ont \u00e9t\u00e9 projet\u00e9es dans plus de 450 festivals \u00e0 travers le monde et diffus\u00e9es dans plus de 30 pays.<\/strong><\/p>\n\n\n\n<p>Ils sont tous deux membres de l\u2019 \u201cAcademy of Motion Picture Art &amp; Sciences\u201d (USA) et sont des boursiers du \u201cEdward Hillary Fellowship\u201d de Nouvelle-Z\u00e9lande, une bourse internationale d\u00e9di\u00e9e \u00e0 l&rsquo;impact climatique mondial.<br>Ils sont motiv\u00e9s par la n\u00e9cessit\u00e9 de cr\u00e9er des r\u00e9cits cr\u00e9atifs \u00e0 partager au moyen de films qui vous marquent. Sp\u00e9cialis\u00e9s dans les histoires d\u2019urgence qui refl\u00e8tent leurs valeurs de d\u00e9vouement \u00e0 la justice, ils travaillent avec un profond sens d&rsquo;humilit\u00e9 et de g\u00e9n\u00e9rosit\u00e9, consid\u00e9rant la narration comme une forme d&rsquo;amour et d&rsquo;amiti\u00e9, un acte de don et de partage.<br>Cet id\u00e9al de solidarit\u00e9 les a inspir\u00e9s \u00e0 travailler au Myanmar pendant la majeure partie des dix derni\u00e8res ann\u00e9es sur plusieurs films.<\/p>\n\n\n\n<p>Le film le plus r\u00e9ussi est \u201cMyanmar Diaries\u201d, qui a remport\u00e9 le prestigieux Berlinale Documentary Award, ainsi que quinze autres prix internationaux, un film hybride sur la vie quotidienne apr\u00e8s le coup d\u2019\u00c9tat militaire de 2022, r\u00e9alis\u00e9 avec dix jeunes cin\u00e9astes birmans anonymes. Ce film enti\u00e8rement sans g\u00e9n\u00e9rique incarne au mieux leur id\u00e9al de cin\u00e9ma sans ego : l\u2019\u00e9quipe internationale du film s\u2019est abstenue d\u2019\u00eatre cit\u00e9e publique par solidarit\u00e9 avec les cin\u00e9astes birmans anonymes.<br>Au cours des sept derni\u00e8res ann\u00e9es, ils ont \u00e9galement \u00e9largi leur champ d\u2019action pour travailler sur des histoires de justice climatique :<br>\u201cI Am The River, The River Is Me\u201d (2024), un film sur le fleuve Whanganui en Nouvelle-Z\u00e9lande, le premier fleuve au monde reconnu comme une personne morale.<br>\u201cThe Coriolis Effect\u201d (2025), un documentaire cr\u00e9atif sur notre monde qui \u00e9chappe \u00e0 tout contr\u00f4le, se d\u00e9roulant dans les \u00eeles du Cap-Vert, l\u00e0 o\u00f9 naissent les cyclones.<\/p>\n\n\n\n<p>Ces histoires sur les droits de la nature et le changement de notre relation au monde naturel sont en phase avec leurs propres valeurs, car ils vivent \u00e0 Schoonschip \u00e0 Amsterdam, la communaut\u00e9 de maisons flottantes la plus durable d&rsquo;Europe, d\u00e9velopp\u00e9e par une communaut\u00e9 de r\u00e9sidents partageant les m\u00eames id\u00e9es.<\/p>\n","protected":false},"excerpt":{"rendered":"<p>Corinne van Egeraat et Petr Lom sont un couple de r\u00e9alisateurs de renomm\u00e9e internationale dont les \u0153uvres prim\u00e9es ont \u00e9t\u00e9 pr\u00e9sent\u00e9es en avant-premi\u00e8re \u00e0 Berlin, Venise, IDFA et Sundance et ont \u00e9t\u00e9 projet\u00e9es dans plus de 450 festivals \u00e0 travers le monde et diffus\u00e9es dans plus de 30 pays. Ils sont tous deux membres de [&hellip;]<\/p>\n","protected":false},"featured_media":5612,"parent":0,"template":"","edition":[76],"personnalite":[79,80],"evenement":[],"class_list":["post-5639","festival","type-festival","status-publish","has-post-thumbnail","hentry","edition-76","personnalite-realisateur","personnalite-realisatrice"],"acf":[],"uagb_featured_image_src":{"full":["https:\/\/www.rochefortpacifique.org\/edition2025\/wp-content\/uploads\/sites\/3\/2025\/03\/CorinnePetr_05IanTheRiver.jpg",1920,1280,false],"thumbnail":["https:\/\/www.rochefortpacifique.org\/edition2025\/wp-content\/uploads\/sites\/3\/2025\/03\/CorinnePetr_05IanTheRiver-150x150.jpg",150,150,true],"medium":["https:\/\/www.rochefortpacifique.org\/edition2025\/wp-content\/uploads\/sites\/3\/2025\/03\/CorinnePetr_05IanTheRiver-300x200.jpg",300,200,true],"medium_large":["https:\/\/www.rochefortpacifique.org\/edition2025\/wp-content\/uploads\/sites\/3\/2025\/03\/CorinnePetr_05IanTheRiver-768x512.jpg",768,512,true],"large":["https:\/\/www.rochefortpacifique.org\/edition2025\/wp-content\/uploads\/sites\/3\/2025\/03\/CorinnePetr_05IanTheRiver-1024x683.jpg",800,534,true],"1536x1536":["https:\/\/www.rochefortpacifique.org\/edition2025\/wp-content\/uploads\/sites\/3\/2025\/03\/CorinnePetr_05IanTheRiver-1536x1024.jpg",1536,1024,true],"2048x2048":["https:\/\/www.rochefortpacifique.org\/edition2025\/wp-content\/uploads\/sites\/3\/2025\/03\/CorinnePetr_05IanTheRiver.jpg",1920,1280,false]},"uagb_author_info":{"display_name":"Julien Taureau","author_link":"https:\/\/www.rochefortpacifique.org\/edition2025\/author\/"},"uagb_comment_info":0,"uagb_excerpt":"Corinne van Egeraat et Petr Lom sont un couple de r\u00e9alisateurs de renomm\u00e9e internationale dont les \u0153uvres prim\u00e9es ont \u00e9t\u00e9 pr\u00e9sent\u00e9es en avant-premi\u00e8re \u00e0 Berlin, Venise, IDFA et Sundance et ont \u00e9t\u00e9 projet\u00e9es dans plus de 450 festivals \u00e0 travers le monde et diffus\u00e9es dans plus de 30 pays. Ils sont tous deux membres de\u2026","_links":{"self":[{"href":"https:\/\/www.rochefortpacifique.org\/edition2025\/wp-json\/wp\/v2\/festival\/5639","targetHints":{"allow":["GET"]}}],"collection":[{"href":"https:\/\/www.rochefortpacifique.org\/edition2025\/wp-json\/wp\/v2\/festival"}],"about":[{"href":"https:\/\/www.rochefortpacifique.org\/edition2025\/wp-json\/wp\/v2\/types\/festival"}],"version-history":[{"count":1,"href":"https:\/\/www.rochefortpacifique.org\/edition2025\/wp-json\/wp\/v2\/festival\/5639\/revisions"}],"predecessor-version":[{"id":6387,"href":"https:\/\/www.rochefortpacifique.org\/edition2025\/wp-json\/wp\/v2\/festival\/5639\/revisions\/6387"}],"wp:featuredmedia":[{"embeddable":true,"href":"https:\/\/www.rochefortpacifique.org\/edition2025\/wp-json\/wp\/v2\/media\/5612"}],"wp:attachment":[{"href":"https:\/\/www.rochefortpacifique.org\/edition2025\/wp-json\/wp\/v2\/media?parent=5639"}],"wp:term":[{"taxonomy":"edition","embeddable":true,"href":"https:\/\/www.rochefortpacifique.org\/edition2025\/wp-json\/wp\/v2\/edition?post=5639"},{"taxonomy":"personnalite","embeddable":true,"href":"https:\/\/www.rochefortpacifique.org\/edition2025\/wp-json\/wp\/v2\/personnalite?post=5639"},{"taxonomy":"evenement","embeddable":true,"href":"https:\/\/www.rochefortpacifique.org\/edition2025\/wp-json\/wp\/v2\/evenement?post=5639"}],"curies":[{"name":"wp","href":"https:\/\/api.w.org\/{rel}","templated":true}]}}

<p><strong>Corinne van Egeraat et Petr Lom sont un couple de réalisateurs de renommée internationale dont les œuvres primées ont été présentées en avant-première à Berlin, Venise, IDFA et Sundance et ont été projetées dans plus de 450 festivals à travers le monde et diffusées dans plus de 30 pays.</strong></p>



<p>Ils sont tous deux membres de l’ “Academy of Motion Picture Art &amp; Sciences” (USA) et sont des boursiers du “Edward Hillary Fellowship” de Nouvelle-Zélande, une bourse internationale dédiée à l&rsquo;impact climatique mondial.<br>Ils sont motivés par la nécessité de créer des récits créatifs à partager au moyen de films qui vous marquent. Spécialisés dans les histoires d’urgence qui reflètent leurs valeurs de dévouement à la justice, ils travaillent avec un profond sens d&rsquo;humilité et de générosité, considérant la narration comme une forme d&rsquo;amour et d&rsquo;amitié, un acte de don et de partage.<br>Cet idéal de solidarité les a inspirés à travailler au Myanmar pendant la majeure partie des dix dernières années sur plusieurs films.</p>



<p>Le film le plus réussi est “Myanmar Diaries”, qui a remporté le prestigieux Berlinale Documentary Award, ainsi que quinze autres prix internationaux, un film hybride sur la vie quotidienne après le coup d’État militaire de 2022, réalisé avec dix jeunes cinéastes birmans anonymes. Ce film entièrement sans générique incarne au mieux leur idéal de cinéma sans ego : l’équipe internationale du film s’est abstenue d’être citée publique par solidarité avec les cinéastes birmans anonymes.<br>Au cours des sept dernières années, ils ont également élargi leur champ d’action pour travailler sur des histoires de justice climatique :<br>“I Am The River, The River Is Me” (2024), un film sur le fleuve Whanganui en Nouvelle-Zélande, le premier fleuve au monde reconnu comme une personne morale.<br>“The Coriolis Effect” (2025), un documentaire créatif sur notre monde qui échappe à tout contrôle, se déroulant dans les îles du Cap-Vert, là où naissent les cyclones.</p>



<p>Ces histoires sur les droits de la nature et le changement de notre relation au monde naturel sont en phase avec leurs propres valeurs, car ils vivent à Schoonschip à Amsterdam, la communauté de maisons flottantes la plus durable d&rsquo;Europe, développée par une communauté de résidents partageant les mêmes idées.</p>

<p>Corinne van Egeraat et Petr Lom sont un couple de réalisateurs de renommée internationale dont les œuvres primées ont été présentées en avant-première à Berlin, Venise, IDFA et Sundance et ont été projetées dans plus de 450 festivals à travers le monde et diffusées dans plus de 30 pays. Ils sont tous deux membres de [&hellip;]</p>

Corinne van Egeraat et Petr Lom sont un couple de réalisateurs de renommée internationale dont les œuvres primées ont été présentées en avant-première à Berlin, Venise, IDFA et Sundance et ont été projetées dans plus de 450 festivals à travers le monde et diffusées dans plus de 30 pays. Ils sont tous deux membres de…
